{"id":386,"date":"2024-03-13T21:54:52","date_gmt":"2024-03-13T20:54:52","guid":{"rendered":"https:\/\/wi.pb.edu.pl\/35lat\/?page_id=386"},"modified":"2024-03-18T19:35:27","modified_gmt":"2024-03-18T18:35:27","slug":"regulamin-zgody","status":"publish","type":"page","link":"https:\/\/wi.pb.edu.pl\/35lat\/regulamin-zgody\/","title":{"rendered":"Regulamin \/ Zgody"},"content":{"rendered":"<h2>Utrwalanie i rozpowszechnianie wizerunku uczestnik\u00f3w wydarze\u0144 w ramach jubileuszu 35-lecia Wydzia\u0142u Informatyki PB<\/h2>\n<div>Podczas wydarze\u0144 b\u0119d\u0105 wykonywane fotografie.<\/div>\n<div>&nbsp;<\/div>\n<div>Wizerunek uczestnik\u00f3w przebywaj\u0105cych na terenie Politechniki Bia\u0142ostockiej mo\u017ce zosta\u0107 utrwalony zar\u00f3wno w formie zdj\u0119\u0107, jak i film\u00f3w, a nast\u0119pnie u\u017cyty dla cel\u00f3w dokumentacyjnych i promocyjnych przez Organizatora.<\/div>\n<div>&nbsp;<\/div>\n<div>Osoby, kt\u00f3re nie wyra\u017caj\u0105 zgody na utrwalenie ich wizerunku proszone s\u0105 o zg\u0142oszenie tego faktu bezpo\u015brednio fotografowi lub organizatorowi. Dalsze uczestniczenie w wydarzeniu bez powy\u017cszego zg\u0142oszenia, Administrator traktuje jako wyra\u017ane dzia\u0142anie potwierdzaj\u0105ce przyzwolenie na przetwarzanie wizerunku jako danej osobowej.<\/div>\n<div>&nbsp;<\/div>\n<div>\n<p><i>Organizatorem wydarze\u0144 jest Wydzia\u0142 Informatyki Politechniki Bia\u0142ostockiej. <\/i><\/p>\n<\/div>\n","protected":false},"excerpt":{"rendered":"<p>Utrwalanie i rozpowszechnianie wizerunku uczestnik\u00f3w wydarze\u0144 w ramach jubileuszu 35-lecia Wydzia\u0142u Informatyki PB Podczas wydarze\u0144<a class=\"read-more\" href=\"https:\/\/wi.pb.edu.pl\/35lat\/regulamin-zgody\/\" title=\"Poka\u017c artyku\u0142 Regulamin \/ Zgody\">wi\u0119cej<\/a><\/p>\n","protected":false},"author":2,"featured_media":0,"parent":0,"menu_order":7,"comment_status":"closed","ping_status":"closed","template":"","meta":{"inline_featured_image":false,"ngg_post_thumbnail":0,"footnotes":""},"class_list":["post-386","page","type-page","status-publish","hentry"],"acf":[],"yoast_head":"<!-- This site is optimized with the Yoast SEO plugin v26.4 - https:\/\/yoast.com\/wordpress\/plugins\/seo\/ -->\n<title>Regulamin \/ Zgody - Jubileusz 35-lat Wydzia\u0142u Informatyki<\/title>\n<meta name=\"robots\" content=\"index, follow, max-snippet:-1, max-image-preview:large, max-video-preview:-1\" \/>\n<link rel=\"canonical\" href=\"https:\/\/wi.pb.edu.pl\/35lat\/regulamin-zgody\/\" \/>\n<meta property=\"og:locale\" content=\"pl_PL\" \/>\n<meta property=\"og:type\" content=\"article\" \/>\n<meta property=\"og:title\" content=\"Regulamin \/ Zgody - Jubileusz 35-lat Wydzia\u0142u Informatyki\" \/>\n<meta property=\"og:description\" content=\"Utrwalanie i rozpowszechnianie wizerunku uczestnik\u00f3w wydarze\u0144 w ramach jubileuszu 35-lecia Wydzia\u0142u Informatyki PB Podczas wydarze\u0144wi\u0119cej\" \/>\n<meta property=\"og:url\" content=\"https:\/\/wi.pb.edu.pl\/35lat\/regulamin-zgody\/\" \/>\n<meta property=\"og:site_name\" content=\"Jubileusz 35-lat Wydzia\u0142u Informatyki\" \/>\n<meta property=\"article:modified_time\" content=\"2024-03-18T18:35:27+00:00\" \/>\n<meta name=\"twitter:card\" content=\"summary_large_image\" \/>\n<meta name=\"twitter:label1\" content=\"Szacowany czas czytania\" \/>\n\t<meta name=\"twitter:data1\" content=\"1 minuta\" \/>\n<script type=\"application\/ld+json\" class=\"yoast-schema-graph\">{\"@context\":\"https:\/\/schema.org\",\"@graph\":[{\"@type\":\"WebPage\",\"@id\":\"https:\/\/wi.pb.edu.pl\/35lat\/regulamin-zgody\/\",\"url\":\"https:\/\/wi.pb.edu.pl\/35lat\/regulamin-zgody\/\",\"name\":\"Regulamin \/ Zgody - Jubileusz 35-lat Wydzia\u0142u Informatyki\",\"isPartOf\":{\"@id\":\"https:\/\/wi.pb.edu.pl\/35lat\/#website\"},\"datePublished\":\"2024-03-13T20:54:52+00:00\",\"dateModified\":\"2024-03-18T18:35:27+00:00\",\"breadcrumb\":{\"@id\":\"https:\/\/wi.pb.edu.pl\/35lat\/regulamin-zgody\/#breadcrumb\"},\"inLanguage\":\"pl-PL\",\"potentialAction\":[{\"@type\":\"ReadAction\",\"target\":[\"https:\/\/wi.pb.edu.pl\/35lat\/regulamin-zgody\/\"]}]},{\"@type\":\"BreadcrumbList\",\"@id\":\"https:\/\/wi.pb.edu.pl\/35lat\/regulamin-zgody\/#breadcrumb\",\"itemListElement\":[{\"@type\":\"ListItem\",\"position\":1,\"name\":\"Strona g\u0142\u00f3wna\",\"item\":\"https:\/\/wi.pb.edu.pl\/35lat\/\"},{\"@type\":\"ListItem\",\"position\":2,\"name\":\"Regulamin \/ Zgody\"}]},{\"@type\":\"WebSite\",\"@id\":\"https:\/\/wi.pb.edu.pl\/35lat\/#website\",\"url\":\"https:\/\/wi.pb.edu.pl\/35lat\/\",\"name\":\"Jubileusz 35-lat Wydzia\u0142u Informatyki\",\"description\":\"\",\"potentialAction\":[{\"@type\":\"SearchAction\",\"target\":{\"@type\":\"EntryPoint\",\"urlTemplate\":\"https:\/\/wi.pb.edu.pl\/35lat\/?s={search_term_string}\"},\"query-input\":{\"@type\":\"PropertyValueSpecification\",\"valueRequired\":true,\"valueName\":\"search_term_string\"}}],\"inLanguage\":\"pl-PL\"}]}<\/script>\n<!-- \/ Yoast SEO plugin. -->","yoast_head_json":{"title":"Regulamin \/ Zgody - Jubileusz 35-lat Wydzia\u0142u Informatyki","robots":{"index":"index","follow":"follow","max-snippet":"max-snippet:-1","max-image-preview":"max-image-preview:large","max-video-preview":"max-video-preview:-1"},"canonical":"https:\/\/wi.pb.edu.pl\/35lat\/regulamin-zgody\/","og_locale":"pl_PL","og_type":"article","og_title":"Regulamin \/ Zgody - Jubileusz 35-lat Wydzia\u0142u Informatyki","og_description":"Utrwalanie i rozpowszechnianie wizerunku uczestnik\u00f3w wydarze\u0144 w ramach jubileuszu 35-lecia Wydzia\u0142u Informatyki PB Podczas wydarze\u0144wi\u0119cej","og_url":"https:\/\/wi.pb.edu.pl\/35lat\/regulamin-zgody\/","og_site_name":"Jubileusz 35-lat Wydzia\u0142u Informatyki","article_modified_time":"2024-03-18T18:35:27+00:00","twitter_card":"summary_large_image","twitter_misc":{"Szacowany czas czytania":"1 minuta"},"schema":{"@context":"https:\/\/schema.org","@graph":[{"@type":"WebPage","@id":"https:\/\/wi.pb.edu.pl\/35lat\/regulamin-zgody\/","url":"https:\/\/wi.pb.edu.pl\/35lat\/regulamin-zgody\/","name":"Regulamin \/ Zgody - Jubileusz 35-lat Wydzia\u0142u Informatyki","isPartOf":{"@id":"https:\/\/wi.pb.edu.pl\/35lat\/#website"},"datePublished":"2024-03-13T20:54:52+00:00","dateModified":"2024-03-18T18:35:27+00:00","breadcrumb":{"@id":"https:\/\/wi.pb.edu.pl\/35lat\/regulamin-zgody\/#breadcrumb"},"inLanguage":"pl-PL","potentialAction":[{"@type":"ReadAction","target":["https:\/\/wi.pb.edu.pl\/35lat\/regulamin-zgody\/"]}]},{"@type":"BreadcrumbList","@id":"https:\/\/wi.pb.edu.pl\/35lat\/regulamin-zgody\/#breadcrumb","itemListElement":[{"@type":"ListItem","position":1,"name":"Strona g\u0142\u00f3wna","item":"https:\/\/wi.pb.edu.pl\/35lat\/"},{"@type":"ListItem","position":2,"name":"Regulamin \/ Zgody"}]},{"@type":"WebSite","@id":"https:\/\/wi.pb.edu.pl\/35lat\/#website","url":"https:\/\/wi.pb.edu.pl\/35lat\/","name":"Jubileusz 35-lat Wydzia\u0142u Informatyki","description":"","potentialAction":[{"@type":"SearchAction","target":{"@type":"EntryPoint","urlTemplate":"https:\/\/wi.pb.edu.pl\/35lat\/?s={search_term_string}"},"query-input":{"@type":"PropertyValueSpecification","valueRequired":true,"valueName":"search_term_string"}}],"inLanguage":"pl-PL"}]}},"_links":{"self":[{"href":"https:\/\/wi.pb.edu.pl\/35lat\/wp-json\/wp\/v2\/pages\/386","targetHints":{"allow":["GET"]}}],"collection":[{"href":"https:\/\/wi.pb.edu.pl\/35lat\/wp-json\/wp\/v2\/pages"}],"about":[{"href":"https:\/\/wi.pb.edu.pl\/35lat\/wp-json\/wp\/v2\/types\/page"}],"author":[{"embeddable":true,"href":"https:\/\/wi.pb.edu.pl\/35lat\/wp-json\/wp\/v2\/users\/2"}],"replies":[{"embeddable":true,"href":"https:\/\/wi.pb.edu.pl\/35lat\/wp-json\/wp\/v2\/comments?post=386"}],"version-history":[{"count":7,"href":"https:\/\/wi.pb.edu.pl\/35lat\/wp-json\/wp\/v2\/pages\/386\/revisions"}],"predecessor-version":[{"id":451,"href":"https:\/\/wi.pb.edu.pl\/35lat\/wp-json\/wp\/v2\/pages\/386\/revisions\/451"}],"wp:attachment":[{"href":"https:\/\/wi.pb.edu.pl\/35lat\/wp-json\/wp\/v2\/media?parent=386"}],"curies":[{"name":"wp","href":"https:\/\/api.w.org\/{rel}","templated":true}]}}