{"id":360,"date":"2024-12-16T13:22:25","date_gmt":"2024-12-16T12:22:25","guid":{"rendered":"https:\/\/wi.pb.edu.pl\/bialjam\/?page_id=360"},"modified":"2024-12-17T18:17:09","modified_gmt":"2024-12-17T17:17:09","slug":"faq","status":"publish","type":"page","link":"https:\/\/wi.pb.edu.pl\/bialjam\/faq\/","title":{"rendered":"FAQ"},"content":{"rendered":"<p style=\"text-align: justify\"><strong>Co to za impreza?<\/strong><br \/>\nImpreza ma na celu przybli\u017cenie studentom i uczniom szk\u00f3\u0142 \u015brednich procesu tworzenia gier komputerowych oraz promowania gier, jako formy nie tylko rozrywki, ale tak\u017ce dzie\u0142a sztuki, formy ekspresji i nauki. Wydarzenie dzieli si\u0119 na dwie cz\u0119\u015bci: prelekcje znanych osobisto\u015bci ze \u015bwiata polskiego game devu oraz 48-godzinny game jam, b\u0119d\u0105cy nie tylko mo\u017cliwo\u015bci\u0105 wygrania ciekawych nagr\u00f3d, ale tak\u017ce sprawdzenia swoich umiej\u0119tno\u015bci i uzyskania opinii na temat swojej pracy od innych tw\u00f3rc\u00f3w.<\/p>\n<p style=\"text-align: justify\"><strong>Czy musz\u0119 przynie\u015b\u0107 w\u0142asny komputer?<\/strong><br \/>\nTak, dzia\u0142amy na zasadzie podobnej do wi\u0119kszo\u015bci game jam\u00f3w, tj. <em>BYOL<\/em> (<em>bring your own laptop<\/em>).<\/p>\n<p style=\"text-align: justify\"><strong>Czy udzia\u0142 jest p\u0142atny?<\/strong><br \/>\nUdzia\u0142 w konkursie jest bezp\u0142atny, jednak nie zapewniamy transportu do Bia\u0142egostoku.<\/p>\n<p><strong>Ile os\u00f3b mo\u017ce by\u0107 w dru\u017cynie?<\/strong><br \/>\nDru\u017cyny s\u0105 maksymalnie 5-osobowe, mo\u017cna te\u017c startowa\u0107 samemu.<\/p>\n<p style=\"text-align: justify\"><strong>Nie jestem programist\u0105, czy mog\u0119 wzi\u0105\u0107 udzia\u0142 w konkursie?<\/strong><br \/>\nOczywi\u015bcie. W procesie tworzenia typowych gier bierze udzia\u0142 wiele os\u00f3b: graficy, muzycy, testerzy, projektanci poziom\u00f3w. O ile spodziewamy si\u0119&nbsp;liczebnej przewagi programist\u00f3w i mo\u017cna u\u017cywa\u0107 darmowych zasob\u00f3w udost\u0119pnionych w sieci, aplikacje korzystaj\u0105ce z autorskich materia\u0142\u00f3w mog\u0105 by\u0107 lepiej oceniane lub kwalifikowa\u0107 si\u0119 do nagr\u00f3d specjalnych.<\/p>\n<p style=\"text-align: justify\"><strong>Nie mam dru\u017cyny, czy mog\u0119 si\u0119 zarejestrowa\u0107?<\/strong><br \/>\nTak. Przed samym konkursem b\u0119dzie czas na zapoznanie si\u0119 z uczestnikami i ostateczny wyb\u00f3r dru\u017cyny. Mo\u017cesz te\u017c poszuka\u0107 wsp\u00f3\u0142towarzyszy na specjalnej <a href=\"https:\/\/www.facebook.com\/groups\/2104397183137423\">grupie<\/a> od tego lub wpadnij na naszego <a href=\"https:\/\/discord.gg\/XFZKj5FBpw\">Discorda <\/a>.<\/p>\n<p style=\"text-align: justify\"><strong>Czy s\u0105 jakie\u015b ograniczenia co do platformy, na jak\u0105 musz\u0119 stworzy\u0107 gr\u0119?<\/strong><br \/>\nI tak, i nie. Platforma jest dowolna, jednak nale\u017cy wzi\u0105\u0107 pod uwag\u0119, \u017ce stworzon\u0105 aplikacji trzeba pokaza\u0107 innym uczestnikom przed g\u0142osowaniem. Mo\u017cna tworzy\u0107 pod wi\u0119kszo\u015b\u0107 popularnych system\u00f3w operacyjnych oraz platform mobilnych \u2013 byle nie by\u0142y zbyt \u201eegzotyczne\u201d albo zosta\u0142y zapewnione przez uczestnik\u00f3w. Najlepiej, aby gra by\u0142a dost\u0119pna na kilka platform. Najprawdopodobniej komputery udost\u0119pnione w celu pokazania gier b\u0119d\u0105 korzysta\u0142y z systemu Windows.<\/p>\n<p style=\"text-align: justify\"><strong>Czy kod \u017ar\u00f3d\u0142owy b\u0119dzie dost\u0119pny publicznie?<\/strong><br \/>\nTak. Pliki \u017ar\u00f3d\u0142owe stworzone w ramach konkursu \u2013 oraz wszelkie autorskie zasoby \u2013 musz\u0105 zosta\u0107 udost\u0119pnione na wybranej licencji <a href=\"https:\/\/creativecommons.org\/licenses\/\">Creative Commons<\/a> (w tym <a href=\"https:\/\/creativecommons.org\/publicdomain\/zero\/1.0\/\">CC0<\/a>). Na podobnej zasadzie dzia\u0142a wiele popularnych jam\u00f3w. Zale\u017cy nam, aby utworzone projekty by\u0142y \u017ar\u00f3d\u0142em inspiracji oraz materia\u0142ami pomocniczymi dla os\u00f3b, kt\u00f3re rozpoczynaj\u0105 swoj\u0105 karier\u0119 z tworzeniem gier.<\/p>\n<p style=\"text-align: justify\"><strong>Czy mog\u0119 u\u017cywa\u0107 dowolnych narz\u0119dzi do tworzenia gier i zasob\u00f3w?<\/strong><br \/>\nPod warunkiem, \u017ce efekty prac mo\u017cna udost\u0119pni\u0107 na licencji <em>Creative Commons<\/em> \u2013 tak. Nale\u017cy unika\u0107 silnik\u00f3w i framework\u00f3w, kt\u00f3re nie maj\u0105 og\u00f3lnodost\u0119pnej darmowej wersji.<\/p>\n<p style=\"text-align: justify\"><strong>Czy wyk\u0142ady poprzedzaj\u0105ce konkurs b\u0119d\u0105 otwarte?<\/strong><br \/>\nTak, wyk\u0142ady b\u0119d\u0105 otwarte dla wszystkich os\u00f3b zainteresowanych ich tematyk\u0105.<\/p>\n<p style=\"text-align: justify\"><strong>Jestem spoza Bia\u0142egostoku, czy mog\u0119 uczestniczy\u0107 w BialJamie?<\/strong><br \/>\nWystarczy by\u0107 osob\u0105 pe\u0142noletni\u0105, nie ma \u017cadnych wymaga\u0144 co do miejsca zamieszkania czy nawet bycia studentem naszej uczelni.<\/p>\n<p style=\"text-align: justify\"><strong>Jestem niepe\u0142noletni, czy mog\u0119 uczestniczy\u0107 w BialJamie?<\/strong><br \/>\nTak, jednak osoby poni\u017cej 18 roku \u017cycia potrzebuj\u0105 pisemnej zgody rodzica b\u0105d\u017a opiekuna prawnego.<\/p>\n<p style=\"text-align: justify\"><strong>Potrzebuj\u0119 dodatkowo komputera\/ g\u0142o\u015bnik\u00f3w\/ monitora\/ klawiatury\/ joystick\u00f3w\/ modemu\/ innego urz\u0105dzenia, co mog\u0119 zrobi\u0107?<\/strong><br \/>\nJe\u017celi wyst\u0119puje potrzeba nietypowego sprz\u0119tu, prosimy o wspomnienie o tym w uwagach podczas wype\u0142niania formularza zg\u0142oszeniowego albo o indywidualny kontakt. W przeciwnym wypadku nie gwarantujemy pomocy w tym zakresie.<\/p>\n<p style=\"text-align: justify\"><strong>Jak wygl\u0105da kwestia noclegu?<\/strong><br \/>\nUdost\u0119pnimy sal\u0119 na terenie Wydzia\u0142u Informatyki, w kt\u00f3rej b\u0119dzie mo\u017cna zorganizowa\u0107 sobie nocleg (we w\u0142asnym zakresie). Nocleg poza uczelni\u0105 uczestnicy musz\u0105 zorganizowa\u0107 sobie samodzielnie.<\/p>\n<p style=\"text-align: justify\"><strong>Czy mog\u0119 zako\u0144czy\u0107 udzia\u0142 w konkursie przed czasem?<\/strong><br \/>\nW razie potrzeby wcze\u015bniejszego przerwania udzia\u0142u w konkursie spraw\u0119 trzeba uzgodni\u0107 z organizatorami. Mo\u017cna opuszcza\u0107 teren uczelni podczas konkursu, ale organizatorzy nie odpowiadaj\u0105 za zostawione przedmioty.<\/p>\n<p style=\"text-align: justify\"><strong>Mam pytanie, kt\u00f3rego nie ma powy\u017cej. Co zrobi\u0107?<\/strong><br \/>\nOdwied\u017a zak\u0142adk\u0119 \u201eKontakt\u201d i daj nam zna\u0107.<\/p>\n","protected":false},"excerpt":{"rendered":"<p>Co to za impreza? Impreza ma na celu przybli\u017cenie studentom i uczniom szk\u00f3\u0142 \u015brednich procesu<a class=\"read-more\" href=\"https:\/\/wi.pb.edu.pl\/bialjam\/faq\/\" title=\"Poka\u017c artyku\u0142 FAQ\">wi\u0119cej<\/a><\/p>\n","protected":false},"author":12,"featured_media":0,"parent":0,"menu_order":0,"comment_status":"closed","ping_status":"closed","template":"","meta":{"inline_featured_image":false,"ngg_post_thumbnail":0,"footnotes":""},"class_list":["post-360","page","type-page","status-publish","hentry"],"acf":[],"yoast_head":"<!-- This site is optimized with the Yoast SEO plugin v26.4 - https:\/\/yoast.com\/wordpress\/plugins\/seo\/ -->\n<title>FAQ - BialJam<\/title>\n<meta name=\"robots\" content=\"index, follow, max-snippet:-1, max-image-preview:large, max-video-preview:-1\" \/>\n<link rel=\"canonical\" href=\"https:\/\/wi.pb.edu.pl\/bialjam\/faq\/\" \/>\n<meta property=\"og:locale\" content=\"pl_PL\" \/>\n<meta property=\"og:type\" content=\"article\" \/>\n<meta property=\"og:title\" content=\"FAQ - BialJam\" \/>\n<meta property=\"og:description\" content=\"Co to za impreza? Impreza ma na celu przybli\u017cenie studentom i uczniom szk\u00f3\u0142 \u015brednich procesuwi\u0119cej\" \/>\n<meta property=\"og:url\" content=\"https:\/\/wi.pb.edu.pl\/bialjam\/faq\/\" \/>\n<meta property=\"og:site_name\" content=\"BialJam\" \/>\n<meta property=\"article:modified_time\" content=\"2024-12-17T17:17:09+00:00\" \/>\n<meta name=\"twitter:card\" content=\"summary_large_image\" \/>\n<meta name=\"twitter:label1\" content=\"Szacowany czas czytania\" \/>\n\t<meta name=\"twitter:data1\" content=\"4 minuty\" \/>\n<script type=\"application\/ld+json\" class=\"yoast-schema-graph\">{\"@context\":\"https:\/\/schema.org\",\"@graph\":[{\"@type\":\"WebPage\",\"@id\":\"https:\/\/wi.pb.edu.pl\/bialjam\/faq\/\",\"url\":\"https:\/\/wi.pb.edu.pl\/bialjam\/faq\/\",\"name\":\"FAQ - BialJam\",\"isPartOf\":{\"@id\":\"https:\/\/wi.pb.edu.pl\/bialjam\/#website\"},\"datePublished\":\"2024-12-16T12:22:25+00:00\",\"dateModified\":\"2024-12-17T17:17:09+00:00\",\"breadcrumb\":{\"@id\":\"https:\/\/wi.pb.edu.pl\/bialjam\/faq\/#breadcrumb\"},\"inLanguage\":\"pl-PL\",\"potentialAction\":[{\"@type\":\"ReadAction\",\"target\":[\"https:\/\/wi.pb.edu.pl\/bialjam\/faq\/\"]}]},{\"@type\":\"BreadcrumbList\",\"@id\":\"https:\/\/wi.pb.edu.pl\/bialjam\/faq\/#breadcrumb\",\"itemListElement\":[{\"@type\":\"ListItem\",\"position\":1,\"name\":\"Strona g\u0142\u00f3wna\",\"item\":\"https:\/\/wi.pb.edu.pl\/bialjam\/\"},{\"@type\":\"ListItem\",\"position\":2,\"name\":\"FAQ\"}]},{\"@type\":\"WebSite\",\"@id\":\"https:\/\/wi.pb.edu.pl\/bialjam\/#website\",\"url\":\"https:\/\/wi.pb.edu.pl\/bialjam\/\",\"name\":\"BialJam\",\"description\":\"Bia\u0142ostocki Konkurs Tworzenia Gier \",\"potentialAction\":[{\"@type\":\"SearchAction\",\"target\":{\"@type\":\"EntryPoint\",\"urlTemplate\":\"https:\/\/wi.pb.edu.pl\/bialjam\/?s={search_term_string}\"},\"query-input\":{\"@type\":\"PropertyValueSpecification\",\"valueRequired\":true,\"valueName\":\"search_term_string\"}}],\"inLanguage\":\"pl-PL\"}]}<\/script>\n<!-- \/ Yoast SEO plugin. -->","yoast_head_json":{"title":"FAQ - BialJam","robots":{"index":"index","follow":"follow","max-snippet":"max-snippet:-1","max-image-preview":"max-image-preview:large","max-video-preview":"max-video-preview:-1"},"canonical":"https:\/\/wi.pb.edu.pl\/bialjam\/faq\/","og_locale":"pl_PL","og_type":"article","og_title":"FAQ - BialJam","og_description":"Co to za impreza? Impreza ma na celu przybli\u017cenie studentom i uczniom szk\u00f3\u0142 \u015brednich procesuwi\u0119cej","og_url":"https:\/\/wi.pb.edu.pl\/bialjam\/faq\/","og_site_name":"BialJam","article_modified_time":"2024-12-17T17:17:09+00:00","twitter_card":"summary_large_image","twitter_misc":{"Szacowany czas czytania":"4 minuty"},"schema":{"@context":"https:\/\/schema.org","@graph":[{"@type":"WebPage","@id":"https:\/\/wi.pb.edu.pl\/bialjam\/faq\/","url":"https:\/\/wi.pb.edu.pl\/bialjam\/faq\/","name":"FAQ - BialJam","isPartOf":{"@id":"https:\/\/wi.pb.edu.pl\/bialjam\/#website"},"datePublished":"2024-12-16T12:22:25+00:00","dateModified":"2024-12-17T17:17:09+00:00","breadcrumb":{"@id":"https:\/\/wi.pb.edu.pl\/bialjam\/faq\/#breadcrumb"},"inLanguage":"pl-PL","potentialAction":[{"@type":"ReadAction","target":["https:\/\/wi.pb.edu.pl\/bialjam\/faq\/"]}]},{"@type":"BreadcrumbList","@id":"https:\/\/wi.pb.edu.pl\/bialjam\/faq\/#breadcrumb","itemListElement":[{"@type":"ListItem","position":1,"name":"Strona g\u0142\u00f3wna","item":"https:\/\/wi.pb.edu.pl\/bialjam\/"},{"@type":"ListItem","position":2,"name":"FAQ"}]},{"@type":"WebSite","@id":"https:\/\/wi.pb.edu.pl\/bialjam\/#website","url":"https:\/\/wi.pb.edu.pl\/bialjam\/","name":"BialJam","description":"Bia\u0142ostocki Konkurs Tworzenia Gier ","potentialAction":[{"@type":"SearchAction","target":{"@type":"EntryPoint","urlTemplate":"https:\/\/wi.pb.edu.pl\/bialjam\/?s={search_term_string}"},"query-input":{"@type":"PropertyValueSpecification","valueRequired":true,"valueName":"search_term_string"}}],"inLanguage":"pl-PL"}]}},"_links":{"self":[{"href":"https:\/\/wi.pb.edu.pl\/bialjam\/wp-json\/wp\/v2\/pages\/360","targetHints":{"allow":["GET"]}}],"collection":[{"href":"https:\/\/wi.pb.edu.pl\/bialjam\/wp-json\/wp\/v2\/pages"}],"about":[{"href":"https:\/\/wi.pb.edu.pl\/bialjam\/wp-json\/wp\/v2\/types\/page"}],"author":[{"embeddable":true,"href":"https:\/\/wi.pb.edu.pl\/bialjam\/wp-json\/wp\/v2\/users\/12"}],"replies":[{"embeddable":true,"href":"https:\/\/wi.pb.edu.pl\/bialjam\/wp-json\/wp\/v2\/comments?post=360"}],"version-history":[{"count":3,"href":"https:\/\/wi.pb.edu.pl\/bialjam\/wp-json\/wp\/v2\/pages\/360\/revisions"}],"predecessor-version":[{"id":375,"href":"https:\/\/wi.pb.edu.pl\/bialjam\/wp-json\/wp\/v2\/pages\/360\/revisions\/375"}],"wp:attachment":[{"href":"https:\/\/wi.pb.edu.pl\/bialjam\/wp-json\/wp\/v2\/media?parent=360"}],"curies":[{"name":"wp","href":"https:\/\/api.w.org\/{rel}","templated":true}]}}