{"id":41,"date":"2024-01-28T21:14:51","date_gmt":"2024-01-28T20:14:51","guid":{"rendered":"https:\/\/wi.pb.edu.pl\/dzemik\/?page_id=41"},"modified":"2025-04-03T09:48:18","modified_gmt":"2025-04-03T07:48:18","slug":"konkurs-2024","status":"publish","type":"page","link":"https:\/\/wi.pb.edu.pl\/dzemik\/konkurs-2024\/","title":{"rendered":"D\u017cemik 2024"},"content":{"rendered":"<h2>D\u017cemik 2024 &#8211; wyniki<\/h2>\n<p>(29.05.2024 r.)<\/p>\n<p><strong>Drodzy Uczestnicy,<\/strong><\/p>\n<p>Mamy niezwyk\u0142\u0105 przyjemno\u015b\u0107 og\u0142osi\u0107 zwyci\u0119zc\u00f3w tegorocznej edycji naszego konkursu <strong>D\u017cemik<\/strong>. Jeszcze raz dzi\u0119kujemy wszystkim za udzia\u0142, za Wasze zaanga\u017cowanie, pasj\u0119 i kreatywno\u015b\u0107. Ogl\u0105danie Waszych gier sprawi\u0142o nam mn\u00f3stwo rado\u015bci.<\/p>\n<p>Serdecznie gratulujemy zwyci\u0119zcom. Oto lista zespo\u0142\u00f3w, kt\u00f3re zdoby\u0142y najwy\u017csze wyr\u00f3\u017cnienia w drugim etapie konkursu:<\/p>\n<p><strong>W kategorii Junior:<\/strong><\/p>\n<ul>\n<li>Miejsce<strong> PIERWSZE<\/strong> \u2013 <strong>Micha\u0142 G\u00f3rczy\u0144ski<\/strong> z Katolickiej Szko\u0142y Podstawowej im. Matki Bo\u017cej Mi\u0142osierdzia w Bia\u0142ymstoku \u2013 za gr\u0119 pod tytu\u0142em <strong>\u201e35 tajemniczych pokoi\u201d<\/strong><\/li>\n<li>Miejsce<strong> DRUGIE<\/strong> \u2013 Dru\u017cyna \u201eWr\u00f3belki\u201d czyli <strong>Micha\u0142 Wr\u00f3blewski<\/strong> i <strong>Krzysztof Wr\u00f3blewski<\/strong> ze Szko\u0142y podstawowej imienia \u015aw. Jana De La Salle \u2013 za gr\u0119 pod tytu\u0142em <strong>\u201eKolonizacja Neutrona 35\u201d<\/strong><\/li>\n<li>Miejsce<strong> TRZECIE<\/strong> \u2013 Dru\u017cyna \u201ePapier i Plastik\u201d czyli <strong>Jakub Tankiewicz<\/strong> i <strong>Miko\u0142aj Wali\u015b<\/strong> ze Szko\u0142y katolickiej im. Matki Bo\u017cej Mi\u0142osierdzia w Bia\u0142ymstoku oraz Szko\u0142y Podstawowej im. \u015bw. Kazimierza Kr\u00f3lewicza w Bia\u0142ymstoku \u2013 za gr\u0119 pod tytu\u0142em <strong>\u201eFox35\u201d<\/strong><\/li>\n<li><strong>Wyr\u00f3\u017cnienie<\/strong> \u2013 <strong>Bartosz Kujawa<\/strong> ze Szko\u0142y Podstawowej nr 50 z Oddzia\u0142ami Integracyjnymi im. \u015awi\u0119tej Jadwigi Kr\u00f3lowej Polski w Bia\u0142ymstoku \u2013 za gr\u0119 pod tytu\u0142em <strong>\u201e35 ciekawostek o WIPB\u201d<\/strong><\/li>\n<li><strong>Wyr\u00f3\u017cnienie<\/strong> \u2013 Dru\u017cyna \u201eSi\u00f3demka\u201d czyli <strong>Bartosz J\u00f3\u017awiak<\/strong> ze Szko\u0142y Podstawowej nr 7, im. Hugona Ko\u0142\u0142\u0105taja w Bia\u0142ymstoku \u2013 za gr\u0119 pod tytu\u0142em <strong>\u201e35 Kr\u00f3lik\u00f3w\u201d<\/strong><\/li>\n<li><strong>Wyr\u00f3\u017cnienie<\/strong> \u2013 Dru\u017cyna \u201eSebastian\u201d czyli <strong>Sebastian Janiuk<\/strong> ze Szko\u0142y Podstawowej nr 11 z Oddzia\u0142ami Integracyjnymi im Kornela Makuszy\u0144skiego w Bia\u0142ymstoku \u2013 za gr\u0119 pod tytu\u0142em <strong>\u201eNumber Battle\u201d<\/strong><\/li>\n<li><strong>Wyr\u00f3\u017cnienie<\/strong> \u2013 Dru\u017cyna &#8222;misja2&#8221; czyli <strong>Adam Ko\u0142dys<\/strong> i <strong>Aleksandra Ko\u0142dys<\/strong> ze Szko\u0142y Podstawowej Si\u00f3str Misjonarek \u015awi\u0119tej Rodziny \u2013 za gr\u0119 pod tytu\u0142em <strong>\u201eDrones\u201d<\/strong><\/li>\n<\/ul>\n<p><strong>W kategorii Kadet:<\/strong><\/p>\n<ul>\n<li>Miejsce<strong> PIERWSZE<\/strong> \u2013 Dru\u017cyna &#8222;Koderska Kampania&#8221; czyli <strong>Mi\u0142osz Tylenda<\/strong> i <strong>Igor Wilk<\/strong> ze Szko\u0142a Podstawowa nr 11 z Oddzia\u0142ami Integracyjnymi im gen. bryg. pil. Witolda Urbanowicz w Suwa\u0142kach \u2013 za gr\u0119 pod tytu\u0142em <strong>\u201eGdzie jest 5?\u201d<\/strong><\/li>\n<li>Miejsce<strong> DRUGIE<\/strong> \u2013 <strong>Kacper Ryszkiewicz<\/strong> z Prywatnej Szko\u0142y Podstawowej nr 8 im. M. Konopnickiej \u2013 za gr\u0119 pod tytu\u0142em <strong>\u201eLet Me Out\u201d<\/strong><\/li>\n<li>Miejsce<strong> TRZECIE<\/strong> \u2013 <strong>Julia Bajena<\/strong> ze Szko\u0142y Podstawowej nr 53 w Bia\u0142ystoku \u2013 za gr\u0119 pod tytu\u0142em <strong>\u201eProjekt 35\u201d<\/strong><\/li>\n<li><strong>Wyr\u00f3\u017cnienie<\/strong> \u2013 Dru\u017cyna &#8222;Darkness&#8221; czyli <strong>Daniel Kalitka<\/strong> ze Szko\u0142y Podstawowej nr 13 z Oddzia\u0142ami Integracyjnymi im. Kr\u00f3la Stanis\u0142awa Leszczy\u0144skiego w Lesznie \u2013 za gr\u0119 pod tytu\u0142em <strong>\u201eMathematical Mayhem\u201d<\/strong><\/li>\n<\/ul>\n<p><strong>W kategorii Senior:<\/strong><\/p>\n<ul>\n<li>Miejsce<strong> PIERWSZE<\/strong> \u2013 Dru\u017cyna &#8222;iHaNi&#8221; czyli <strong>Piotr Kossakowski<\/strong> i <strong>Gabriel Romaniuk<\/strong> z Akademickiego Liceum Og\u00f3lnokszta\u0142c\u0105cego Politechniki Bia\u0142ostockiej \u2013 za gr\u0119 pod tytu\u0142em <strong>\u201eCathematics\u201d<\/strong><\/li>\n<li>Miejsce<strong> DRUGIE<\/strong> \u2013 Dru\u017cyna &#8222;R&amp;B&#8221; czyli <strong>Ryszard Konopko<\/strong> i <strong>Micha\u0142 Jan Buczy\u0144ski<\/strong> z Liceum Og\u00f3lnokszta\u0142c\u0105cego Politechniki Bia\u0142ostockiej \u2013 za gr\u0119 pod tytu\u0142em <strong>\u201ePB Defense <\/strong><strong>\u200b<\/strong><strong>czyli<\/strong><strong>\u200b <\/strong><strong>Walka z Kolosem<\/strong><strong>\u200b<\/strong><strong>\u201d<\/strong><\/li>\n<li>Miejsce<strong> TRZECIE<\/strong> \u2013 Dru\u017cyna &#8222;GameReal Studios&#8221; czyli <strong>Dawid Krzysztof \u017bukiewicz<\/strong> i <strong>Dominik Grycel<\/strong> z Zespo\u0142u Szk\u00f3\u0142 Zawodowych im. Elizy Orzeszkowej \u2013 za gr\u0119 pod tytu\u0142em <strong>\u201eProjekt 35\u201d<\/strong><\/li>\n<li><strong>Wyr\u00f3\u017cnienie<\/strong> \u2013 Dru\u017cyna &#8222;Unisound&#8221; czyli <strong>Bartosz Cyrynowski<\/strong> i <strong>Bartosz Lubosz Ku\u0107<\/strong> z Akademickiego Liceum Og\u00f3lnokszta\u0142c\u0105cego Politechniki Bia\u0142ostockiej \u2013 za gr\u0119 pod tytu\u0142em <strong>\u201eStrefa 35\u201d<\/strong><\/li>\n<\/ul>\n<p>Gratulujemy i dzi\u0119kujemy. Mamy nadziej\u0119, \u017ce dobrze si\u0119 bawili\u015bcie podczas tworzenia swoich projekt\u00f3w, jak i w trakcie drugiego etapu oraz gali. Mamy te\u017c nadziej\u0119, \u017ce nagrody i wyr\u00f3\u017cnienia sprawi\u0105 Wam przyjemno\u015b\u0107, by\u015bcie wci\u0105\u017c odnajdywali w sobie motywacj\u0119 do tworzenia.<\/p>\n<p>Zapraszamy Was serdecznie za rok, na kolejn\u0105 edycj\u0119 D\u017cemika! B\u0105d\u017acie gotowi na nowe wyzwania i kolejn\u0105 porcj\u0119 kreatywnej zabawy.<\/p>\n<p>Dzi\u0119kujemy jeszcze raz i gratulujemy wszystkim uczestnikom!<\/p>\n<p>Z wyrazami uznania,<\/p>\n<p>Zesp\u00f3\u0142 Organizacyjny D\u017cemika 2024<\/p>\n<h2>Wyniki pierwszego etapu konkursu<\/h2>\n<p>(22.05.2024 r.)<br \/>\n&nbsp;<\/p>\n<p><strong>Drodzy Uczestnicy,<\/strong><\/p>\n<p>Mamy zaszczyt og\u0142osi\u0107, \u017ce etap pierwszy konkursu <strong>D\u017cemik 2024<\/strong> zosta\u0142 zako\u0144czony! Chcieliby\u015bmy serdecznie podzi\u0119kowa\u0107 wszystkim uczestnikom za przes\u0142ane gry &#8211; by\u0142y one niezwykle interesuj\u0105ce, a jury z przyjemno\u015bci\u0105 w nie gra\u0142o. Wasz wysoki poziom kreatywno\u015bci i zaanga\u017cowania sprawi\u0142, \u017ce proces oceny by\u0142 niezwykle inspiruj\u0105cy.<\/p>\n<p>Cieszymy si\u0119 ogromnie, \u017ce mieli\u015bmy okazj\u0119 zapozna\u0107 si\u0119 z Waszymi projektami i do\u015bwiadczy\u0107 Waszej pasji do tworzenia gier komputerowych.<\/p>\n<p>Oto lista dru\u017cyn, kt\u00f3re zakwalifikowa\u0142y si\u0119 do drugiego etapu konkursu:<\/p>\n<p><strong>W kategorii Junior:<\/strong><\/p>\n<ul>\n<li>Dru\u017cyna \u201eSi\u00f3demka\u201d czyli <strong>Bartosz J\u00f3\u017awiak<\/strong> ze Szko\u0142y Podstawowej nr 7, im. Hugona Ko\u0142\u0142\u0105taja w Bia\u0142ymstoku<\/li>\n<li><strong>Bartosz Kujawa<\/strong> ze Szko\u0142y Podstawowej nr 50 z Oddzia\u0142ami Integracyjnymi im. \u015awi\u0119tej Jadwigi Kr\u00f3lowej Polski w Bia\u0142ymstoku<\/li>\n<li>Dru\u017cyna \u201ePapier i Plastik\u201d czyli <strong>Jakub Tankiewicz<\/strong> i <strong>Miko\u0142aj Wali\u015b<\/strong> ze Szko\u0142y katolickiej im. Matki Bo\u017cej Mi\u0142osierdzia w Bia\u0142ymstoku oraz Szko\u0142y Podstawowej im. \u015bw. Kazimierza Kr\u00f3lewicza w Bia\u0142ymstoku<\/li>\n<li><strong>Micha\u0142 G\u00f3rczy\u0144ski<\/strong> z Katolickiej Szko\u0142y Podstawowej im. Matki Bo\u017cej Mi\u0142osierdzia w Bia\u0142ymstoku<\/li>\n<li>Dru\u017cyna \u201eWr\u00f3belki\u201d czyli <strong>Micha\u0142 Wr\u00f3blewski<\/strong> i <strong>Krzysztof Wr\u00f3blewski<\/strong> ze Szko\u0142y podstawowej imienia \u015aw. Jana De La Salle<\/li>\n<li>Dru\u017cyna \u201eSebastian\u201d czyli <strong>Sebastian Janiuk<\/strong> ze Szko\u0142y Podstawowej nr 11 z Oddzia\u0142ami Integracyjnymi im Kornela Makuszy\u0144skiego w Bia\u0142ymstoku<\/li>\n<\/ul>\n<p><strong>W kategorii Kadet:<\/strong><\/p>\n<ul>\n<li>Dru\u017cyna &#8222;misja2&#8221; czyli <strong>Adam Ko\u0142dys<\/strong> i <strong>Aleksandra Ko\u0142dys<\/strong> ze Szko\u0142y Podstawowej Si\u00f3str Misjonarek \u015awi\u0119tej Rodziny<\/li>\n<li>Dru\u017cyna &#8222;Darkness&#8221; czyli <strong>Daniel Kalitka<\/strong> ze Szko\u0142y Podstawowej nr 13 z Oddzia\u0142ami Integracyjnymi im. Kr\u00f3la Stanis\u0142awa Leszczy\u0144skiego w Lesznie<\/li>\n<li><strong>Julia Bajena<\/strong> ze Szko\u0142y Podstawowej nr 53 w Bia\u0142ystoku<\/li>\n<li><strong>Kacper Ryszkiewicz<\/strong> z Prywatnej Szko\u0142y Podstawowej nr 8 im. M. Konopnickiej<\/li>\n<li>Dru\u017cyna &#8222;Koderska Kampania&#8221; czyli <strong>Mi\u0142osz Tylenda<\/strong> i <strong>Igor Wilk<\/strong> ze Szko\u0142a Podstawowa nr 11 z Oddzia\u0142ami Integracyjnymi im gen. bryg. pil. Witolda Urbanowicz w Suwa\u0142kach<\/li>\n<\/ul>\n<p><strong>W kategorii Senior:<\/strong><\/p>\n<ul>\n<li>Dru\u017cyna &#8222;Unisound&#8221; czyli <strong>Bartosz Cyrynowski<\/strong> i <strong>Bartosz Lubosz Ku\u0107<\/strong> z Akademickiego Liceum Og\u00f3lnokszta\u0142c\u0105cego Politechniki Bia\u0142ostockiej<\/li>\n<li>Dru\u017cyna &#8222;GameReal Studios&#8221; czyli <strong>Dawid Krzysztof \u017bukiewicz<\/strong> i <strong>Dominik Grycel<\/strong> z Zespo\u0142u Szk\u00f3\u0142 Zawodowych im. Elizy Orzeszkowej<\/li>\n<li>Dru\u017cyna &#8222;iHaNi&#8221; czyli <strong>Piotr Kossakowski<\/strong> i <strong>Gabriel Romaniuk<\/strong> z Akademickiego Liceum Og\u00f3lnokszta\u0142c\u0105cego Politechniki Bia\u0142ostockiej<\/li>\n<li>Dru\u017cyna &#8222;R&amp;B&#8221; czyli <strong>Ryszard Konopko<\/strong> i <strong>Micha\u0142 Jan Buczy\u0144ski<\/strong> z Liceum Og\u00f3lnokszta\u0142c\u0105cego Politechniki Bia\u0142ostockiej<\/li>\n<\/ul>\n<p>Serdecznie gratulujemy wszystkim zakwalifikowanym! Jest to wielkie osi\u0105gni\u0119cie, za kt\u00f3re nale\u017cy Wam si\u0119 ogromne brawa.<\/p>\n<p>Zakwalifikowane dru\u017cyny zapraszamy na drugi etap konkursu oraz na gal\u0119 z wr\u0119czeniem nagr\u00f3d \u2013 odb\u0119d\u0105 si\u0119 one 28 maja (to ju\u017c najbli\u017cszy wtorek!). Poni\u017cej znajdziecie szczeg\u00f3\u0142owe informacje.<\/p>\n<p><strong>Data: 28.05.2024 r.<\/strong><\/p>\n<p><strong>Przebieg:<\/strong><br \/>\n12:00 \u2013 14:45 \u2013 prezentacje<br \/>\n14:45 \u2013 15:15 \u2013 przerwa<br \/>\n15:15 \u2013 16:00 \u2013 gala zwi\u0105zana z og\u0142oszeniem wynik\u00f3w<\/p>\n<p><strong>Miejsce:<\/strong><br \/>\nWydzia\u0142 Informatyki<br \/>\nPolitechnika Bia\u0142ostocka<br \/>\nul. Wiejska 45a, Bia\u0142ystok<\/p>\n<p><strong>Sala:<\/strong><br \/>\nWA-12B<\/p>\n<p><strong>Uwagi techniczne:<\/strong><\/p>\n<ol>\n<li>Prezentacja powinna by\u0107 przes\u0142ana w formacie PDF lub PowerPoint<\/li>\n<li>Mo\u017cna r\u00f3wnie\u017c wspom\u00f3c si\u0119 przygotowanym filmem z gry, nie s\u0105 jednak przewidziane pokazy gier \u201ena \u017cywo\u201d<\/li>\n<li>Prezentacja mo\u017ce by\u0107 wyg\u0142oszona przez wszystkich cz\u0142onk\u00f3w zespo\u0142u lub przez jego przedstawiciela<\/li>\n<li>Prezentacja nie powinna trwa\u0107 d\u0142u\u017cej ni\u017c 8 minut. W przypadku przed\u0142u\u017caj\u0105cej si\u0119 prezentacji po 10 minutach nast\u0105pi jej przerwanie przez jury Konkursu.<\/li>\n<\/ol>\n<p>Jeszcze raz serdecznie gratulujemy wszystkim uczestnikom i \u017cyczymy powodzenia w kolejnym etapie konkursu!<\/p>\n<p>Z wyrazami uznania,<\/p>\n<p>Zesp\u00f3\u0142 Organizacyjny D\u017cemika 2024<\/p>\n<p><strong>&nbsp;<\/strong><\/p>\n<p>&nbsp;<\/p>\n<p>&nbsp;<\/p>\n<h2>Zako\u0144czenie pierwszego etapu konkursu<\/h2>\n<p>(14.05.2024 r.)<\/p>\n<p><strong>Drodzy Uczestnicy<\/strong>,<\/p>\n<p>Pierwszy etap konkursu D\u017cemik 2024 dobieg\u0142 ko\u0144ca. Chcieliby\u015bmy serdecznie podzi\u0119kowa\u0107 Wam wszystkim za udzia\u0142 oraz za wys\u0142anie swoich prac.<\/p>\n<p>Teraz, gdy termin ich nadsy\u0142ania min\u0105\u0142, nasze jury rozpocznie proces oceniania wszystkich zg\u0142osze\u0144. W przysz\u0142ym tygodniu og\u0142osimy wyniki pierwszego etapu konkursu. Uczestnicy, kt\u00f3rych prace zakwalifikuj\u0105 si\u0119 do drugiego etapu, otrzymaj\u0105 indywidualne powiadomienia i zaproszenia do udzia\u0142u w gali fina\u0142owej na Wydziale Informatyki Politechniki Bia\u0142ostockiej w dniu 28.05.2024 r. Drugi etap b\u0119dzie okazj\u0105 do prezentacji Waszych projekt\u00f3w.<\/p>\n<p>Jeszcze raz dzi\u0119kujemy Wam wszystkim za udzia\u0142 w naszym konkursie, gratulujemy kreatywno\u015bci, zaanga\u017cowania i pasji do tworzenia gier.<\/p>\n<p>Czekajcie na kolejne wiadomo\u015bci od nas, a w mi\u0119dzyczasie \u017cyczymy Wam powodzenia i nieustaj\u0105cej inspiracji w Waszych tw\u00f3rczych dzia\u0142aniach!<\/p>\n<h2>D\u017cemik 2024 &#8211; has\u0142o przewodnie<\/h2>\n<p>(22.04.2024 r.)<\/p>\n<p>W\u0142a\u015bnie rozpocz\u0119\u0142a si\u0119 tegoroczna edycja konkursu D\u017cemik! Ten rok jest szczeg\u00f3lny, poniewa\u017c Wydzia\u0142 Informatyki Politechniki Bia\u0142ostockiej obchodzi swoje 35-lecie. <b> Z tej okazji temat konkursowych gier powinien by\u0107 zwi\u0105zany w\u0142a\u015bnie z liczb\u0105 35 <\/b>. Temat pozostawia Wam ogromn\u0105 swobod\u0119 i mo\u017cliwo\u015b\u0107 wykazania si\u0119 inwencj\u0105. Cho\u0107 to Wy sami wymy\u015blacie tytu\u0142 swojej gry oraz to, na czym ma ona polega\u0107, upewnijcie si\u0119, \u017ce w jaki\u015b spos\u00f3b b\u0119dzie dotyczy\u0107 to liczby 35. Co jednak si\u0119 za ni\u0105 kryje? Co ona oznacza? Kogo lub czego jest 35? A mo\u017ce to jaki\u015b tajemniczy kod? To ju\u017c zale\u017cy od Was. Zaskoczcie nas! Liczymy na wiele wyj\u0105tkowych, niebanalnych pomys\u0142\u00f3w. Oryginalno\u015b\u0107 na pewno b\u0119dzie doceniona!<\/p>\n<p>&nbsp;<\/p>\n<p><strong>Temat przewodni tegorocznego konkursu D\u017cemik to &#8222;35&#8221;<\/strong><\/p>\n<p>&nbsp;<\/p>\n<p>W mailach wys\u0142anych na podane poodczas rejestracji adresy przes\u0142ali\u015bmy link do folderu, do kt\u00f3rego za\u0142adujcie plik uko\u0144czonej gry. Ka\u017cda dru\u017cyna ma sw\u00f3j w\u0142asny folder. Prosz\u0119 sprawd\u017acie, czy po otwarciu wy\u015bwietlaj\u0105 si\u0119 Wasze nazwiska i czy przesy\u0142acie gr\u0119 we w\u0142a\u015bciwe miejsce.<\/p>\n<p>&nbsp;<\/p>\n<p><strong> Pami\u0119tajcie \u2013 czas na przes\u0142anie plik\u00f3w macie do 13 maja.<\/strong><\/p>\n<p>&nbsp;<\/p>\n<p>Gdyby by\u0142y jakie\u015b problemy z \u0142adowaniem plik\u00f3w lub jakiekolwiek w\u0105tpliwo\u015bci \u2013 prosimy o kontakt mailowy: dzemik@pb.edu.pl.<\/p>\n<p>&nbsp;<\/p>\n<p><strong> Powodzenia i mi\u0142ej zabawy! <\/strong><\/p>\n<h2>Rusza D\u017cemik 2024!<\/h2>\n<p>(09.04.2024 r.)<\/p>\n<div dir=\"ltr\">\n<div>\n<p>Zapraszamy serdecznie wszystkich pasjonat\u00f3w programowania oraz tworzenia gier komputerowych do udzia\u0142u w kolejnej edycji D\u017cemiku!<\/p>\n<p>D\u017cemik 2024 to najwi\u0119kszy konkurs programowania gier dla dzieci i m\u0142odzie\u017cy, organizowany przez Wydzia\u0142 Informatyki Politechniki Bia\u0142ostockiej, we wsp\u00f3\u0142pracy z Ko\u0142em Naukowym Biometrii, Analizy i Przetwarzania Obraz\u00f3w i Sygna\u0142\u00f3w Politechniki Bia\u0142ostockiej oraz Ko\u0142em Naukowym .NET Politechniki Bia\u0142ostockiej oraz Oddzia\u0142em Bia\u0142ostockim Polskiego Towarzystwa Informatycznego.<\/p>\n<p>W tym roku konkurs b\u0119dzie sk\u0142ada\u0142 si\u0119 z dw\u00f3ch etap\u00f3w. Pierwszy z nich odb\u0119dzie si\u0119 w dniach 22 kwietnia \u2013 13 maja 2024 roku i zostanie przeprowadzony zdalnie, umo\u017cliwiaj\u0105c uczestnictwo z dowolnego miejsca! B\u0119dzie on polega\u0107 na stworzeniu gry na zadany przez jury temat, zgodnie z podanymi wytycznymi.<\/p>\n<p>Drugi etap odb\u0119dzie si\u0119 na Wydziale Informatyki Politechniki Bia\u0142ostockiej, gdzie zostan\u0105 zaproszeni autorzy tych gier, kt\u00f3re zostan\u0105 najlepiej ocenione przez juror\u00f3w. Uczestnicy b\u0119d\u0105 musieli zaprezentowa\u0107 swoj\u0105 gr\u0119, a w\u015br\u00f3d nich wy\u0142onimy zwyci\u0119zc\u00f3w.&nbsp;<\/p>\n<p><a href=\"https:\/\/wi.pb.edu.pl\/dzemik\/formularz-zgloszeniowy\/\">Formularz rejestracyjny<\/a> b\u0119dzie dost\u0119pny online jedynie do 20 kwietnia. Pami\u0119tajcie, aby do\u0142\u0105czy\u0107 skan lub zdj\u0119cie podpisanej zgody rodzica\/opiekuna prawnego na udzia\u0142 w konkursie, zgodnie z za\u0142\u0105cznikiem nr 1 do Regulaminu.<\/p>\n<p>Dla uczestnik\u00f3w przygotowali\u015bmy trzy kategorie wiekowe: Junior, Kadet, Senior. Ponadto, dajemy swobod\u0119 wyboru technologii, pocz\u0105wszy od Scratch i Kodu, a\u017c po zaawansowane narz\u0119dzia takie jak Unity3D czy Godot, lub inne po konsultacji z jury.<\/p>\n<p>Pami\u0119tajcie, \u017ce w naszym konkursie cenimy wk\u0142ad w\u0142asny w stworzenie gry, a ocenie poddany b\u0119dzie tak\u017ce kod \u017ar\u00f3d\u0142owy aplikacji.<\/p>\n<p>Uczestnicy mog\u0105 pracowa\u0107 samodzielnie lub w dru\u017cynach (maksymalnie 2 osoby), co pozwoli na wymian\u0119 pomys\u0142\u00f3w i wsp\u00f3ln\u0105 tw\u00f3rcz\u0105 prac\u0119.<\/p>\n<p>Nie przegapcie okazji, zapiszcie si\u0119 na D\u017cemik 2024 i poka\u017ccie \u015bwiatu swoje programistyczne umiej\u0119tno\u015bci!<\/p>\n<p>Wi\u0119cej szczeg\u00f3\u0142\u00f3w znajdziecie w <a href=\"https:\/\/wi.pb.edu.pl\/dzemik\/regulamin\/\">regulaminie<\/a>. Do zobaczenia na D\u017cemiku 2024!<\/p>\n<\/div>\n<\/div>\n","protected":false},"excerpt":{"rendered":"<p>D\u017cemik 2024 &#8211; wyniki (29.05.2024 r.) Drodzy Uczestnicy, Mamy niezwyk\u0142\u0105 przyjemno\u015b\u0107 og\u0142osi\u0107 zwyci\u0119zc\u00f3w tegorocznej edycji<a class=\"read-more\" href=\"https:\/\/wi.pb.edu.pl\/dzemik\/konkurs-2024\/\" title=\"Poka\u017c artyku\u0142 D\u017cemik 2024\">wi\u0119cej<\/a><\/p>\n","protected":false},"author":2,"featured_media":0,"parent":0,"menu_order":1,"comment_status":"closed","ping_status":"closed","template":"","meta":{"inline_featured_image":false,"ngg_post_thumbnail":0,"footnotes":""},"class_list":["post-41","page","type-page","status-publish","hentry"],"acf":[],"yoast_head":"<!-- This site is optimized with the Yoast SEO plugin v26.4 - https:\/\/yoast.com\/wordpress\/plugins\/seo\/ -->\n<title>D\u017cemik 2024 - Konkurs pisania gier komputerowych &quot;D\u017cemik&quot;<\/title>\n<meta name=\"robots\" content=\"index, follow, max-snippet:-1, max-image-preview:large, max-video-preview:-1\" \/>\n<link rel=\"canonical\" href=\"https:\/\/wi.pb.edu.pl\/dzemik\/konkurs-2024\/\" \/>\n<meta property=\"og:locale\" content=\"pl_PL\" \/>\n<meta property=\"og:type\" content=\"article\" \/>\n<meta property=\"og:title\" content=\"D\u017cemik 2024 - Konkurs pisania gier komputerowych &quot;D\u017cemik&quot;\" \/>\n<meta property=\"og:description\" content=\"D\u017cemik 2024 &#8211; wyniki (29.05.2024 r.) Drodzy Uczestnicy, Mamy niezwyk\u0142\u0105 przyjemno\u015b\u0107 og\u0142osi\u0107 zwyci\u0119zc\u00f3w tegorocznej edycjiwi\u0119cej\" \/>\n<meta property=\"og:url\" content=\"https:\/\/wi.pb.edu.pl\/dzemik\/konkurs-2024\/\" \/>\n<meta property=\"og:site_name\" content=\"Konkurs pisania gier komputerowych &quot;D\u017cemik&quot;\" \/>\n<meta property=\"article:modified_time\" content=\"2025-04-03T07:48:18+00:00\" \/>\n<meta name=\"twitter:card\" content=\"summary_large_image\" \/>\n<meta name=\"twitter:label1\" content=\"Szacowany czas czytania\" \/>\n\t<meta name=\"twitter:data1\" content=\"10 minut\" \/>\n<script type=\"application\/ld+json\" class=\"yoast-schema-graph\">{\"@context\":\"https:\/\/schema.org\",\"@graph\":[{\"@type\":\"WebPage\",\"@id\":\"https:\/\/wi.pb.edu.pl\/dzemik\/konkurs-2024\/\",\"url\":\"https:\/\/wi.pb.edu.pl\/dzemik\/konkurs-2024\/\",\"name\":\"D\u017cemik 2024 - Konkurs pisania gier komputerowych \\\"D\u017cemik\\\"\",\"isPartOf\":{\"@id\":\"https:\/\/wi.pb.edu.pl\/dzemik\/#website\"},\"datePublished\":\"2024-01-28T20:14:51+00:00\",\"dateModified\":\"2025-04-03T07:48:18+00:00\",\"breadcrumb\":{\"@id\":\"https:\/\/wi.pb.edu.pl\/dzemik\/konkurs-2024\/#breadcrumb\"},\"inLanguage\":\"pl-PL\",\"potentialAction\":[{\"@type\":\"ReadAction\",\"target\":[\"https:\/\/wi.pb.edu.pl\/dzemik\/konkurs-2024\/\"]}]},{\"@type\":\"BreadcrumbList\",\"@id\":\"https:\/\/wi.pb.edu.pl\/dzemik\/konkurs-2024\/#breadcrumb\",\"itemListElement\":[{\"@type\":\"ListItem\",\"position\":1,\"name\":\"Strona g\u0142\u00f3wna\",\"item\":\"https:\/\/wi.pb.edu.pl\/dzemik\/\"},{\"@type\":\"ListItem\",\"position\":2,\"name\":\"D\u017cemik 2024\"}]},{\"@type\":\"WebSite\",\"@id\":\"https:\/\/wi.pb.edu.pl\/dzemik\/#website\",\"url\":\"https:\/\/wi.pb.edu.pl\/dzemik\/\",\"name\":\"Konkurs pisania gier komputerowych \\\"D\u017cemik\\\"\",\"description\":\"\",\"potentialAction\":[{\"@type\":\"SearchAction\",\"target\":{\"@type\":\"EntryPoint\",\"urlTemplate\":\"https:\/\/wi.pb.edu.pl\/dzemik\/?s={search_term_string}\"},\"query-input\":{\"@type\":\"PropertyValueSpecification\",\"valueRequired\":true,\"valueName\":\"search_term_string\"}}],\"inLanguage\":\"pl-PL\"}]}<\/script>\n<!-- \/ Yoast SEO plugin. -->","yoast_head_json":{"title":"D\u017cemik 2024 - Konkurs pisania gier komputerowych \"D\u017cemik\"","robots":{"index":"index","follow":"follow","max-snippet":"max-snippet:-1","max-image-preview":"max-image-preview:large","max-video-preview":"max-video-preview:-1"},"canonical":"https:\/\/wi.pb.edu.pl\/dzemik\/konkurs-2024\/","og_locale":"pl_PL","og_type":"article","og_title":"D\u017cemik 2024 - Konkurs pisania gier komputerowych \"D\u017cemik\"","og_description":"D\u017cemik 2024 &#8211; wyniki (29.05.2024 r.) Drodzy Uczestnicy, Mamy niezwyk\u0142\u0105 przyjemno\u015b\u0107 og\u0142osi\u0107 zwyci\u0119zc\u00f3w tegorocznej edycjiwi\u0119cej","og_url":"https:\/\/wi.pb.edu.pl\/dzemik\/konkurs-2024\/","og_site_name":"Konkurs pisania gier komputerowych \"D\u017cemik\"","article_modified_time":"2025-04-03T07:48:18+00:00","twitter_card":"summary_large_image","twitter_misc":{"Szacowany czas czytania":"10 minut"},"schema":{"@context":"https:\/\/schema.org","@graph":[{"@type":"WebPage","@id":"https:\/\/wi.pb.edu.pl\/dzemik\/konkurs-2024\/","url":"https:\/\/wi.pb.edu.pl\/dzemik\/konkurs-2024\/","name":"D\u017cemik 2024 - Konkurs pisania gier komputerowych \"D\u017cemik\"","isPartOf":{"@id":"https:\/\/wi.pb.edu.pl\/dzemik\/#website"},"datePublished":"2024-01-28T20:14:51+00:00","dateModified":"2025-04-03T07:48:18+00:00","breadcrumb":{"@id":"https:\/\/wi.pb.edu.pl\/dzemik\/konkurs-2024\/#breadcrumb"},"inLanguage":"pl-PL","potentialAction":[{"@type":"ReadAction","target":["https:\/\/wi.pb.edu.pl\/dzemik\/konkurs-2024\/"]}]},{"@type":"BreadcrumbList","@id":"https:\/\/wi.pb.edu.pl\/dzemik\/konkurs-2024\/#breadcrumb","itemListElement":[{"@type":"ListItem","position":1,"name":"Strona g\u0142\u00f3wna","item":"https:\/\/wi.pb.edu.pl\/dzemik\/"},{"@type":"ListItem","position":2,"name":"D\u017cemik 2024"}]},{"@type":"WebSite","@id":"https:\/\/wi.pb.edu.pl\/dzemik\/#website","url":"https:\/\/wi.pb.edu.pl\/dzemik\/","name":"Konkurs pisania gier komputerowych \"D\u017cemik\"","description":"","potentialAction":[{"@type":"SearchAction","target":{"@type":"EntryPoint","urlTemplate":"https:\/\/wi.pb.edu.pl\/dzemik\/?s={search_term_string}"},"query-input":{"@type":"PropertyValueSpecification","valueRequired":true,"valueName":"search_term_string"}}],"inLanguage":"pl-PL"}]}},"_links":{"self":[{"href":"https:\/\/wi.pb.edu.pl\/dzemik\/wp-json\/wp\/v2\/pages\/41","targetHints":{"allow":["GET"]}}],"collection":[{"href":"https:\/\/wi.pb.edu.pl\/dzemik\/wp-json\/wp\/v2\/pages"}],"about":[{"href":"https:\/\/wi.pb.edu.pl\/dzemik\/wp-json\/wp\/v2\/types\/page"}],"author":[{"embeddable":true,"href":"https:\/\/wi.pb.edu.pl\/dzemik\/wp-json\/wp\/v2\/users\/2"}],"replies":[{"embeddable":true,"href":"https:\/\/wi.pb.edu.pl\/dzemik\/wp-json\/wp\/v2\/comments?post=41"}],"version-history":[{"count":27,"href":"https:\/\/wi.pb.edu.pl\/dzemik\/wp-json\/wp\/v2\/pages\/41\/revisions"}],"predecessor-version":[{"id":166,"href":"https:\/\/wi.pb.edu.pl\/dzemik\/wp-json\/wp\/v2\/pages\/41\/revisions\/166"}],"wp:attachment":[{"href":"https:\/\/wi.pb.edu.pl\/dzemik\/wp-json\/wp\/v2\/media?parent=41"}],"curies":[{"name":"wp","href":"https:\/\/api.w.org\/{rel}","templated":true}]}}