{"id":48,"date":"2024-01-28T21:16:57","date_gmt":"2024-01-28T20:16:57","guid":{"rendered":"https:\/\/wi.pb.edu.pl\/dzemik\/?page_id=48"},"modified":"2025-04-07T14:32:12","modified_gmt":"2025-04-07T12:32:12","slug":"regulamin","status":"publish","type":"page","link":"https:\/\/wi.pb.edu.pl\/dzemik\/regulamin\/","title":{"rendered":"Regulamin"},"content":{"rendered":"<h2>2025<\/h2>\n<p><a class=\"pdf\" href=\"https:\/\/wi.pb.edu.pl\/dzemik\/wp-content\/uploads\/sites\/7\/2025\/04\/Regulamin-2025.pdf\" target=\"_blank\" rel=\"noopener\" data-id=\"106\">Regulamin konkursu D\u017cemik 2025<\/a><\/p>\n<p><a class=\"docx\" title=\"pobierz plik\" href=\"https:\/\/wi.pb.edu.pl\/dzemik\/wp-content\/uploads\/sites\/7\/2025\/04\/zalacznik_nr_1_do_regulaminu-2025.docx\" data-id=\"93\">Za\u0142\u0105cznik nr 1 do Regulaminu 2025 (DOCX, 27 KB)<\/a><\/p>\n<h2>2024<\/h2>\n<p><a class=\"pdf\" href=\"https:\/\/wi.pb.edu.pl\/dzemik\/wp-content\/uploads\/sites\/7\/2024\/04\/Dzemik_Regulamin_2024.pdf\" target=\"_blank\" rel=\"noopener\" data-id=\"106\">Regulamin konkursu D\u017cemik 2024<\/a><\/p>\n<p><a class=\"docx\" title=\"pobierz plik\" href=\"https:\/\/wi.pb.edu.pl\/dzemik\/wp-content\/uploads\/sites\/7\/2024\/04\/zalacznik_nr_1_do_regulaminu.docx\" data-id=\"93\">Za\u0142\u0105cznik nr 1 do Regulaminu (DOCX, 24 KB)<\/a><\/p>\n","protected":false},"excerpt":{"rendered":"<p>2025 Regulamin konkursu D\u017cemik 2025 Za\u0142\u0105cznik nr 1 do Regulaminu 2025 (DOCX, 27 KB) 2024<a class=\"read-more\" href=\"https:\/\/wi.pb.edu.pl\/dzemik\/regulamin\/\" title=\"Poka\u017c artyku\u0142 Regulamin\">wi\u0119cej<\/a><\/p>\n","protected":false},"author":2,"featured_media":0,"parent":0,"menu_order":3,"comment_status":"closed","ping_status":"closed","template":"","meta":{"inline_featured_image":false,"ngg_post_thumbnail":0,"footnotes":""},"class_list":["post-48","page","type-page","status-publish","hentry"],"acf":[],"yoast_head":"<!-- This site is optimized with the Yoast SEO plugin v26.4 - https:\/\/yoast.com\/wordpress\/plugins\/seo\/ -->\n<title>Regulamin - Konkurs pisania gier komputerowych &quot;D\u017cemik&quot;<\/title>\n<meta name=\"robots\" content=\"index, follow, max-snippet:-1, max-image-preview:large, max-video-preview:-1\" \/>\n<link rel=\"canonical\" href=\"https:\/\/wi.pb.edu.pl\/dzemik\/regulamin\/\" \/>\n<meta property=\"og:locale\" content=\"pl_PL\" \/>\n<meta property=\"og:type\" content=\"article\" \/>\n<meta property=\"og:title\" content=\"Regulamin - Konkurs pisania gier komputerowych &quot;D\u017cemik&quot;\" \/>\n<meta property=\"og:description\" content=\"2025 Regulamin konkursu D\u017cemik 2025 Za\u0142\u0105cznik nr 1 do Regulaminu 2025 (DOCX, 27 KB) 2024wi\u0119cej\" \/>\n<meta property=\"og:url\" content=\"https:\/\/wi.pb.edu.pl\/dzemik\/regulamin\/\" \/>\n<meta property=\"og:site_name\" content=\"Konkurs pisania gier komputerowych &quot;D\u017cemik&quot;\" \/>\n<meta property=\"article:modified_time\" content=\"2025-04-07T12:32:12+00:00\" \/>\n<meta name=\"twitter:card\" content=\"summary_large_image\" \/>\n<meta name=\"twitter:label1\" content=\"Szacowany czas czytania\" \/>\n\t<meta name=\"twitter:data1\" content=\"1 minuta\" \/>\n<script type=\"application\/ld+json\" class=\"yoast-schema-graph\">{\"@context\":\"https:\/\/schema.org\",\"@graph\":[{\"@type\":\"WebPage\",\"@id\":\"https:\/\/wi.pb.edu.pl\/dzemik\/regulamin\/\",\"url\":\"https:\/\/wi.pb.edu.pl\/dzemik\/regulamin\/\",\"name\":\"Regulamin - Konkurs pisania gier komputerowych \\\"D\u017cemik\\\"\",\"isPartOf\":{\"@id\":\"https:\/\/wi.pb.edu.pl\/dzemik\/#website\"},\"datePublished\":\"2024-01-28T20:16:57+00:00\",\"dateModified\":\"2025-04-07T12:32:12+00:00\",\"breadcrumb\":{\"@id\":\"https:\/\/wi.pb.edu.pl\/dzemik\/regulamin\/#breadcrumb\"},\"inLanguage\":\"pl-PL\",\"potentialAction\":[{\"@type\":\"ReadAction\",\"target\":[\"https:\/\/wi.pb.edu.pl\/dzemik\/regulamin\/\"]}]},{\"@type\":\"BreadcrumbList\",\"@id\":\"https:\/\/wi.pb.edu.pl\/dzemik\/regulamin\/#breadcrumb\",\"itemListElement\":[{\"@type\":\"ListItem\",\"position\":1,\"name\":\"Strona g\u0142\u00f3wna\",\"item\":\"https:\/\/wi.pb.edu.pl\/dzemik\/\"},{\"@type\":\"ListItem\",\"position\":2,\"name\":\"Regulamin\"}]},{\"@type\":\"WebSite\",\"@id\":\"https:\/\/wi.pb.edu.pl\/dzemik\/#website\",\"url\":\"https:\/\/wi.pb.edu.pl\/dzemik\/\",\"name\":\"Konkurs pisania gier komputerowych \\\"D\u017cemik\\\"\",\"description\":\"\",\"potentialAction\":[{\"@type\":\"SearchAction\",\"target\":{\"@type\":\"EntryPoint\",\"urlTemplate\":\"https:\/\/wi.pb.edu.pl\/dzemik\/?s={search_term_string}\"},\"query-input\":{\"@type\":\"PropertyValueSpecification\",\"valueRequired\":true,\"valueName\":\"search_term_string\"}}],\"inLanguage\":\"pl-PL\"}]}<\/script>\n<!-- \/ Yoast SEO plugin. -->","yoast_head_json":{"title":"Regulamin - Konkurs pisania gier komputerowych \"D\u017cemik\"","robots":{"index":"index","follow":"follow","max-snippet":"max-snippet:-1","max-image-preview":"max-image-preview:large","max-video-preview":"max-video-preview:-1"},"canonical":"https:\/\/wi.pb.edu.pl\/dzemik\/regulamin\/","og_locale":"pl_PL","og_type":"article","og_title":"Regulamin - Konkurs pisania gier komputerowych \"D\u017cemik\"","og_description":"2025 Regulamin konkursu D\u017cemik 2025 Za\u0142\u0105cznik nr 1 do Regulaminu 2025 (DOCX, 27 KB) 2024wi\u0119cej","og_url":"https:\/\/wi.pb.edu.pl\/dzemik\/regulamin\/","og_site_name":"Konkurs pisania gier komputerowych \"D\u017cemik\"","article_modified_time":"2025-04-07T12:32:12+00:00","twitter_card":"summary_large_image","twitter_misc":{"Szacowany czas czytania":"1 minuta"},"schema":{"@context":"https:\/\/schema.org","@graph":[{"@type":"WebPage","@id":"https:\/\/wi.pb.edu.pl\/dzemik\/regulamin\/","url":"https:\/\/wi.pb.edu.pl\/dzemik\/regulamin\/","name":"Regulamin - Konkurs pisania gier komputerowych \"D\u017cemik\"","isPartOf":{"@id":"https:\/\/wi.pb.edu.pl\/dzemik\/#website"},"datePublished":"2024-01-28T20:16:57+00:00","dateModified":"2025-04-07T12:32:12+00:00","breadcrumb":{"@id":"https:\/\/wi.pb.edu.pl\/dzemik\/regulamin\/#breadcrumb"},"inLanguage":"pl-PL","potentialAction":[{"@type":"ReadAction","target":["https:\/\/wi.pb.edu.pl\/dzemik\/regulamin\/"]}]},{"@type":"BreadcrumbList","@id":"https:\/\/wi.pb.edu.pl\/dzemik\/regulamin\/#breadcrumb","itemListElement":[{"@type":"ListItem","position":1,"name":"Strona g\u0142\u00f3wna","item":"https:\/\/wi.pb.edu.pl\/dzemik\/"},{"@type":"ListItem","position":2,"name":"Regulamin"}]},{"@type":"WebSite","@id":"https:\/\/wi.pb.edu.pl\/dzemik\/#website","url":"https:\/\/wi.pb.edu.pl\/dzemik\/","name":"Konkurs pisania gier komputerowych \"D\u017cemik\"","description":"","potentialAction":[{"@type":"SearchAction","target":{"@type":"EntryPoint","urlTemplate":"https:\/\/wi.pb.edu.pl\/dzemik\/?s={search_term_string}"},"query-input":{"@type":"PropertyValueSpecification","valueRequired":true,"valueName":"search_term_string"}}],"inLanguage":"pl-PL"}]}},"_links":{"self":[{"href":"https:\/\/wi.pb.edu.pl\/dzemik\/wp-json\/wp\/v2\/pages\/48","targetHints":{"allow":["GET"]}}],"collection":[{"href":"https:\/\/wi.pb.edu.pl\/dzemik\/wp-json\/wp\/v2\/pages"}],"about":[{"href":"https:\/\/wi.pb.edu.pl\/dzemik\/wp-json\/wp\/v2\/types\/page"}],"author":[{"embeddable":true,"href":"https:\/\/wi.pb.edu.pl\/dzemik\/wp-json\/wp\/v2\/users\/2"}],"replies":[{"embeddable":true,"href":"https:\/\/wi.pb.edu.pl\/dzemik\/wp-json\/wp\/v2\/comments?post=48"}],"version-history":[{"count":12,"href":"https:\/\/wi.pb.edu.pl\/dzemik\/wp-json\/wp\/v2\/pages\/48\/revisions"}],"predecessor-version":[{"id":193,"href":"https:\/\/wi.pb.edu.pl\/dzemik\/wp-json\/wp\/v2\/pages\/48\/revisions\/193"}],"wp:attachment":[{"href":"https:\/\/wi.pb.edu.pl\/dzemik\/wp-json\/wp\/v2\/media?parent=48"}],"curies":[{"name":"wp","href":"https:\/\/api.w.org\/{rel}","templated":true}]}}