{"id":139,"date":"2024-07-16T11:15:55","date_gmt":"2024-07-16T09:15:55","guid":{"rendered":"https:\/\/wi.pb.edu.pl\/p\/?page_id=139"},"modified":"2024-07-16T11:35:57","modified_gmt":"2024-07-16T09:35:57","slug":"seminarium-podstawowe-narzedzia-warsztatu-naukowca","status":"publish","type":"page","link":"https:\/\/wi.pb.edu.pl\/p\/marek-j-druzdzel\/zajecia\/seminarium-podstawowe-narzedzia-warsztatu-naukowca\/","title":{"rendered":"Seminarium &#8222;Podstawowe narz\u0119dzia warsztatu naukowca&#8221;"},"content":{"rendered":"<p>Semestr letni 2023-2024, srody, 17:40-19:10 (sala WA-29C)<\/p>\n<p>(Do godziny 17-tej otwarte jest wejscie od parkingu przy skrzydle C budynku. Po godzinie 17-tej nalezy wejsc wejsciem glownym do budynku.)<\/p>\n<p>Prowadzacy:&nbsp;Marek J. Druzdzel<\/p>\n<h4>Kr\u00f3tki opis seminarium<\/h4>\n<p>Ksztalcenie kadry naukowej, majace zwykle miejsce w ramach pracy nad doktoratem, przeprowadzane jest najczesciej wedlug modelu mistrz-czeladnik (ang.&nbsp;<i>master-apprentice model<\/i>), gdzie &#8222;mistrzem&#8221; jest promotor\/opiekun naukowy doktoranta. Opiekun, wraz z przekazywaniem tajnik\u00f3w swojej wiedzy, wprowadza jednoczesnie doktoranta w swiat nauki, pokazujac, najczesciej posrednio, jak identyfikowac problemy naukowe, projektowac eksperymenty, pisac artykuly naukowe, ubiegac sie o fundusze naukowe, przygotowywac prezentacje, itd. Efekt koncowy, tzn. przygotowanie adepta do dalszej kariery naukowej zalezy od wiedzy opiekuna, ale niestety rowniez od czynnik\u00f3w kulturowych i zdolnosci opiekuna do przekazania tej wiedzy. Jest to prawdopodobnie gl\u00f3wnym powodem ogromnych r\u00f3znic w jakosci i reputacji osrodk\u00f3w naukowych na swiecie.<\/p>\n<p>Seminarium ma na celu systematyczny przeglad umiejetnosci, kt\u00f3re powinien posiadac kazdy pracownik naukowy. Jest ono oparte na materialach z seminarium prowadzonego przeze mnie dla doktorant\u00f3w na Uniwersytecie Pittsburgh\u2019skim oraz, posrednio, na materialach warsztat\u00f3w&nbsp;<i>Survival Skills and Ethics<\/i>&nbsp;dla mlodych naukowc\u00f3w na Uniwersytecie Pittsburgh\u2019skim. Doswiadczenia z powyzszych wskazuja jednoznacznie na to, ze usystematyzowanie tych umiejetnosci jest, szczeg\u00f3lnie dla mlodych stazem naukowc\u00f3w, bezcenne.<\/p>\n<h4>Dla kogo jest to seminarium?<\/h4>\n<p>Seminarium &#8222;Podstawowe narzedzia warsztatu naukowca&#8221; przeznaczone jest dla student\u00f3w doktoranckich oraz mlodych stazem pracownik\u00f3w naukowych pracujacych nad doktoratem lub nad habilitacja. Serdecznie zapraszam rowniez starszych stazem koleg\u00f3w w celu podzielenia sie swoimi doswiadczeniami w poruszanych na seminarium tematach oraz uzupelnienia modelu amerykanskiego, lezacego u podstaw seminarium, doswiadczeniami wypracowanymi w warunkach polskich.<\/p>\n<h4>Dlaczego warto jest przyjsc?<\/h4>\n<p>Dlaczego polecam to seminarium studentom doktoranckim i mlodym stazem pracownikom nauki? Spedzilem poza Polska prawie 40 lat. Pracuje w Polsce od ponad 15 lat i zauwazam interesujace zjawisko. Zrobienie doktoratu, a wiec pierwszy krok w karierze naukowej, zajmuje mlodym pracownikom czesto bardzo dlugo. Nierzadko tez krok ten konczy sie niepowodzeniem. Habilitacja zajmuje jeszcze dluzej &#8212; pokazuja to uczelniane statystyki. Gdy nadchodzi moment rozliczenia przez uczelnie z lat przeznaczonych na zrobienie doktoratu lub habilitacji, nastepuje faza &#8222;aj waj&#8221;, a wiec usilne zbieranie materialow, opinii o procentowym zaawansowaniu pracy, przedwczesne otwieranie przewodu doktorskiego, itd. I pytanie, nie bardzo fair w stosunku do wladz wydzialu i uczelni: czy uczelnia i jej rektor zrozumieja i &#8222;pojda na reke&#8221;? Tak byc nie musi. Mozna napisac dobrej jakosci doktorat w ciagu kilku lat. Habilitacja moze byc naturalnym krokiem, ktory czynimy w kilka lat po doktoracie. To wszystko, oprocz oczywiscie wytezonej pracy, jest kwestia umiejetnosci.<\/p>\n<p>Jest taki dowcip z czasow kwitnacego PRLu. Tow. Gierek, odwiedzajac prestizowa budowe Huty Katowice, zauwaza robotnikow biegajacych w rozne strony z taczkami. Ku jego zdziwieniu, wiekszosc taczek jest pustych. Zatrzymuje wiec jednego z robotnikow i pyta go dlaczego biegnie on z pusta taczka. Zdyszany i wyraznie przemeczony robotnik odpowiada: &#8222;Tyle roboty, tow. sekretarzu, ze nie ma czasu ladowac&#8221;.<\/p>\n<p>Bardzo czesto brak nam jest czasu na zaplanowanie pracy, usystematyzowanie, oraz przygotowanie narzedzi. Moje doswiadczenie, oparte na prawie 40 latach pracy naukowej jest nastepujace: Jesli oderwiemy sie na chwile od pracy, poswiecimy nawet caly dzien po to, aby wyksztalcic w sobie tylko jedna uzyteczna umiejetnosc, to ten dzien nie bedzie zmarnowany. Wprost przeciwnie! Ten dzien jest swietna inwestycja w kariere naukowa, ktora przeciez trwac bedzie jeszcze przez wiele lat. Mysle, ze na kazdym z naszych spotkan seminaryjnych uczestnicy beda mieli sposobnosc poznac co najmniej kilku uzytecznych umiejetnosci, ktore zaowocuja w ich dalszej karierze naukowej.<\/p>\n<h4>Planowane tematy i terminy spotkan<\/h4>\n<menu>\n<li>6 marca &#8222;Wprowadzenie do seminarium&#8221;, &#8222;Jak dziala nauka&#8221;<\/li>\n<li>13 marca &#8222;Znajdowanie temat\u00f3w do pracy naukowej&#8221;<\/li>\n<li>20 marca &#8222;Planowanie kariery naukowej&#8221;<\/li>\n<li>27 marca &#8222;Pisanie artykul\u00f3w naukowych&#8221;<\/li>\n<li>3 kwietnia &#8222;Prezentacje&#8221;<\/li>\n<li>10 kwietnia &#8222;Bycie mentorem w nauce&#8221;<\/li>\n<li>17 kwietnia &#8222;Kreatywnosc w nauce&#8221;<\/li>\n<li>24 kwietnia &#8222;Szukanie pracy&#8221;<\/li>\n<li>8 maja &#8222;Zarzadzanie czasem, radzenie sobie ze stresem&#8221;<\/li>\n<li>15 maja &#8222;Etyka w nauce&#8221;<\/li>\n<\/menu>\n<p>Wybor oraz kolejnosc tematow mozemy zmienic w trakcie seminarium. Wszystkie one sa wazne, ale niektore z nich moga okazac sie pilniejsze lub bardziej potrzebne w warunkach polskich i im poswiecimy wiecej czasu.<\/p>\n<h4>Zaliczenie<\/h4>\n<p>Dla tych z Panstwa, kt\u00f3rzy potrzebuja zaliczenia z tego przedmiotu, planuje egzamin ustny (termin do ustalenia indywidualnego) pod koniec semestru. Ci z Panstwa, ktorzy opuszcza nie wiecej niz dwa spotkania (z 10 planowanych spotkan) beda automatycznie zwolnieni z egzaminu. Prosze o roztropne gospodarowanie tymi dwoma nieobecnosciami, aby mogli Panstwo uzyc ich w naglych wypadkach losowych, takich jak choroba. W wypadku wyjatkowych zdarzen losowych wymagajacych, na przyklad, wielotygodniowego pobytu w szpitalu, prosze o jak najwczesniejszy kontakt.<\/p>\n<h4>Materialy z seminarium (wlacznie z nagraniami wykladow)<\/h4>\n<p><a href=\"https:\/\/wi.pb.edu.pl\/p\/wp-content\/uploads\/sites\/3\/2024\/07\/01-Introduction.pdf\">01 Introduction<\/a><\/p>\n<p><a href=\"https:\/\/wi.pb.edu.pl\/p\/wp-content\/uploads\/sites\/3\/2024\/07\/02-Working-of-Science.pdf\">02 Working of Science<\/a><\/p>\n<p><a href=\"https:\/\/wi.pb.edu.pl\/p\/wp-content\/uploads\/sites\/3\/2024\/07\/03-How-To-Identify-a-Good-Research-Question.pdf\">03 How To Identify a Good Research Question<\/a><\/p>\n<p><a href=\"https:\/\/wi.pb.edu.pl\/p\/wp-content\/uploads\/sites\/3\/2024\/07\/04-Career-Planning-Part-1.pdf\">04 Career Planning Part 1<\/a><\/p>\n<p><a href=\"https:\/\/wi.pb.edu.pl\/p\/wp-content\/uploads\/sites\/3\/2024\/07\/04-Career-Planning-Part-2.pdf\">04 Career Planning Part 2<\/a><\/p>\n<p><a href=\"https:\/\/wi.pb.edu.pl\/p\/wp-content\/uploads\/sites\/3\/2024\/07\/04-Writing-Research-Articles.pdf\">04 Writing Research Articles<\/a><\/p>\n<p><a href=\"https:\/\/wi.pb.edu.pl\/p\/wp-content\/uploads\/sites\/3\/2024\/07\/05-Presentations.pdf\">05 Presentations<\/a><\/p>\n<p><a href=\"https:\/\/wi.pb.edu.pl\/p\/wp-content\/uploads\/sites\/3\/2024\/07\/06-Running-a-Lab.pdf\">06 Running a Lab<\/a><\/p>\n<p><a href=\"https:\/\/wi.pb.edu.pl\/p\/wp-content\/uploads\/sites\/3\/2024\/07\/07-Creativity.pdf\">07 Creativity<\/a>&nbsp;<\/p>\n<p><a href=\"https:\/\/wi.pb.edu.pl\/p\/wp-content\/uploads\/sites\/3\/2024\/07\/08-Presentations.pdf\">08 Presentations<\/a>&nbsp;<\/p>\n<p><a href=\"https:\/\/wi.pb.edu.pl\/p\/wp-content\/uploads\/sites\/3\/2024\/07\/13-Time-Management.pdf\">13 Time Management<\/a><\/p>\n<p><a href=\"https:\/\/wi.pb.edu.pl\/p\/wp-content\/uploads\/sites\/3\/2024\/07\/14-Ethics-in-Science.pdf\">14 Ethics in Science<\/a> &nbsp;<\/p>\n<p>f2024-03-06.mp3<\/p>\n<p>2024-03-13.mp3<\/p>\n<p>2024-03-20.mp3<\/p>\n<p>2024-03-27a.mp3<\/p>\n<p>2024-03-27b.mp3<\/p>\n<p>2024-04-03.mp3<\/p>\n<p>2024-04-10.mp3<\/p>\n<p>2024-04-17.mp3<\/p>\n<p>2024-04-24.mp3<\/p>\n<p>2024-05-08.mp3<\/p>\n<p>2024-05-15.mp3<\/p>\n<p>&nbsp;<\/p>\n","protected":false},"excerpt":{"rendered":"<p>Semestr letni 2023-2024, srody, 17:40-19:10 (sala WA-29C) (Do godziny 17-tej otwarte jest wejscie od parkingu<a class=\"read-more\" href=\"https:\/\/wi.pb.edu.pl\/p\/marek-j-druzdzel\/zajecia\/seminarium-podstawowe-narzedzia-warsztatu-naukowca\/\" title=\"Poka\u017c artyku\u0142 Seminarium &#8222;Podstawowe narz\u0119dzia warsztatu naukowca&#8221;\">wi\u0119cej<\/a><\/p>\n","protected":false},"author":14,"featured_media":0,"parent":98,"menu_order":0,"comment_status":"closed","ping_status":"closed","template":"","meta":{"inline_featured_image":false,"ngg_post_thumbnail":0,"footnotes":""},"class_list":["post-139","page","type-page","status-publish","hentry"],"acf":[],"yoast_head":"<!-- This site is optimized with the Yoast SEO plugin v26.4 - https:\/\/yoast.com\/wordpress\/plugins\/seo\/ -->\n<title>Seminarium &quot;Podstawowe narz\u0119dzia warsztatu naukowca&quot; - Strony pracownik\u00f3w Wydzia\u0142u Informatyki Politechniki Bia\u0142ostockiej<\/title>\n<meta name=\"robots\" content=\"index, follow, max-snippet:-1, max-image-preview:large, max-video-preview:-1\" \/>\n<link rel=\"canonical\" href=\"https:\/\/wi.pb.edu.pl\/p\/marek-j-druzdzel\/zajecia\/seminarium-podstawowe-narzedzia-warsztatu-naukowca\/\" \/>\n<meta property=\"og:locale\" content=\"pl_PL\" \/>\n<meta property=\"og:type\" content=\"article\" \/>\n<meta property=\"og:title\" content=\"Seminarium &quot;Podstawowe narz\u0119dzia warsztatu naukowca&quot; - Strony pracownik\u00f3w Wydzia\u0142u Informatyki Politechniki Bia\u0142ostockiej\" \/>\n<meta property=\"og:description\" content=\"Semestr letni 2023-2024, srody, 17:40-19:10 (sala WA-29C) (Do godziny 17-tej otwarte jest wejscie od parkinguwi\u0119cej\" \/>\n<meta property=\"og:url\" content=\"https:\/\/wi.pb.edu.pl\/p\/marek-j-druzdzel\/zajecia\/seminarium-podstawowe-narzedzia-warsztatu-naukowca\/\" \/>\n<meta property=\"og:site_name\" content=\"Strony pracownik\u00f3w Wydzia\u0142u Informatyki Politechniki Bia\u0142ostockiej\" \/>\n<meta property=\"article:modified_time\" content=\"2024-07-16T09:35:57+00:00\" \/>\n<meta name=\"twitter:card\" content=\"summary_large_image\" \/>\n<meta name=\"twitter:label1\" content=\"Szacowany czas czytania\" \/>\n\t<meta name=\"twitter:data1\" content=\"5 minut\" \/>\n<script type=\"application\/ld+json\" class=\"yoast-schema-graph\">{\"@context\":\"https:\/\/schema.org\",\"@graph\":[{\"@type\":\"WebPage\",\"@id\":\"https:\/\/wi.pb.edu.pl\/p\/marek-j-druzdzel\/zajecia\/seminarium-podstawowe-narzedzia-warsztatu-naukowca\/\",\"url\":\"https:\/\/wi.pb.edu.pl\/p\/marek-j-druzdzel\/zajecia\/seminarium-podstawowe-narzedzia-warsztatu-naukowca\/\",\"name\":\"Seminarium \\\"Podstawowe narz\u0119dzia warsztatu naukowca\\\" - Strony pracownik\u00f3w Wydzia\u0142u Informatyki Politechniki Bia\u0142ostockiej\",\"isPartOf\":{\"@id\":\"https:\/\/wi.pb.edu.pl\/p\/#website\"},\"datePublished\":\"2024-07-16T09:15:55+00:00\",\"dateModified\":\"2024-07-16T09:35:57+00:00\",\"breadcrumb\":{\"@id\":\"https:\/\/wi.pb.edu.pl\/p\/marek-j-druzdzel\/zajecia\/seminarium-podstawowe-narzedzia-warsztatu-naukowca\/#breadcrumb\"},\"inLanguage\":\"pl-PL\",\"potentialAction\":[{\"@type\":\"ReadAction\",\"target\":[\"https:\/\/wi.pb.edu.pl\/p\/marek-j-druzdzel\/zajecia\/seminarium-podstawowe-narzedzia-warsztatu-naukowca\/\"]}]},{\"@type\":\"BreadcrumbList\",\"@id\":\"https:\/\/wi.pb.edu.pl\/p\/marek-j-druzdzel\/zajecia\/seminarium-podstawowe-narzedzia-warsztatu-naukowca\/#breadcrumb\",\"itemListElement\":[{\"@type\":\"ListItem\",\"position\":1,\"name\":\"Strona g\u0142\u00f3wna\",\"item\":\"https:\/\/wi.pb.edu.pl\/p\/\"},{\"@type\":\"ListItem\",\"position\":2,\"name\":\"dr hab. in\u017c. Marek J. Dru\u017cdzel\",\"item\":\"https:\/\/wi.pb.edu.pl\/p\/marek-j-druzdzel\/\"},{\"@type\":\"ListItem\",\"position\":3,\"name\":\"Zaj\u0119cia\",\"item\":\"https:\/\/wi.pb.edu.pl\/p\/marek-j-druzdzel\/zajecia\/\"},{\"@type\":\"ListItem\",\"position\":4,\"name\":\"Seminarium &#8222;Podstawowe narz\u0119dzia warsztatu naukowca&#8221;\"}]},{\"@type\":\"WebSite\",\"@id\":\"https:\/\/wi.pb.edu.pl\/p\/#website\",\"url\":\"https:\/\/wi.pb.edu.pl\/p\/\",\"name\":\"Strony pracownik\u00f3w Wydzia\u0142u Informatyki Politechniki Bia\u0142ostockiej\",\"description\":\"\",\"potentialAction\":[{\"@type\":\"SearchAction\",\"target\":{\"@type\":\"EntryPoint\",\"urlTemplate\":\"https:\/\/wi.pb.edu.pl\/p\/?s={search_term_string}\"},\"query-input\":{\"@type\":\"PropertyValueSpecification\",\"valueRequired\":true,\"valueName\":\"search_term_string\"}}],\"inLanguage\":\"pl-PL\"}]}<\/script>\n<!-- \/ Yoast SEO plugin. -->","yoast_head_json":{"title":"Seminarium \"Podstawowe narz\u0119dzia warsztatu naukowca\" - Strony pracownik\u00f3w Wydzia\u0142u Informatyki Politechniki Bia\u0142ostockiej","robots":{"index":"index","follow":"follow","max-snippet":"max-snippet:-1","max-image-preview":"max-image-preview:large","max-video-preview":"max-video-preview:-1"},"canonical":"https:\/\/wi.pb.edu.pl\/p\/marek-j-druzdzel\/zajecia\/seminarium-podstawowe-narzedzia-warsztatu-naukowca\/","og_locale":"pl_PL","og_type":"article","og_title":"Seminarium \"Podstawowe narz\u0119dzia warsztatu naukowca\" - Strony pracownik\u00f3w Wydzia\u0142u Informatyki Politechniki Bia\u0142ostockiej","og_description":"Semestr letni 2023-2024, srody, 17:40-19:10 (sala WA-29C) (Do godziny 17-tej otwarte jest wejscie od parkinguwi\u0119cej","og_url":"https:\/\/wi.pb.edu.pl\/p\/marek-j-druzdzel\/zajecia\/seminarium-podstawowe-narzedzia-warsztatu-naukowca\/","og_site_name":"Strony pracownik\u00f3w Wydzia\u0142u Informatyki Politechniki Bia\u0142ostockiej","article_modified_time":"2024-07-16T09:35:57+00:00","twitter_card":"summary_large_image","twitter_misc":{"Szacowany czas czytania":"5 minut"},"schema":{"@context":"https:\/\/schema.org","@graph":[{"@type":"WebPage","@id":"https:\/\/wi.pb.edu.pl\/p\/marek-j-druzdzel\/zajecia\/seminarium-podstawowe-narzedzia-warsztatu-naukowca\/","url":"https:\/\/wi.pb.edu.pl\/p\/marek-j-druzdzel\/zajecia\/seminarium-podstawowe-narzedzia-warsztatu-naukowca\/","name":"Seminarium \"Podstawowe narz\u0119dzia warsztatu naukowca\" - Strony pracownik\u00f3w Wydzia\u0142u Informatyki Politechniki Bia\u0142ostockiej","isPartOf":{"@id":"https:\/\/wi.pb.edu.pl\/p\/#website"},"datePublished":"2024-07-16T09:15:55+00:00","dateModified":"2024-07-16T09:35:57+00:00","breadcrumb":{"@id":"https:\/\/wi.pb.edu.pl\/p\/marek-j-druzdzel\/zajecia\/seminarium-podstawowe-narzedzia-warsztatu-naukowca\/#breadcrumb"},"inLanguage":"pl-PL","potentialAction":[{"@type":"ReadAction","target":["https:\/\/wi.pb.edu.pl\/p\/marek-j-druzdzel\/zajecia\/seminarium-podstawowe-narzedzia-warsztatu-naukowca\/"]}]},{"@type":"BreadcrumbList","@id":"https:\/\/wi.pb.edu.pl\/p\/marek-j-druzdzel\/zajecia\/seminarium-podstawowe-narzedzia-warsztatu-naukowca\/#breadcrumb","itemListElement":[{"@type":"ListItem","position":1,"name":"Strona g\u0142\u00f3wna","item":"https:\/\/wi.pb.edu.pl\/p\/"},{"@type":"ListItem","position":2,"name":"dr hab. in\u017c. Marek J. Dru\u017cdzel","item":"https:\/\/wi.pb.edu.pl\/p\/marek-j-druzdzel\/"},{"@type":"ListItem","position":3,"name":"Zaj\u0119cia","item":"https:\/\/wi.pb.edu.pl\/p\/marek-j-druzdzel\/zajecia\/"},{"@type":"ListItem","position":4,"name":"Seminarium &#8222;Podstawowe narz\u0119dzia warsztatu naukowca&#8221;"}]},{"@type":"WebSite","@id":"https:\/\/wi.pb.edu.pl\/p\/#website","url":"https:\/\/wi.pb.edu.pl\/p\/","name":"Strony pracownik\u00f3w Wydzia\u0142u Informatyki Politechniki Bia\u0142ostockiej","description":"","potentialAction":[{"@type":"SearchAction","target":{"@type":"EntryPoint","urlTemplate":"https:\/\/wi.pb.edu.pl\/p\/?s={search_term_string}"},"query-input":{"@type":"PropertyValueSpecification","valueRequired":true,"valueName":"search_term_string"}}],"inLanguage":"pl-PL"}]}},"_links":{"self":[{"href":"https:\/\/wi.pb.edu.pl\/p\/wp-json\/wp\/v2\/pages\/139","targetHints":{"allow":["GET"]}}],"collection":[{"href":"https:\/\/wi.pb.edu.pl\/p\/wp-json\/wp\/v2\/pages"}],"about":[{"href":"https:\/\/wi.pb.edu.pl\/p\/wp-json\/wp\/v2\/types\/page"}],"author":[{"embeddable":true,"href":"https:\/\/wi.pb.edu.pl\/p\/wp-json\/wp\/v2\/users\/14"}],"replies":[{"embeddable":true,"href":"https:\/\/wi.pb.edu.pl\/p\/wp-json\/wp\/v2\/comments?post=139"}],"version-history":[{"count":4,"href":"https:\/\/wi.pb.edu.pl\/p\/wp-json\/wp\/v2\/pages\/139\/revisions"}],"predecessor-version":[{"id":173,"href":"https:\/\/wi.pb.edu.pl\/p\/wp-json\/wp\/v2\/pages\/139\/revisions\/173"}],"up":[{"embeddable":true,"href":"https:\/\/wi.pb.edu.pl\/p\/wp-json\/wp\/v2\/pages\/98"}],"wp:attachment":[{"href":"https:\/\/wi.pb.edu.pl\/p\/wp-json\/wp\/v2\/media?parent=139"}],"curies":[{"name":"wp","href":"https:\/\/api.w.org\/{rel}","templated":true}]}}