{"id":1705,"date":"2024-08-19T09:15:11","date_gmt":"2024-08-19T07:15:11","guid":{"rendered":"https:\/\/wi.pb.edu.pl\/p\/?page_id=1705"},"modified":"2024-09-17T09:37:57","modified_gmt":"2024-09-17T07:37:57","slug":"stanislaw-jarzabek","status":"publish","type":"page","link":"https:\/\/wi.pb.edu.pl\/p\/stanislaw-jarzabek\/","title":{"rendered":"dr hab. Stanis\u0142aw Jarz\u0105bek"},"content":{"rendered":"<div class=\"table-responsive\">\n<table class=\"table table-bordered\">\n<tbody>\n<tr>\n<td>Struktura organizacyjna:<\/td>\n<td>Katedra Oprogramowania<\/td>\n<\/tr>\n<tr>\n<td>Stanowisko:<\/td>\n<td>profesor uczelni<\/td>\n<\/tr>\n<tr>\n<td>E-mail:<\/td>\n<td><a href=\"#\" rel=\"nofollow\"  onclick=\"this.href='mailto:' + 's.jarzabek' + '@' + 'pb.edu.pl'\">s.jarzabek [at] pb.edu.pl<\/a><\/td>\n<\/tr>\n<tr>\n<td>Telefon:<\/td>\n<td>85 746 91 03<\/td>\n<\/tr>\n<tr>\n<td>Pok\u00f3j:<\/td>\n<td>A132 (131)<\/td>\n<\/tr>\n<tr>\n<td><a href=\"https:\/\/bazawiedzy.pb.edu.pl\/info.seam?id=BUT97cac1950e8d40a58ce5d359d2b534a0&amp;affil=&amp;lang=pl\" target=\"blank\" rel=\"noopener\">Publikacje<\/a><\/td>\n<td>&nbsp;<\/td>\n<\/tr>\n<tr>\n<td colspan=\"2\">Tytu\u0142 magisterski (1972) i doktorski (1979) uzyska\u0142em na Uniwesytecie Warszawskim, a tytu\u0142 doktora habilitowanego (2014) na Politechnice Warszawskiej. W latach 1972-82 pracowalem w Instytucie Maszyn Matematycznych IMM przy ul. Krzywickiego w Warszawie, prowadz\u0105c badania w dziedzinie automatycznej konstrukcji translator\u00f3w. Zajmowa\u0142em si\u0119 faz\u0105 optymalizacji program\u00f3w i analiz\u0105 semantyczn\u0105 w oparciu o metody gramatyk atrybutowych. Nast\u0119pnie pracowa\u0142em na University of Maiduguri jako Lecturer (1982-84), na McMaster University jako Assistant Professor (1984-89), jako Research Mananger w singapurskiej firmie CSA Research Pte Ltd (1990-92), i jako Associate Professor na National University of Singapore (1992-2015). Urlopy naukowe odbylem we Fraunhofer Institute for Experimental Software Engineering, Kaiserslautern, Niemcy, i na University of Waterloo, gdzie w latach 2000-2006 mia\u0142em stanowisko Adjunct Associate Professor na Wydziale Electrical &amp; Computer Engineering.<\/p>\n<p>Moje badania naukowe skupiaj\u0105 si\u0119 na in\u017cynierii oprogramowania, wielokrotnego wykrzystania program\u00f3w (software reuse), i modernizacji program\u00f3w (software reverse engineering and re-engineering). W ostatnich latach rozszerzy\u0142em swoje zainteresowania badawcze na zastosowania technologii komputerowych, zw\u0142aszcza telefon\u00f3w kom\u00f3rkowych w s\u0142u\u017cbie zdrowia (eZdrowie, mHealth, mobile health), pracuj\u0105c z doktorami wydzia\u0142u Psychologicznej Medycyny na NUS nad wspomaganiem psychoterapii telefonami kom\u00f3rkowymi, monitorowaniem pacjent\u00f3w przy pomocy smartfon\u00f3w, i mobilnymi metodami samo-oceny nastroju i emocji.<\/td>\n<\/tr>\n<\/tbody>\n<\/table>\n<\/div>\n","protected":false},"excerpt":{"rendered":"<p>Struktura organizacyjna: Katedra Oprogramowania Stanowisko: profesor uczelni E-mail: Telefon: 85 746 91 03 Pok\u00f3j: A132<a class=\"read-more\" href=\"https:\/\/wi.pb.edu.pl\/p\/stanislaw-jarzabek\/\" title=\"Poka\u017c artyku\u0142 dr hab. Stanis\u0142aw Jarz\u0105bek\">wi\u0119cej<\/a><\/p>\n","protected":false},"author":14,"featured_media":0,"parent":0,"menu_order":0,"comment_status":"closed","ping_status":"closed","template":"","meta":{"inline_featured_image":false,"ngg_post_thumbnail":0,"footnotes":""},"class_list":["post-1705","page","type-page","status-publish","hentry"],"acf":[],"yoast_head":"<!-- This site is optimized with the Yoast SEO plugin v26.4 - https:\/\/yoast.com\/wordpress\/plugins\/seo\/ -->\n<title>dr hab. Stanis\u0142aw Jarz\u0105bek - Strony pracownik\u00f3w Wydzia\u0142u Informatyki Politechniki Bia\u0142ostockiej<\/title>\n<meta name=\"robots\" content=\"index, follow, max-snippet:-1, max-image-preview:large, max-video-preview:-1\" \/>\n<link rel=\"canonical\" href=\"https:\/\/wi.pb.edu.pl\/p\/stanislaw-jarzabek\/\" \/>\n<meta property=\"og:locale\" content=\"pl_PL\" \/>\n<meta property=\"og:type\" content=\"article\" \/>\n<meta property=\"og:title\" content=\"dr hab. Stanis\u0142aw Jarz\u0105bek - Strony pracownik\u00f3w Wydzia\u0142u Informatyki Politechniki Bia\u0142ostockiej\" \/>\n<meta property=\"og:description\" content=\"Struktura organizacyjna: Katedra Oprogramowania Stanowisko: profesor uczelni E-mail: Telefon: 85 746 91 03 Pok\u00f3j: A132wi\u0119cej\" \/>\n<meta property=\"og:url\" content=\"https:\/\/wi.pb.edu.pl\/p\/stanislaw-jarzabek\/\" \/>\n<meta property=\"og:site_name\" content=\"Strony pracownik\u00f3w Wydzia\u0142u Informatyki Politechniki Bia\u0142ostockiej\" \/>\n<meta property=\"article:modified_time\" content=\"2024-09-17T07:37:57+00:00\" \/>\n<meta name=\"twitter:card\" content=\"summary_large_image\" \/>\n<meta name=\"twitter:label1\" content=\"Szacowany czas czytania\" \/>\n\t<meta name=\"twitter:data1\" content=\"2 minuty\" \/>\n<script type=\"application\/ld+json\" class=\"yoast-schema-graph\">{\"@context\":\"https:\/\/schema.org\",\"@graph\":[{\"@type\":\"WebPage\",\"@id\":\"https:\/\/wi.pb.edu.pl\/p\/stanislaw-jarzabek\/\",\"url\":\"https:\/\/wi.pb.edu.pl\/p\/stanislaw-jarzabek\/\",\"name\":\"dr hab. Stanis\u0142aw Jarz\u0105bek - Strony pracownik\u00f3w Wydzia\u0142u Informatyki Politechniki Bia\u0142ostockiej\",\"isPartOf\":{\"@id\":\"https:\/\/wi.pb.edu.pl\/p\/#website\"},\"datePublished\":\"2024-08-19T07:15:11+00:00\",\"dateModified\":\"2024-09-17T07:37:57+00:00\",\"breadcrumb\":{\"@id\":\"https:\/\/wi.pb.edu.pl\/p\/stanislaw-jarzabek\/#breadcrumb\"},\"inLanguage\":\"pl-PL\",\"potentialAction\":[{\"@type\":\"ReadAction\",\"target\":[\"https:\/\/wi.pb.edu.pl\/p\/stanislaw-jarzabek\/\"]}]},{\"@type\":\"BreadcrumbList\",\"@id\":\"https:\/\/wi.pb.edu.pl\/p\/stanislaw-jarzabek\/#breadcrumb\",\"itemListElement\":[{\"@type\":\"ListItem\",\"position\":1,\"name\":\"Strona g\u0142\u00f3wna\",\"item\":\"https:\/\/wi.pb.edu.pl\/p\/\"},{\"@type\":\"ListItem\",\"position\":2,\"name\":\"dr hab. Stanis\u0142aw Jarz\u0105bek\"}]},{\"@type\":\"WebSite\",\"@id\":\"https:\/\/wi.pb.edu.pl\/p\/#website\",\"url\":\"https:\/\/wi.pb.edu.pl\/p\/\",\"name\":\"Strony pracownik\u00f3w Wydzia\u0142u Informatyki Politechniki Bia\u0142ostockiej\",\"description\":\"\",\"potentialAction\":[{\"@type\":\"SearchAction\",\"target\":{\"@type\":\"EntryPoint\",\"urlTemplate\":\"https:\/\/wi.pb.edu.pl\/p\/?s={search_term_string}\"},\"query-input\":{\"@type\":\"PropertyValueSpecification\",\"valueRequired\":true,\"valueName\":\"search_term_string\"}}],\"inLanguage\":\"pl-PL\"}]}<\/script>\n<!-- \/ Yoast SEO plugin. -->","yoast_head_json":{"title":"dr hab. Stanis\u0142aw Jarz\u0105bek - Strony pracownik\u00f3w Wydzia\u0142u Informatyki Politechniki Bia\u0142ostockiej","robots":{"index":"index","follow":"follow","max-snippet":"max-snippet:-1","max-image-preview":"max-image-preview:large","max-video-preview":"max-video-preview:-1"},"canonical":"https:\/\/wi.pb.edu.pl\/p\/stanislaw-jarzabek\/","og_locale":"pl_PL","og_type":"article","og_title":"dr hab. Stanis\u0142aw Jarz\u0105bek - Strony pracownik\u00f3w Wydzia\u0142u Informatyki Politechniki Bia\u0142ostockiej","og_description":"Struktura organizacyjna: Katedra Oprogramowania Stanowisko: profesor uczelni E-mail: Telefon: 85 746 91 03 Pok\u00f3j: A132wi\u0119cej","og_url":"https:\/\/wi.pb.edu.pl\/p\/stanislaw-jarzabek\/","og_site_name":"Strony pracownik\u00f3w Wydzia\u0142u Informatyki Politechniki Bia\u0142ostockiej","article_modified_time":"2024-09-17T07:37:57+00:00","twitter_card":"summary_large_image","twitter_misc":{"Szacowany czas czytania":"2 minuty"},"schema":{"@context":"https:\/\/schema.org","@graph":[{"@type":"WebPage","@id":"https:\/\/wi.pb.edu.pl\/p\/stanislaw-jarzabek\/","url":"https:\/\/wi.pb.edu.pl\/p\/stanislaw-jarzabek\/","name":"dr hab. Stanis\u0142aw Jarz\u0105bek - Strony pracownik\u00f3w Wydzia\u0142u Informatyki Politechniki Bia\u0142ostockiej","isPartOf":{"@id":"https:\/\/wi.pb.edu.pl\/p\/#website"},"datePublished":"2024-08-19T07:15:11+00:00","dateModified":"2024-09-17T07:37:57+00:00","breadcrumb":{"@id":"https:\/\/wi.pb.edu.pl\/p\/stanislaw-jarzabek\/#breadcrumb"},"inLanguage":"pl-PL","potentialAction":[{"@type":"ReadAction","target":["https:\/\/wi.pb.edu.pl\/p\/stanislaw-jarzabek\/"]}]},{"@type":"BreadcrumbList","@id":"https:\/\/wi.pb.edu.pl\/p\/stanislaw-jarzabek\/#breadcrumb","itemListElement":[{"@type":"ListItem","position":1,"name":"Strona g\u0142\u00f3wna","item":"https:\/\/wi.pb.edu.pl\/p\/"},{"@type":"ListItem","position":2,"name":"dr hab. Stanis\u0142aw Jarz\u0105bek"}]},{"@type":"WebSite","@id":"https:\/\/wi.pb.edu.pl\/p\/#website","url":"https:\/\/wi.pb.edu.pl\/p\/","name":"Strony pracownik\u00f3w Wydzia\u0142u Informatyki Politechniki Bia\u0142ostockiej","description":"","potentialAction":[{"@type":"SearchAction","target":{"@type":"EntryPoint","urlTemplate":"https:\/\/wi.pb.edu.pl\/p\/?s={search_term_string}"},"query-input":{"@type":"PropertyValueSpecification","valueRequired":true,"valueName":"search_term_string"}}],"inLanguage":"pl-PL"}]}},"_links":{"self":[{"href":"https:\/\/wi.pb.edu.pl\/p\/wp-json\/wp\/v2\/pages\/1705","targetHints":{"allow":["GET"]}}],"collection":[{"href":"https:\/\/wi.pb.edu.pl\/p\/wp-json\/wp\/v2\/pages"}],"about":[{"href":"https:\/\/wi.pb.edu.pl\/p\/wp-json\/wp\/v2\/types\/page"}],"author":[{"embeddable":true,"href":"https:\/\/wi.pb.edu.pl\/p\/wp-json\/wp\/v2\/users\/14"}],"replies":[{"embeddable":true,"href":"https:\/\/wi.pb.edu.pl\/p\/wp-json\/wp\/v2\/comments?post=1705"}],"version-history":[{"count":4,"href":"https:\/\/wi.pb.edu.pl\/p\/wp-json\/wp\/v2\/pages\/1705\/revisions"}],"predecessor-version":[{"id":1725,"href":"https:\/\/wi.pb.edu.pl\/p\/wp-json\/wp\/v2\/pages\/1705\/revisions\/1725"}],"wp:attachment":[{"href":"https:\/\/wi.pb.edu.pl\/p\/wp-json\/wp\/v2\/media?parent=1705"}],"curies":[{"name":"wp","href":"https:\/\/api.w.org\/{rel}","templated":true}]}}