{"id":1709,"date":"2024-08-19T09:18:57","date_gmt":"2024-08-19T07:18:57","guid":{"rendered":"https:\/\/wi.pb.edu.pl\/p\/?page_id=1709"},"modified":"2026-02-17T10:14:55","modified_gmt":"2026-02-17T09:14:55","slug":"marcin-kozniewski","status":"publish","type":"page","link":"https:\/\/wi.pb.edu.pl\/p\/marcin-kozniewski\/","title":{"rendered":"dr in\u017c. Marcin Ko\u017aniewski"},"content":{"rendered":"<div class=\"table-responsive\">\n<table class=\"table table-bordered\">\n<tbody>\n<tr>\n<td>Struktura organizacyjna:<\/td>\n<td>Katedra Oprogramowania<\/td>\n<\/tr>\n<tr>\n<td>Stanowisko:<\/td>\n<td>adiunkt<\/td>\n<\/tr>\n<tr>\n<td>E-mail:<\/td>\n<td class=\"pedx\"><a href=\"#\" rel=\"nofollow\"  onclick=\"this.href='mailto:' + 'm.kozniewski' + '@' + 'pb.edu.pl'\">m.kozniewski [at] pb.edu.pl<\/a><\/td>\n<\/tr>\n<tr>\n<td>Telefon:<\/td>\n<td>&nbsp;<\/td>\n<\/tr>\n<tr>\n<td>Pok\u00f3j:<\/td>\n<td>A219<\/td>\n<\/tr>\n<tr>\n<td><a href=\"https:\/\/degra.wi.pb.edu.pl\/rozklady\/rozklad.php?id=295&amp;page=nau&amp;submit=\" target=\"blank\" rel=\"noopener\">Rozk\u0142ad zaj\u0119\u0107<\/a><\/td>\n<td>&nbsp;<\/td>\n<\/tr>\n<tr>\n<td><a href=\"https:\/\/bazawiedzy.pb.edu.pl\/info.seam?id=BUTc34ff0769d45448e8dcf92683f1f272c&amp;affil=&amp;lang=pl\" target=\"blank\" rel=\"noopener\">Publikacje &#8211; Baza Wiedzy<\/a><\/td>\n<td>&nbsp;<\/td>\n<\/tr>\n<tr>\n<td><a href=\"https:\/\/www.researchgate.net\/profile\/Marcin-Kozniewski\" target=\"blank\" rel=\"noopener\">Publikacje &#8211; Research Gate<\/a><\/td>\n<td>&nbsp;<\/td>\n<\/tr>\n<tr>\n<td colspan=\"2\">\n<div>Absolwent kierunk\u00f3w informatyka i matematyka na Wydziale Informatyki Politechniki Bia\u0142ostockiej. W 2019 roku uzyska\u0142 doktorat w School of Computing and Information na University of Pittsburgh w USA. By\u0142 tam zatrudniony w ramach realizacji grant\u00f3w badawczych z DoD i NIH. W 2016 roku odby\u0142 praktyk\u0119 badawcz\u0105 w IBM TJ Watson Research Center w Yorktown Heights (NY, USA). Zajmowa\u0142 si\u0119 tam modelowaniem wybranych zjawisk spo\u0142ecznych oraz zale\u017cno\u015bci mi\u0119dzy nimi. Na Wydziale Informatyki Politechniki Bia\u0142ostockiej prowadzi zaj\u0119cia z szerokiego zakresu przedmiot\u00f3w zwi\u0105zanych z przetwarzaniem danych. Wsp\u00f3\u0142pracuje z bia\u0142ostockim oddzia\u0142em Biura Urz\u0105dzania Lasu i Geodezji Le\u015bnej gdzie dokonuje eksploracji danych przestrzennych pozyskiwanych zdalnie i in situ.<\/div>\n<div>&nbsp;<\/div>\n<div>Moje do\u015bwiadczenie naukowe koncentruje si\u0119 na interdyscyplinarnym zastosowaniu zaawansowanych metod analizy danych w kontek\u015bcie \u015brodowiska, ze szczeg\u00f3lnym uwzgl\u0119dnieniem system\u00f3w wspomagania decyzji opartych na probabilistycznych modelach graficznych. Kluczowym obszarem zainteresowa\u0144 s\u0105 sieci bayesowskie, wykorzystywane do modelowania niepewno\u015bci w z\u0142o\u017conych systemach decyzyjnych, co znajduje praktyczne zastosowanie m.in. w zarz\u0105dzaniu zasobami naturalnymi. Istotnym elementem bada\u0144 jest r\u00f3wnie\u017c przetwarzanie danych przestrzennych pozyskiwanych zdalnie \u2013 zar\u00f3wno z pu\u0142apu lotniczego, jak i bezza\u0142ogowych statk\u00f3w powietrznych (BSP). Analiza obejmuje chmury punkt\u00f3w generowane na podstawie lotniczego skanowania laserowego oraz fotogrametrii, jak r\u00f3wnie\u017c automatyczn\u0105 interpretacj\u0119 zdj\u0119\u0107 wykonanych z dron\u00f3w. Uzyskane dane s\u0105 wykorzystywane do budowy modeli wspomagaj\u0105cych zarz\u0105dzanie w takich obszarach jak le\u015bnictwo i hydrologia, w tym do modelowania proces\u00f3w hydrologicznych i oceny zasob\u00f3w le\u015bnych.<\/div>\n<\/td>\n<\/tr>\n<\/tbody>\n<\/table>\n<\/div>\n","protected":false},"excerpt":{"rendered":"<p>Struktura organizacyjna: Katedra Oprogramowania Stanowisko: adiunkt E-mail: Telefon: &nbsp; Pok\u00f3j: A219 Rozk\u0142ad zaj\u0119\u0107 &nbsp; Publikacje<a class=\"read-more\" href=\"https:\/\/wi.pb.edu.pl\/p\/marcin-kozniewski\/\" title=\"Poka\u017c artyku\u0142 dr in\u017c. Marcin Ko\u017aniewski\">wi\u0119cej<\/a><\/p>\n","protected":false},"author":14,"featured_media":0,"parent":0,"menu_order":0,"comment_status":"closed","ping_status":"closed","template":"","meta":{"inline_featured_image":false,"ngg_post_thumbnail":0,"footnotes":""},"class_list":["post-1709","page","type-page","status-publish","hentry"],"acf":[],"yoast_head":"<!-- This site is optimized with the Yoast SEO plugin v26.4 - https:\/\/yoast.com\/wordpress\/plugins\/seo\/ -->\n<title>dr in\u017c. Marcin Ko\u017aniewski - Strony pracownik\u00f3w Wydzia\u0142u Informatyki Politechniki Bia\u0142ostockiej<\/title>\n<meta name=\"robots\" content=\"index, follow, max-snippet:-1, max-image-preview:large, max-video-preview:-1\" \/>\n<link rel=\"canonical\" href=\"https:\/\/wi.pb.edu.pl\/p\/marcin-kozniewski\/\" \/>\n<meta property=\"og:locale\" content=\"pl_PL\" \/>\n<meta property=\"og:type\" content=\"article\" \/>\n<meta property=\"og:title\" content=\"dr in\u017c. Marcin Ko\u017aniewski - Strony pracownik\u00f3w Wydzia\u0142u Informatyki Politechniki Bia\u0142ostockiej\" \/>\n<meta property=\"og:description\" content=\"Struktura organizacyjna: Katedra Oprogramowania Stanowisko: adiunkt E-mail: Telefon: &nbsp; Pok\u00f3j: A219 Rozk\u0142ad zaj\u0119\u0107 &nbsp; Publikacjewi\u0119cej\" \/>\n<meta property=\"og:url\" content=\"https:\/\/wi.pb.edu.pl\/p\/marcin-kozniewski\/\" \/>\n<meta property=\"og:site_name\" content=\"Strony pracownik\u00f3w Wydzia\u0142u Informatyki Politechniki Bia\u0142ostockiej\" \/>\n<meta property=\"article:modified_time\" content=\"2026-02-17T09:14:55+00:00\" \/>\n<meta name=\"twitter:card\" content=\"summary_large_image\" \/>\n<meta name=\"twitter:label1\" content=\"Szacowany czas czytania\" \/>\n\t<meta name=\"twitter:data1\" content=\"2 minuty\" \/>\n<script type=\"application\/ld+json\" class=\"yoast-schema-graph\">{\"@context\":\"https:\/\/schema.org\",\"@graph\":[{\"@type\":\"WebPage\",\"@id\":\"https:\/\/wi.pb.edu.pl\/p\/marcin-kozniewski\/\",\"url\":\"https:\/\/wi.pb.edu.pl\/p\/marcin-kozniewski\/\",\"name\":\"dr in\u017c. Marcin Ko\u017aniewski - Strony pracownik\u00f3w Wydzia\u0142u Informatyki Politechniki Bia\u0142ostockiej\",\"isPartOf\":{\"@id\":\"https:\/\/wi.pb.edu.pl\/p\/#website\"},\"datePublished\":\"2024-08-19T07:18:57+00:00\",\"dateModified\":\"2026-02-17T09:14:55+00:00\",\"breadcrumb\":{\"@id\":\"https:\/\/wi.pb.edu.pl\/p\/marcin-kozniewski\/#breadcrumb\"},\"inLanguage\":\"pl-PL\",\"potentialAction\":[{\"@type\":\"ReadAction\",\"target\":[\"https:\/\/wi.pb.edu.pl\/p\/marcin-kozniewski\/\"]}]},{\"@type\":\"BreadcrumbList\",\"@id\":\"https:\/\/wi.pb.edu.pl\/p\/marcin-kozniewski\/#breadcrumb\",\"itemListElement\":[{\"@type\":\"ListItem\",\"position\":1,\"name\":\"Strona g\u0142\u00f3wna\",\"item\":\"https:\/\/wi.pb.edu.pl\/p\/\"},{\"@type\":\"ListItem\",\"position\":2,\"name\":\"dr in\u017c. Marcin Ko\u017aniewski\"}]},{\"@type\":\"WebSite\",\"@id\":\"https:\/\/wi.pb.edu.pl\/p\/#website\",\"url\":\"https:\/\/wi.pb.edu.pl\/p\/\",\"name\":\"Strony pracownik\u00f3w Wydzia\u0142u Informatyki Politechniki Bia\u0142ostockiej\",\"description\":\"\",\"potentialAction\":[{\"@type\":\"SearchAction\",\"target\":{\"@type\":\"EntryPoint\",\"urlTemplate\":\"https:\/\/wi.pb.edu.pl\/p\/?s={search_term_string}\"},\"query-input\":{\"@type\":\"PropertyValueSpecification\",\"valueRequired\":true,\"valueName\":\"search_term_string\"}}],\"inLanguage\":\"pl-PL\"}]}<\/script>\n<!-- \/ Yoast SEO plugin. -->","yoast_head_json":{"title":"dr in\u017c. Marcin Ko\u017aniewski - Strony pracownik\u00f3w Wydzia\u0142u Informatyki Politechniki Bia\u0142ostockiej","robots":{"index":"index","follow":"follow","max-snippet":"max-snippet:-1","max-image-preview":"max-image-preview:large","max-video-preview":"max-video-preview:-1"},"canonical":"https:\/\/wi.pb.edu.pl\/p\/marcin-kozniewski\/","og_locale":"pl_PL","og_type":"article","og_title":"dr in\u017c. Marcin Ko\u017aniewski - Strony pracownik\u00f3w Wydzia\u0142u Informatyki Politechniki Bia\u0142ostockiej","og_description":"Struktura organizacyjna: Katedra Oprogramowania Stanowisko: adiunkt E-mail: Telefon: &nbsp; Pok\u00f3j: A219 Rozk\u0142ad zaj\u0119\u0107 &nbsp; Publikacjewi\u0119cej","og_url":"https:\/\/wi.pb.edu.pl\/p\/marcin-kozniewski\/","og_site_name":"Strony pracownik\u00f3w Wydzia\u0142u Informatyki Politechniki Bia\u0142ostockiej","article_modified_time":"2026-02-17T09:14:55+00:00","twitter_card":"summary_large_image","twitter_misc":{"Szacowany czas czytania":"2 minuty"},"schema":{"@context":"https:\/\/schema.org","@graph":[{"@type":"WebPage","@id":"https:\/\/wi.pb.edu.pl\/p\/marcin-kozniewski\/","url":"https:\/\/wi.pb.edu.pl\/p\/marcin-kozniewski\/","name":"dr in\u017c. Marcin Ko\u017aniewski - Strony pracownik\u00f3w Wydzia\u0142u Informatyki Politechniki Bia\u0142ostockiej","isPartOf":{"@id":"https:\/\/wi.pb.edu.pl\/p\/#website"},"datePublished":"2024-08-19T07:18:57+00:00","dateModified":"2026-02-17T09:14:55+00:00","breadcrumb":{"@id":"https:\/\/wi.pb.edu.pl\/p\/marcin-kozniewski\/#breadcrumb"},"inLanguage":"pl-PL","potentialAction":[{"@type":"ReadAction","target":["https:\/\/wi.pb.edu.pl\/p\/marcin-kozniewski\/"]}]},{"@type":"BreadcrumbList","@id":"https:\/\/wi.pb.edu.pl\/p\/marcin-kozniewski\/#breadcrumb","itemListElement":[{"@type":"ListItem","position":1,"name":"Strona g\u0142\u00f3wna","item":"https:\/\/wi.pb.edu.pl\/p\/"},{"@type":"ListItem","position":2,"name":"dr in\u017c. Marcin Ko\u017aniewski"}]},{"@type":"WebSite","@id":"https:\/\/wi.pb.edu.pl\/p\/#website","url":"https:\/\/wi.pb.edu.pl\/p\/","name":"Strony pracownik\u00f3w Wydzia\u0142u Informatyki Politechniki Bia\u0142ostockiej","description":"","potentialAction":[{"@type":"SearchAction","target":{"@type":"EntryPoint","urlTemplate":"https:\/\/wi.pb.edu.pl\/p\/?s={search_term_string}"},"query-input":{"@type":"PropertyValueSpecification","valueRequired":true,"valueName":"search_term_string"}}],"inLanguage":"pl-PL"}]}},"_links":{"self":[{"href":"https:\/\/wi.pb.edu.pl\/p\/wp-json\/wp\/v2\/pages\/1709","targetHints":{"allow":["GET"]}}],"collection":[{"href":"https:\/\/wi.pb.edu.pl\/p\/wp-json\/wp\/v2\/pages"}],"about":[{"href":"https:\/\/wi.pb.edu.pl\/p\/wp-json\/wp\/v2\/types\/page"}],"author":[{"embeddable":true,"href":"https:\/\/wi.pb.edu.pl\/p\/wp-json\/wp\/v2\/users\/14"}],"replies":[{"embeddable":true,"href":"https:\/\/wi.pb.edu.pl\/p\/wp-json\/wp\/v2\/comments?post=1709"}],"version-history":[{"count":3,"href":"https:\/\/wi.pb.edu.pl\/p\/wp-json\/wp\/v2\/pages\/1709\/revisions"}],"predecessor-version":[{"id":1976,"href":"https:\/\/wi.pb.edu.pl\/p\/wp-json\/wp\/v2\/pages\/1709\/revisions\/1976"}],"wp:attachment":[{"href":"https:\/\/wi.pb.edu.pl\/p\/wp-json\/wp\/v2\/media?parent=1709"}],"curies":[{"name":"wp","href":"https:\/\/api.w.org\/{rel}","templated":true}]}}