{"id":176,"date":"2024-07-16T11:39:39","date_gmt":"2024-07-16T09:39:39","guid":{"rendered":"https:\/\/wi.pb.edu.pl\/p\/?page_id=176"},"modified":"2024-07-16T11:39:39","modified_gmt":"2024-07-16T09:39:39","slug":"wprowadzenie-do-teorii-decyzji-i-analizy-decyzji","status":"publish","type":"page","link":"https:\/\/wi.pb.edu.pl\/p\/marek-j-druzdzel\/zajecia\/wprowadzenie-do-teorii-decyzji-i-analizy-decyzji\/","title":{"rendered":"Wprowadzenie do teorii decyzji i analizy decyzji"},"content":{"rendered":"<p>Wykladowca:&nbsp;Marek J. Druzdzel<\/p>\n<h4>Plan zajec semestr zimowy 2023-2024:<\/h4>\n<h5>25 pazdziernika 2023:<\/h5>\n<p>Getting to know each other; organization and overview of the course. Decision making; uncertainty, preferences, and actions; motivation for decision support; decision support systems. Rationality, rational behavior; good decisions vs. good outcomes; foundations of decision-analytic approach to decision support.<\/p>\n<h5>15 listopada 2023:<\/h5>\n<p>A brief overview of useful statistical techniques.<\/p>\n<h5>22 listopada 2023:<\/h5>\n<p>Bayesian networks. Introduction to GeNIe and SMILE?.<\/p>\n<h5>29 listopada 2023:<\/h5>\n<p>Structuring decisions, causality and probability.<\/p>\n<h5>6 grudnia 2023:<\/h5>\n<p>Subjective probability, elicitation of probabilities. Canonical probability distributions: Noisy-OR, -MAX, -AND, -MIN, DeMorgan gates. (non)Importance of precision in numerical parameters. Clarity test, sensitivity analysis, value of information.<\/p>\n<h5>13 grudnia 2023:<\/h5>\n<p>Learning Bayesian networks\/causal discovery.<\/p>\n<h5>20 grudnia 2023:<\/h5>\n<p>Model validation techniques.<\/p>\n<h5>10 stycznia 2024:<\/h5>\n<p>Risk attitudes. Quantification of preferences. Expected utility theory. Utility elicitation, sensitivity analysis, value of information.<\/p>\n<h5>17 stycznia 2024:<\/h5>\n<p>Conflicting objectives: basic techniques, multi-attribute utility functions.<\/p>\n<h5>24 stycznia 2024:<\/h5>\n<p>Influence diagrams.<\/p>\n<h4>Materialy z przedmiotu<\/h4>\n<p><a href=\"https:\/\/wi.pb.edu.pl\/p\/wp-content\/uploads\/sites\/3\/2024\/07\/00-Introduction.pdf\">00 Introduction<\/a><\/p>\n<p><a href=\"https:\/\/wi.pb.edu.pl\/p\/wp-content\/uploads\/sites\/3\/2024\/07\/01-Introduction-to-Bayesian-Inference.pdf\">01 Introduction to Bayesian Inference<\/a><\/p>\n<p><a href=\"https:\/\/wi.pb.edu.pl\/p\/wp-content\/uploads\/sites\/3\/2024\/07\/02-Bayesian-Networks.pdf\">02 Bayesian Networks<\/a><\/p>\n<p><a href=\"https:\/\/wi.pb.edu.pl\/p\/wp-content\/uploads\/sites\/3\/2024\/07\/03-Building-Bayesian-Networks.pdf\">03 Building Bayesian Networks<\/a><\/p>\n<p><a href=\"https:\/\/wi.pb.edu.pl\/p\/wp-content\/uploads\/sites\/3\/2024\/07\/05-Learning-Bayesian-Networks-and-Causal-Discovery.pdf\">05 Learning Bayesian Networks and Causal Discovery<\/a><\/p>\n<p><a href=\"https:\/\/wi.pb.edu.pl\/p\/wp-content\/uploads\/sites\/3\/2024\/07\/05a-Model-Validation-Techniques.pdf\">05a Model Validation Techniques<\/a><\/p>\n<p><a href=\"https:\/\/wi.pb.edu.pl\/p\/wp-content\/uploads\/sites\/3\/2024\/07\/07-Decision-Theory-and-Decision-Analysis.pdf\">07 Decision Theory and Decision Analysis<\/a><\/p>\n","protected":false},"excerpt":{"rendered":"<p>Wykladowca:&nbsp;Marek J. Druzdzel Plan zajec semestr zimowy 2023-2024: 25 pazdziernika 2023: Getting to know each<a class=\"read-more\" href=\"https:\/\/wi.pb.edu.pl\/p\/marek-j-druzdzel\/zajecia\/wprowadzenie-do-teorii-decyzji-i-analizy-decyzji\/\" title=\"Poka\u017c artyku\u0142 Wprowadzenie do teorii decyzji i analizy decyzji\">wi\u0119cej<\/a><\/p>\n","protected":false},"author":14,"featured_media":0,"parent":98,"menu_order":0,"comment_status":"closed","ping_status":"closed","template":"","meta":{"inline_featured_image":false,"ngg_post_thumbnail":0,"footnotes":""},"class_list":["post-176","page","type-page","status-publish","hentry"],"acf":[],"yoast_head":"<!-- This site is optimized with the Yoast SEO plugin v26.4 - https:\/\/yoast.com\/wordpress\/plugins\/seo\/ -->\n<title>Wprowadzenie do teorii decyzji i analizy decyzji - Strony pracownik\u00f3w Wydzia\u0142u Informatyki Politechniki Bia\u0142ostockiej<\/title>\n<meta name=\"robots\" content=\"index, follow, max-snippet:-1, max-image-preview:large, max-video-preview:-1\" \/>\n<link rel=\"canonical\" href=\"https:\/\/wi.pb.edu.pl\/p\/marek-j-druzdzel\/zajecia\/wprowadzenie-do-teorii-decyzji-i-analizy-decyzji\/\" \/>\n<meta property=\"og:locale\" content=\"pl_PL\" \/>\n<meta property=\"og:type\" content=\"article\" \/>\n<meta property=\"og:title\" content=\"Wprowadzenie do teorii decyzji i analizy decyzji - Strony pracownik\u00f3w Wydzia\u0142u Informatyki Politechniki Bia\u0142ostockiej\" \/>\n<meta property=\"og:description\" content=\"Wykladowca:&nbsp;Marek J. Druzdzel Plan zajec semestr zimowy 2023-2024: 25 pazdziernika 2023: Getting to know eachwi\u0119cej\" \/>\n<meta property=\"og:url\" content=\"https:\/\/wi.pb.edu.pl\/p\/marek-j-druzdzel\/zajecia\/wprowadzenie-do-teorii-decyzji-i-analizy-decyzji\/\" \/>\n<meta property=\"og:site_name\" content=\"Strony pracownik\u00f3w Wydzia\u0142u Informatyki Politechniki Bia\u0142ostockiej\" \/>\n<meta name=\"twitter:card\" content=\"summary_large_image\" \/>\n<meta name=\"twitter:label1\" content=\"Szacowany czas czytania\" \/>\n\t<meta name=\"twitter:data1\" content=\"2 minuty\" \/>\n<script type=\"application\/ld+json\" class=\"yoast-schema-graph\">{\"@context\":\"https:\/\/schema.org\",\"@graph\":[{\"@type\":\"WebPage\",\"@id\":\"https:\/\/wi.pb.edu.pl\/p\/marek-j-druzdzel\/zajecia\/wprowadzenie-do-teorii-decyzji-i-analizy-decyzji\/\",\"url\":\"https:\/\/wi.pb.edu.pl\/p\/marek-j-druzdzel\/zajecia\/wprowadzenie-do-teorii-decyzji-i-analizy-decyzji\/\",\"name\":\"Wprowadzenie do teorii decyzji i analizy decyzji - Strony pracownik\u00f3w Wydzia\u0142u Informatyki Politechniki Bia\u0142ostockiej\",\"isPartOf\":{\"@id\":\"https:\/\/wi.pb.edu.pl\/p\/#website\"},\"datePublished\":\"2024-07-16T09:39:39+00:00\",\"breadcrumb\":{\"@id\":\"https:\/\/wi.pb.edu.pl\/p\/marek-j-druzdzel\/zajecia\/wprowadzenie-do-teorii-decyzji-i-analizy-decyzji\/#breadcrumb\"},\"inLanguage\":\"pl-PL\",\"potentialAction\":[{\"@type\":\"ReadAction\",\"target\":[\"https:\/\/wi.pb.edu.pl\/p\/marek-j-druzdzel\/zajecia\/wprowadzenie-do-teorii-decyzji-i-analizy-decyzji\/\"]}]},{\"@type\":\"BreadcrumbList\",\"@id\":\"https:\/\/wi.pb.edu.pl\/p\/marek-j-druzdzel\/zajecia\/wprowadzenie-do-teorii-decyzji-i-analizy-decyzji\/#breadcrumb\",\"itemListElement\":[{\"@type\":\"ListItem\",\"position\":1,\"name\":\"Strona g\u0142\u00f3wna\",\"item\":\"https:\/\/wi.pb.edu.pl\/p\/\"},{\"@type\":\"ListItem\",\"position\":2,\"name\":\"dr hab. in\u017c. Marek J. Dru\u017cdzel\",\"item\":\"https:\/\/wi.pb.edu.pl\/p\/marek-j-druzdzel\/\"},{\"@type\":\"ListItem\",\"position\":3,\"name\":\"Zaj\u0119cia\",\"item\":\"https:\/\/wi.pb.edu.pl\/p\/marek-j-druzdzel\/zajecia\/\"},{\"@type\":\"ListItem\",\"position\":4,\"name\":\"Wprowadzenie do teorii decyzji i analizy decyzji\"}]},{\"@type\":\"WebSite\",\"@id\":\"https:\/\/wi.pb.edu.pl\/p\/#website\",\"url\":\"https:\/\/wi.pb.edu.pl\/p\/\",\"name\":\"Strony pracownik\u00f3w Wydzia\u0142u Informatyki Politechniki Bia\u0142ostockiej\",\"description\":\"\",\"potentialAction\":[{\"@type\":\"SearchAction\",\"target\":{\"@type\":\"EntryPoint\",\"urlTemplate\":\"https:\/\/wi.pb.edu.pl\/p\/?s={search_term_string}\"},\"query-input\":{\"@type\":\"PropertyValueSpecification\",\"valueRequired\":true,\"valueName\":\"search_term_string\"}}],\"inLanguage\":\"pl-PL\"}]}<\/script>\n<!-- \/ Yoast SEO plugin. -->","yoast_head_json":{"title":"Wprowadzenie do teorii decyzji i analizy decyzji - Strony pracownik\u00f3w Wydzia\u0142u Informatyki Politechniki Bia\u0142ostockiej","robots":{"index":"index","follow":"follow","max-snippet":"max-snippet:-1","max-image-preview":"max-image-preview:large","max-video-preview":"max-video-preview:-1"},"canonical":"https:\/\/wi.pb.edu.pl\/p\/marek-j-druzdzel\/zajecia\/wprowadzenie-do-teorii-decyzji-i-analizy-decyzji\/","og_locale":"pl_PL","og_type":"article","og_title":"Wprowadzenie do teorii decyzji i analizy decyzji - Strony pracownik\u00f3w Wydzia\u0142u Informatyki Politechniki Bia\u0142ostockiej","og_description":"Wykladowca:&nbsp;Marek J. Druzdzel Plan zajec semestr zimowy 2023-2024: 25 pazdziernika 2023: Getting to know eachwi\u0119cej","og_url":"https:\/\/wi.pb.edu.pl\/p\/marek-j-druzdzel\/zajecia\/wprowadzenie-do-teorii-decyzji-i-analizy-decyzji\/","og_site_name":"Strony pracownik\u00f3w Wydzia\u0142u Informatyki Politechniki Bia\u0142ostockiej","twitter_card":"summary_large_image","twitter_misc":{"Szacowany czas czytania":"2 minuty"},"schema":{"@context":"https:\/\/schema.org","@graph":[{"@type":"WebPage","@id":"https:\/\/wi.pb.edu.pl\/p\/marek-j-druzdzel\/zajecia\/wprowadzenie-do-teorii-decyzji-i-analizy-decyzji\/","url":"https:\/\/wi.pb.edu.pl\/p\/marek-j-druzdzel\/zajecia\/wprowadzenie-do-teorii-decyzji-i-analizy-decyzji\/","name":"Wprowadzenie do teorii decyzji i analizy decyzji - Strony pracownik\u00f3w Wydzia\u0142u Informatyki Politechniki Bia\u0142ostockiej","isPartOf":{"@id":"https:\/\/wi.pb.edu.pl\/p\/#website"},"datePublished":"2024-07-16T09:39:39+00:00","breadcrumb":{"@id":"https:\/\/wi.pb.edu.pl\/p\/marek-j-druzdzel\/zajecia\/wprowadzenie-do-teorii-decyzji-i-analizy-decyzji\/#breadcrumb"},"inLanguage":"pl-PL","potentialAction":[{"@type":"ReadAction","target":["https:\/\/wi.pb.edu.pl\/p\/marek-j-druzdzel\/zajecia\/wprowadzenie-do-teorii-decyzji-i-analizy-decyzji\/"]}]},{"@type":"BreadcrumbList","@id":"https:\/\/wi.pb.edu.pl\/p\/marek-j-druzdzel\/zajecia\/wprowadzenie-do-teorii-decyzji-i-analizy-decyzji\/#breadcrumb","itemListElement":[{"@type":"ListItem","position":1,"name":"Strona g\u0142\u00f3wna","item":"https:\/\/wi.pb.edu.pl\/p\/"},{"@type":"ListItem","position":2,"name":"dr hab. in\u017c. Marek J. Dru\u017cdzel","item":"https:\/\/wi.pb.edu.pl\/p\/marek-j-druzdzel\/"},{"@type":"ListItem","position":3,"name":"Zaj\u0119cia","item":"https:\/\/wi.pb.edu.pl\/p\/marek-j-druzdzel\/zajecia\/"},{"@type":"ListItem","position":4,"name":"Wprowadzenie do teorii decyzji i analizy decyzji"}]},{"@type":"WebSite","@id":"https:\/\/wi.pb.edu.pl\/p\/#website","url":"https:\/\/wi.pb.edu.pl\/p\/","name":"Strony pracownik\u00f3w Wydzia\u0142u Informatyki Politechniki Bia\u0142ostockiej","description":"","potentialAction":[{"@type":"SearchAction","target":{"@type":"EntryPoint","urlTemplate":"https:\/\/wi.pb.edu.pl\/p\/?s={search_term_string}"},"query-input":{"@type":"PropertyValueSpecification","valueRequired":true,"valueName":"search_term_string"}}],"inLanguage":"pl-PL"}]}},"_links":{"self":[{"href":"https:\/\/wi.pb.edu.pl\/p\/wp-json\/wp\/v2\/pages\/176","targetHints":{"allow":["GET"]}}],"collection":[{"href":"https:\/\/wi.pb.edu.pl\/p\/wp-json\/wp\/v2\/pages"}],"about":[{"href":"https:\/\/wi.pb.edu.pl\/p\/wp-json\/wp\/v2\/types\/page"}],"author":[{"embeddable":true,"href":"https:\/\/wi.pb.edu.pl\/p\/wp-json\/wp\/v2\/users\/14"}],"replies":[{"embeddable":true,"href":"https:\/\/wi.pb.edu.pl\/p\/wp-json\/wp\/v2\/comments?post=176"}],"version-history":[{"count":1,"href":"https:\/\/wi.pb.edu.pl\/p\/wp-json\/wp\/v2\/pages\/176\/revisions"}],"predecessor-version":[{"id":184,"href":"https:\/\/wi.pb.edu.pl\/p\/wp-json\/wp\/v2\/pages\/176\/revisions\/184"}],"up":[{"embeddable":true,"href":"https:\/\/wi.pb.edu.pl\/p\/wp-json\/wp\/v2\/pages\/98"}],"wp:attachment":[{"href":"https:\/\/wi.pb.edu.pl\/p\/wp-json\/wp\/v2\/media?parent=176"}],"curies":[{"name":"wp","href":"https:\/\/api.w.org\/{rel}","templated":true}]}}