{"id":220,"date":"2024-07-16T12:15:24","date_gmt":"2024-07-16T10:15:24","guid":{"rendered":"https:\/\/wi.pb.edu.pl\/p\/?page_id=220"},"modified":"2024-07-16T12:15:24","modified_gmt":"2024-07-16T10:15:24","slug":"lab","status":"publish","type":"page","link":"https:\/\/wi.pb.edu.pl\/p\/marek-j-druzdzel\/zajecia\/zaawansowane-bazy-danych-i-hurtownie-danych\/lab\/","title":{"rendered":"Lab"},"content":{"rendered":"<div class=\"table-responsive\">\n<table class=\"table table-bordered\">\n<thead>\n<tr>\n<th>&nbsp;<\/th>\n<th>Date<\/th>\n<th>Subject<\/th>\n<th>Deadline<\/th>\n<th>Score<\/th>\n<\/thead>\n<\/tr>\n<tbody>\n<tr>\n<td>1<\/td>\n<td>06\/03\/2014<\/td>\n<td>Procedural SQL: ORACLE pl\/sql<\/td>\n<td>&nbsp;<\/td>\n<td>&nbsp;<\/td>\n<\/tr>\n<tr>\n<td>2<\/td>\n<td>13\/03\/2014<\/td>\n<td>Advanced database objects<\/td>\n<td>pl\/sql test<\/td>\n<td>10<\/td>\n<\/tr>\n<tr>\n<td>3<\/td>\n<td>20\/03\/2014<\/td>\n<td>SQL query optimization in practice<\/td>\n<td>assignment<\/td>\n<td>20<\/td>\n<\/tr>\n<tr>\n<td>4<\/td>\n<td>27\/03\/2014<\/td>\n<td>Dimensional model in data warehouses I<\/td>\n<td>&nbsp;<\/td>\n<td>&nbsp;<\/td>\n<\/tr>\n<tr>\n<td>5<\/td>\n<td>03\/04\/2014<\/td>\n<td>Dimensional model in data warehouses II<\/td>\n<td>assignment<\/td>\n<td>20<\/td>\n<\/tr>\n<tr>\n<td>6<\/td>\n<td>10\/04\/2014<\/td>\n<td>Basic operations in data warehouses<\/td>\n<td>&nbsp;<\/td>\n<td>&nbsp;<\/td>\n<\/tr>\n<tr>\n<td>7<\/td>\n<td>17\/04\/2014<\/td>\n<td>Data warehouses: Analytical functions<\/td>\n<td>project &#8211; part I<\/td>\n<td>&nbsp;<\/td>\n<\/tr>\n<tr>\n<td>8<\/td>\n<td>24\/04\/2014<\/td>\n<td>Advanced SQL<\/td>\n<td>test<\/td>\n<td>90<\/td>\n<\/tr>\n<tr>\n<td>9<\/td>\n<td>28\/04\/2014<\/td>\n<td><span lang=\"PL\">Dealing with internal\/external data<\/span><\/td>\n<td>assignment<\/td>\n<td>20<\/td>\n<\/tr>\n<tr>\n<td>10<\/td>\n<td>08\/05\/2014<\/td>\n<td>NoSQL databases I<\/td>\n<td>project &#8211; part II<\/td>\n<td>20<\/td>\n<\/tr>\n<tr>\n<td>11<\/td>\n<td>15\/05\/2014<\/td>\n<td>NoSQL databases II<\/td>\n<td>assignment<\/td>\n<td>20<\/td>\n<\/tr>\n<tr>\n<td>12<\/td>\n<td>22\/05\/2014<\/td>\n<td>Data analysis with Bayesian networks<\/td>\n<td>assignment<\/td>\n<td>20<\/td>\n<\/tr>\n<tr>\n<td>13<\/td>\n<td>29\/06\/2014<\/td>\n<td>Bayesian networks: Causality discovery<\/td>\n<td>assignment<\/td>\n<td>20<\/td>\n<\/tr>\n<tr>\n<td>14<\/td>\n<td>05\/06\/2014<\/td>\n<td>Documentation in MediaWiki<\/td>\n<td>&nbsp;<\/td>\n<td>&nbsp;<\/td>\n<\/tr>\n<tr>\n<td>15<\/td>\n<td>12\/06\/2014<\/td>\n<td>Project presentation<\/td>\n<td>&nbsp;<\/td>\n<td>60+10<\/td>\n<\/tr>\n<tr>\n<td colspan=\"4\" rowspan=\"1\">total:<\/td>\n<td>310<\/td>\n<\/tr>\n<\/tbody>\n<\/table>\n<\/div>\n","protected":false},"excerpt":{"rendered":"<p>&nbsp; Date Subject Deadline Score 1 06\/03\/2014 Procedural SQL: ORACLE pl\/sql &nbsp; &nbsp; 2 13\/03\/2014<a class=\"read-more\" href=\"https:\/\/wi.pb.edu.pl\/p\/marek-j-druzdzel\/zajecia\/zaawansowane-bazy-danych-i-hurtownie-danych\/lab\/\" title=\"Poka\u017c artyku\u0142 Lab\">wi\u0119cej<\/a><\/p>\n","protected":false},"author":14,"featured_media":0,"parent":201,"menu_order":0,"comment_status":"closed","ping_status":"closed","template":"","meta":{"inline_featured_image":false,"ngg_post_thumbnail":0,"footnotes":""},"class_list":["post-220","page","type-page","status-publish","hentry"],"acf":[],"yoast_head":"<!-- This site is optimized with the Yoast SEO plugin v26.4 - https:\/\/yoast.com\/wordpress\/plugins\/seo\/ -->\n<title>Lab - Strony pracownik\u00f3w Wydzia\u0142u Informatyki Politechniki Bia\u0142ostockiej<\/title>\n<meta name=\"robots\" content=\"index, follow, max-snippet:-1, max-image-preview:large, max-video-preview:-1\" \/>\n<link rel=\"canonical\" href=\"https:\/\/wi.pb.edu.pl\/p\/marek-j-druzdzel\/zajecia\/zaawansowane-bazy-danych-i-hurtownie-danych\/lab\/\" \/>\n<meta property=\"og:locale\" content=\"pl_PL\" \/>\n<meta property=\"og:type\" content=\"article\" \/>\n<meta property=\"og:title\" content=\"Lab - Strony pracownik\u00f3w Wydzia\u0142u Informatyki Politechniki Bia\u0142ostockiej\" \/>\n<meta property=\"og:description\" content=\"&nbsp; Date Subject Deadline Score 1 06\/03\/2014 Procedural SQL: ORACLE pl\/sql &nbsp; &nbsp; 2 13\/03\/2014wi\u0119cej\" \/>\n<meta property=\"og:url\" content=\"https:\/\/wi.pb.edu.pl\/p\/marek-j-druzdzel\/zajecia\/zaawansowane-bazy-danych-i-hurtownie-danych\/lab\/\" \/>\n<meta property=\"og:site_name\" content=\"Strony pracownik\u00f3w Wydzia\u0142u Informatyki Politechniki Bia\u0142ostockiej\" \/>\n<meta name=\"twitter:card\" content=\"summary_large_image\" \/>\n<meta name=\"twitter:label1\" content=\"Szacowany czas czytania\" \/>\n\t<meta name=\"twitter:data1\" content=\"1 minuta\" \/>\n<script type=\"application\/ld+json\" class=\"yoast-schema-graph\">{\"@context\":\"https:\/\/schema.org\",\"@graph\":[{\"@type\":\"WebPage\",\"@id\":\"https:\/\/wi.pb.edu.pl\/p\/marek-j-druzdzel\/zajecia\/zaawansowane-bazy-danych-i-hurtownie-danych\/lab\/\",\"url\":\"https:\/\/wi.pb.edu.pl\/p\/marek-j-druzdzel\/zajecia\/zaawansowane-bazy-danych-i-hurtownie-danych\/lab\/\",\"name\":\"Lab - Strony pracownik\u00f3w Wydzia\u0142u Informatyki Politechniki Bia\u0142ostockiej\",\"isPartOf\":{\"@id\":\"https:\/\/wi.pb.edu.pl\/p\/#website\"},\"datePublished\":\"2024-07-16T10:15:24+00:00\",\"breadcrumb\":{\"@id\":\"https:\/\/wi.pb.edu.pl\/p\/marek-j-druzdzel\/zajecia\/zaawansowane-bazy-danych-i-hurtownie-danych\/lab\/#breadcrumb\"},\"inLanguage\":\"pl-PL\",\"potentialAction\":[{\"@type\":\"ReadAction\",\"target\":[\"https:\/\/wi.pb.edu.pl\/p\/marek-j-druzdzel\/zajecia\/zaawansowane-bazy-danych-i-hurtownie-danych\/lab\/\"]}]},{\"@type\":\"BreadcrumbList\",\"@id\":\"https:\/\/wi.pb.edu.pl\/p\/marek-j-druzdzel\/zajecia\/zaawansowane-bazy-danych-i-hurtownie-danych\/lab\/#breadcrumb\",\"itemListElement\":[{\"@type\":\"ListItem\",\"position\":1,\"name\":\"Strona g\u0142\u00f3wna\",\"item\":\"https:\/\/wi.pb.edu.pl\/p\/\"},{\"@type\":\"ListItem\",\"position\":2,\"name\":\"dr hab. in\u017c. Marek J. Dru\u017cdzel\",\"item\":\"https:\/\/wi.pb.edu.pl\/p\/marek-j-druzdzel\/\"},{\"@type\":\"ListItem\",\"position\":3,\"name\":\"Zaj\u0119cia\",\"item\":\"https:\/\/wi.pb.edu.pl\/p\/marek-j-druzdzel\/zajecia\/\"},{\"@type\":\"ListItem\",\"position\":4,\"name\":\"Zaawansowane bazy danych i hurtownie danych\",\"item\":\"https:\/\/wi.pb.edu.pl\/p\/marek-j-druzdzel\/zajecia\/zaawansowane-bazy-danych-i-hurtownie-danych\/\"},{\"@type\":\"ListItem\",\"position\":5,\"name\":\"Lab\"}]},{\"@type\":\"WebSite\",\"@id\":\"https:\/\/wi.pb.edu.pl\/p\/#website\",\"url\":\"https:\/\/wi.pb.edu.pl\/p\/\",\"name\":\"Strony pracownik\u00f3w Wydzia\u0142u Informatyki Politechniki Bia\u0142ostockiej\",\"description\":\"\",\"potentialAction\":[{\"@type\":\"SearchAction\",\"target\":{\"@type\":\"EntryPoint\",\"urlTemplate\":\"https:\/\/wi.pb.edu.pl\/p\/?s={search_term_string}\"},\"query-input\":{\"@type\":\"PropertyValueSpecification\",\"valueRequired\":true,\"valueName\":\"search_term_string\"}}],\"inLanguage\":\"pl-PL\"}]}<\/script>\n<!-- \/ Yoast SEO plugin. -->","yoast_head_json":{"title":"Lab - Strony pracownik\u00f3w Wydzia\u0142u Informatyki Politechniki Bia\u0142ostockiej","robots":{"index":"index","follow":"follow","max-snippet":"max-snippet:-1","max-image-preview":"max-image-preview:large","max-video-preview":"max-video-preview:-1"},"canonical":"https:\/\/wi.pb.edu.pl\/p\/marek-j-druzdzel\/zajecia\/zaawansowane-bazy-danych-i-hurtownie-danych\/lab\/","og_locale":"pl_PL","og_type":"article","og_title":"Lab - Strony pracownik\u00f3w Wydzia\u0142u Informatyki Politechniki Bia\u0142ostockiej","og_description":"&nbsp; Date Subject Deadline Score 1 06\/03\/2014 Procedural SQL: ORACLE pl\/sql &nbsp; &nbsp; 2 13\/03\/2014wi\u0119cej","og_url":"https:\/\/wi.pb.edu.pl\/p\/marek-j-druzdzel\/zajecia\/zaawansowane-bazy-danych-i-hurtownie-danych\/lab\/","og_site_name":"Strony pracownik\u00f3w Wydzia\u0142u Informatyki Politechniki Bia\u0142ostockiej","twitter_card":"summary_large_image","twitter_misc":{"Szacowany czas czytania":"1 minuta"},"schema":{"@context":"https:\/\/schema.org","@graph":[{"@type":"WebPage","@id":"https:\/\/wi.pb.edu.pl\/p\/marek-j-druzdzel\/zajecia\/zaawansowane-bazy-danych-i-hurtownie-danych\/lab\/","url":"https:\/\/wi.pb.edu.pl\/p\/marek-j-druzdzel\/zajecia\/zaawansowane-bazy-danych-i-hurtownie-danych\/lab\/","name":"Lab - Strony pracownik\u00f3w Wydzia\u0142u Informatyki Politechniki Bia\u0142ostockiej","isPartOf":{"@id":"https:\/\/wi.pb.edu.pl\/p\/#website"},"datePublished":"2024-07-16T10:15:24+00:00","breadcrumb":{"@id":"https:\/\/wi.pb.edu.pl\/p\/marek-j-druzdzel\/zajecia\/zaawansowane-bazy-danych-i-hurtownie-danych\/lab\/#breadcrumb"},"inLanguage":"pl-PL","potentialAction":[{"@type":"ReadAction","target":["https:\/\/wi.pb.edu.pl\/p\/marek-j-druzdzel\/zajecia\/zaawansowane-bazy-danych-i-hurtownie-danych\/lab\/"]}]},{"@type":"BreadcrumbList","@id":"https:\/\/wi.pb.edu.pl\/p\/marek-j-druzdzel\/zajecia\/zaawansowane-bazy-danych-i-hurtownie-danych\/lab\/#breadcrumb","itemListElement":[{"@type":"ListItem","position":1,"name":"Strona g\u0142\u00f3wna","item":"https:\/\/wi.pb.edu.pl\/p\/"},{"@type":"ListItem","position":2,"name":"dr hab. in\u017c. Marek J. Dru\u017cdzel","item":"https:\/\/wi.pb.edu.pl\/p\/marek-j-druzdzel\/"},{"@type":"ListItem","position":3,"name":"Zaj\u0119cia","item":"https:\/\/wi.pb.edu.pl\/p\/marek-j-druzdzel\/zajecia\/"},{"@type":"ListItem","position":4,"name":"Zaawansowane bazy danych i hurtownie danych","item":"https:\/\/wi.pb.edu.pl\/p\/marek-j-druzdzel\/zajecia\/zaawansowane-bazy-danych-i-hurtownie-danych\/"},{"@type":"ListItem","position":5,"name":"Lab"}]},{"@type":"WebSite","@id":"https:\/\/wi.pb.edu.pl\/p\/#website","url":"https:\/\/wi.pb.edu.pl\/p\/","name":"Strony pracownik\u00f3w Wydzia\u0142u Informatyki Politechniki Bia\u0142ostockiej","description":"","potentialAction":[{"@type":"SearchAction","target":{"@type":"EntryPoint","urlTemplate":"https:\/\/wi.pb.edu.pl\/p\/?s={search_term_string}"},"query-input":{"@type":"PropertyValueSpecification","valueRequired":true,"valueName":"search_term_string"}}],"inLanguage":"pl-PL"}]}},"_links":{"self":[{"href":"https:\/\/wi.pb.edu.pl\/p\/wp-json\/wp\/v2\/pages\/220","targetHints":{"allow":["GET"]}}],"collection":[{"href":"https:\/\/wi.pb.edu.pl\/p\/wp-json\/wp\/v2\/pages"}],"about":[{"href":"https:\/\/wi.pb.edu.pl\/p\/wp-json\/wp\/v2\/types\/page"}],"author":[{"embeddable":true,"href":"https:\/\/wi.pb.edu.pl\/p\/wp-json\/wp\/v2\/users\/14"}],"replies":[{"embeddable":true,"href":"https:\/\/wi.pb.edu.pl\/p\/wp-json\/wp\/v2\/comments?post=220"}],"version-history":[{"count":2,"href":"https:\/\/wi.pb.edu.pl\/p\/wp-json\/wp\/v2\/pages\/220\/revisions"}],"predecessor-version":[{"id":222,"href":"https:\/\/wi.pb.edu.pl\/p\/wp-json\/wp\/v2\/pages\/220\/revisions\/222"}],"up":[{"embeddable":true,"href":"https:\/\/wi.pb.edu.pl\/p\/wp-json\/wp\/v2\/pages\/201"}],"wp:attachment":[{"href":"https:\/\/wi.pb.edu.pl\/p\/wp-json\/wp\/v2\/media?parent=220"}],"curies":[{"name":"wp","href":"https:\/\/api.w.org\/{rel}","templated":true}]}}