{"id":296,"date":"2024-07-18T09:17:41","date_gmt":"2024-07-18T07:17:41","guid":{"rendered":"https:\/\/wi.pb.edu.pl\/p\/?page_id=296"},"modified":"2024-07-18T09:17:41","modified_gmt":"2024-07-18T07:17:41","slug":"publikacje-i-preprinty","status":"publish","type":"page","link":"https:\/\/wi.pb.edu.pl\/p\/piotr-grzeszczuk\/publikacje-i-preprinty\/","title":{"rendered":"Publikacje i preprinty"},"content":{"rendered":"<p>Published papers:<\/p>\n<ol>\n<li><i>Classical radicals of invariants of algebraic skew derivations<\/i>,&nbsp;&nbsp;<i>Algebra Colloquium,<b>&nbsp; 29<\/b><b>(1)&nbsp;<\/b>(2022), 53-66.&nbsp;<\/i><a class=\"epub-section__doi__text\" href=\"https:\/\/doi.org\/10.1142\/S1005386722000050\"><i>https:\/\/doi.org\/10.1142\/S1005386722000050<\/i>&nbsp;<i>(with Jeffrey Bergen)<\/i><\/a><\/li>\n<li>On the generic family of Cayley graphs of a finite group, J. Combinatorial Theory Ser A,&nbsp; 184, (2021) , 40 pp. ,&nbsp; https:\/\/doi.org\/10.1016\/j.jcta.2021.105495,&nbsp;<i>(with Czes\u0142aw Bagi\u0144ski)<\/i><i><\/i><\/li>\n<li>Locally nilpotent skew extensions of rings,&nbsp;<i>J. Pure Appl. Algebra,&nbsp;<\/i>224 (2020), 106360, https:\/\/doi.org\/10.1016\/j.jpaa.2020.106360 &nbsp;&nbsp;<a href=\"https:\/\/arxiv.org\/abs\/2001.03881\">arXiv<\/a><\/li>\n<li>On the semiprimitivity of free skew extensions of rings,&nbsp;<i>J. Pure Appl. Algebra<\/i>,&nbsp; (2020), &nbsp; https:\/\/doi.org.\/10.1016\/j.jpaa.2020.106307 (with Jeffrey Bergen)&nbsp;<a href=\"https:\/\/arxiv.org\/abs\/1909.12712\">arXiv<\/a><\/li>\n<li>Jacobson radicals of invariants under Hopf algebra actions,&nbsp;<em>J. Algebra and its Applications,&nbsp;<\/em><b>17<\/b><b>(7)&nbsp;<\/b>(2018),&nbsp;1850132, 10 pp. (with Jeffrey Bergen)<\/li>\n<li>Locally nilpotent skew derivations with central invariants,&nbsp;<em>J. Algebra,&nbsp;<\/em>483&nbsp;(2017)<em>,<\/em>&nbsp;71-82. (with Jeffrey Bergen)<\/li>\n<li>Skew derivations with algebraic invariants of bounded degree,&nbsp;&nbsp;<em>J. Algebra,&nbsp;<\/em>447<em>&nbsp;<\/em>(2016)<em>,<\/em>&nbsp;455-467. (with Jeffrey Bergen)&nbsp;<a href=\"http:\/\/www.sciencedirect.com\/science\/article\/pii\/S0021869315005128\" target=\"_blank\" rel=\"noopener\">DOI<\/a><\/li>\n<li>Invariants of domains with finite&nbsp;GK&nbsp;dimension,&nbsp;Monatshefte f\u00fcr Mathematik,&nbsp;179,&nbsp;&nbsp;(2016),&nbsp; 191-199. (with Jeffrey Bergen)&nbsp;<a href=\"http:\/\/link.springer.com\/article\/10.1007%2Fs00605-015-0735-6\" target=\"_blank\" rel=\"noopener\">DOI<\/a><\/li>\n<li><span class=\"title\">Gelfand-Kirillov dimension of algebras with locally nilpotent derivations,&nbsp;<\/span><em>Israel J. Math.<\/em>&nbsp;206&nbsp;(2015), no. 1, 313-325. (with Jeffrey Bergen)&nbsp;<a href=\"http:\/\/link.springer.com\/article\/10.1007\/s11856-015-1152-1\" target=\"_blank\" rel=\"noopener\">DOI<\/a><\/li>\n<li>GK&nbsp;dimension and locally nilpotent skew derivations,&nbsp;Glasgow Mathematical Journal,&nbsp;57(3)&nbsp;&nbsp;(2015),&nbsp;555-567.&nbsp;&nbsp;(with Jeffrey Bergen)&nbsp;<a href=\"http:\/\/dx.doi.org\/10.1017\/S0017089514000482\" target=\"_blank\" rel=\"noopener\">DOI<\/a><\/li>\n<li><span class=\"title\">On the Jacobson radical of constants of derivations,&nbsp;<\/span>&nbsp;<em>J. Algebra<\/em>&nbsp;401&nbsp;(2014), 62-75.&nbsp;<a href=\"http:\/\/www.sciencedirect.com\/science\/article\/pii\/S0021869313006844\" target=\"_blank\" rel=\"noopener\">DOI<\/a><\/li>\n<li><span class=\"title\">On irreducible modules over&nbsp;q-skew polynomial rings and smash products,<\/span>&nbsp;<em>Proc. Amer. Math. Soc.<\/em>&nbsp;142&nbsp;(2014), no. 1, 59-69.&nbsp;<a href=\"https:\/\/wi.pb.edu.pl\/p\/wp-content\/uploads\/sites\/3\/2024\/07\/S0002-9939-2013-11794-6.pdf\">PDF<\/a>&nbsp;&nbsp;<a href=\"http:\/\/www.ams.org\/journals\/proc\/2014-142-01\/S0002-9939-2013-11794-6\/home.html\" target=\"_blank\" rel=\"noopener\">DOI&nbsp;<\/a><\/li>\n<li><span class=\"title\">Skew derivations and the nil and prime radicals,<\/span>&nbsp;<em>Colloquium Mathematicum,<\/em>&nbsp;128&nbsp;(2012), no. 2, 229-236. (with Jeffrey Bergen)&nbsp;<a href=\"https:\/\/wi.pb.edu.pl\/p\/wp-content\/uploads\/sites\/3\/2024\/07\/CM_2012.pdf\">PDF<\/a><\/li>\n<li><span class=\"title\">Goldie dimension of constants of locally nilpotent skew derivations,<\/span>&nbsp;<em>J. Algebra Appl.<\/em>&nbsp;11&nbsp;(2012), no. 6, 1250105, 12 pp. (with Jeffrey Bergen)<a href=\"http:\/\/www.worldscientific.com\/doi\/abs\/10.1142\/S0219498812501058\" target=\"_blank\" rel=\"noopener\">&nbsp;DOI<\/a>&nbsp;&nbsp;&nbsp;<a href=\"https:\/\/wi.pb.edu.pl\/p\/wp-content\/uploads\/sites\/3\/2024\/07\/GoldieDim_Revised_12_27_2011.pdf\">PDF<\/a><\/li>\n<li><span class=\"title\">Jacobson radicals of ring extensions,&nbsp;<\/span>&nbsp;<em>J. Pure Appl. Algebra<\/em>&nbsp;216&nbsp;(2012), no. 12, 2601-2607. (with Jeffrey Bergen)&nbsp;<a href=\"http:\/\/www.sciencedirect.com\/science\/article\/pii\/S0022404912001119\" target=\"_blank\" rel=\"noopener\">DOI<\/a>&nbsp;&nbsp;<a href=\"https:\/\/wi.pb.edu.pl\/p\/wp-content\/uploads\/sites\/3\/2024\/07\/JacobsonRadical_BG_rev.pdf\">PDF<\/a><\/li>\n<li><span class=\"title\">Skew power series rings of derivation type,<\/span>&nbsp;<em>J. Algebra Appl.<\/em>&nbsp;10&nbsp;(2011), no. 6, 1383-1399. (with Jeffrey Bergen)&nbsp;<a href=\"https:\/\/wi.pb.edu.pl\/p\/wp-content\/uploads\/sites\/3\/2024\/07\/PowerSeries_2011.pdf\">PDF<\/a><\/li>\n<li><span class=\"title\">On rings with locally nilpotent skew derivations,&nbsp;<\/span>&nbsp;<em>Comm. Algebra<\/em>&nbsp;39&nbsp;(2011), no. 10, 3698-3708. (with Jeffrey Bergen) PDF<\/li>\n<li><span class=\"title\">Actions of Lie superalgebras on semiprime algebras with central invariants,&nbsp;&nbsp;<\/span>Glasgow Mathematical Journal,&nbsp;52&nbsp;(2010), no. A, 93-102. (with Ma\u0142gorzata Hryniewicka)&nbsp;<a href=\"https:\/\/wi.pb.edu.pl\/p\/wp-content\/uploads\/sites\/3\/2024\/07\/Lie_super_central.pdf\">PDF<\/a><\/li>\n<li><span class=\"title\">Actions of Lie superalgebras on reduced rings,&nbsp;<\/span>&nbsp;<em>Algebr. Represent. Theory<\/em>&nbsp;11&nbsp;(2008), no. 3, 251-273. (with Jeffrey Bergen and Ma\u0142gorzata Hryniewicka)&nbsp;<a href=\"https:\/\/wi.pb.edu.pl\/p\/wp-content\/uploads\/sites\/3\/2024\/07\/LieSuper_invariants.pdf\">PDF<\/a><\/li>\n<li><span class=\"title\">Finite block theory and Hopf algebra actions,&nbsp;<\/span>&nbsp;<em>Algebr. Represent. Theory<\/em>&nbsp;11&nbsp;(2008), no. 1, 1-23. (with Jeffrey Bergen)<\/li>\n<li><span class=\"title\">Actions of pointed Hopf algebras with reduced PI invariants,<\/span>&nbsp;<em>Proc. Amer. Math. Soc.<\/em>&nbsp;135&nbsp;(2007), no. 8, 2381-2389. (with Ma\u0142gorzata Hryniewicka)<\/li>\n<li><span class=\"title\">Smash products satisfying a polynomial identity,&nbsp;<\/span>&nbsp;<em>Comm. Algebra<\/em>&nbsp;33&nbsp;(2005), no. 1, 221-233. (with Jeffrey Bergen)<\/li>\n<li><span class=\"title\">Polynomial identities of algebras with actions of pointed Hopf algebras,&nbsp;<\/span>&nbsp;<em>J. Algebra<\/em>&nbsp;278&nbsp;(2004), no. 2, 684-703. (with Ma\u0142gorzata Hryniewicka)<\/li>\n<li><span class=\"title\">Invariants of semisimple Lie algebras acting on associative algebras,<\/span>&nbsp;<em>Proc. Amer. Math. Soc.<\/em>&nbsp;131&nbsp;(2003), no. 3, 709-717.<\/li>\n<li><span class=\"title\">The prime radical of constants of algebraic&nbsp;q-skew&nbsp;derivations,<\/span>&nbsp;<em>Comm. Algebra<\/em>&nbsp;30&nbsp;(2002), no. 11, 5331-5343. (with Jerzy Matczuk)<\/li>\n<li><span class=\"title\">Simple Jordan color algebras arising from associative graded algebras,<\/span>&nbsp;<em>J. Algebra<\/em>&nbsp;246&nbsp;(2001), no. 2, 915-950. (with Jeffrey Bergen)<\/li>\n<li><span class=\"title\">Artinian property of constants of algebraic&nbsp;q-skew&nbsp; derivations,&nbsp;<\/span>&nbsp;<em>Israel J. Math.<\/em>&nbsp;121&nbsp;(2001), 265-284. (with Andre Leroy and Jerzy Matczuk)<\/li>\n<li><span class=\"title\">Skew derivations whose invariants satisfy a polynomial identity,&nbsp;&nbsp;<\/span><em>J. Algebra<\/em>&nbsp;228&nbsp;(2000), no. 2, 710-737. (with Jeffrey Bergen)<\/li>\n<li><span class=\"title\">Invariants of Lie color algebras acting on graded algebras,&nbsp;&nbsp;<\/span><em>Colloq. Math.<\/em>&nbsp;83&nbsp;(2000), no. 1, 107-124. (with Jeffrey Bergen)<\/li>\n<li><span class=\"title\">Skew derivations with central invariants,&nbsp;<\/span>&nbsp;<em>J. London Math. Soc. (2)<\/em>&nbsp;59&nbsp;(1999), no. 1, 87-99. (with Jeffrey Bergen)<\/li>\n<li><span class=\"title\">Invariants of&nbsp;&nbsp;U<sub>q<\/sub>(sl<sub>2<\/sub>)&nbsp;and&nbsp;q-skew derivations,&nbsp;<\/span>Ring theory (Miskolc, 1996).&nbsp;<em>J. Pure Appl. Algebra<\/em>&nbsp;133&nbsp;(1998), no. 1-2, 27-38. (with Jeffrey Bergen)<\/li>\n<li><span class=\"title\">On finiteness conditions of modular lattices,&nbsp;<\/span>&nbsp;<em>Comm. Algebra<\/em>&nbsp;26&nbsp;(1998), no. 9, 2949-2957. (with Edmund R. Puczylowski)<\/li>\n<li><span class=\"title\">Invariants of skew derivations,&nbsp;<\/span>&nbsp;<em>Proc. Amer. Math. Soc.<\/em>&nbsp;125&nbsp;(1997), no. 12, 3481-3488. (with Jeffrey Bergen)<\/li>\n<li><span class=\"title\">Invariants of Lie superalgebras acting on associative algebras,&nbsp;<\/span>&nbsp;<em>Israel J. Math.<\/em>&nbsp;94&nbsp;(1996), 403-428. (with Jeffrey Bergen)<\/li>\n<li><span class=\"title\">Gradings, derivations, and automorphisms of nearly associative algebras,&nbsp;<\/span>&nbsp;<em>J. Algebra<\/em>&nbsp;179&nbsp;(1996), no. 3, 732-750. (with Jeffrey Bergen)<\/li>\n<li><span class=\"title\">A radical of lattices and its applications to rings and modules,&nbsp;<\/span>&nbsp;<em>Contributions to general algebra, 9 (Linz, 1994),&nbsp;<\/em>203-212,&nbsp;<em>H\u00f6lder-Pichler-Tempsky, Vienna,<\/em>&nbsp;1995. (with Edmund R. Puczylowski)<\/li>\n<li><span class=\"title\">On derivations with powers vanishing on one-sided ideals,<\/span>&nbsp;<em>Chinese J. Math.<\/em>&nbsp;23&nbsp;(1995), no. 4, 311-317.<\/li>\n<li><span class=\"title\">Actions of Lie algebras on rings without nilpotent elements,&nbsp;<\/span><em>Algebra Colloq.<\/em>&nbsp;2&nbsp;(1995), no. 2, 105-116. (with Kostia Beidar)<\/li>\n<li><span class=\"title\">On constants of algebraic derivations and fixed points of algebraic automorphisms,&nbsp;<\/span>&nbsp;<em>J. Algebra<\/em>&nbsp;171&nbsp;(1995), no. 3, 826-844.<\/li>\n<li><span class=\"title\">Engel-type theorems for Lie color algebras,&nbsp;<\/span>&nbsp;<em>Rings, extensions, and cohomology (Evanston, IL, 1993),&nbsp;<\/em>31-33, Lecture Notes in Pure and Appl. Math., 159,&nbsp;<em>Dekker, New York,<\/em>&nbsp;1994. (with Jeffrey Bergen)<\/li>\n<li><span class=\"title\">Goldie conditions for constants of algebraic derivations of semiprime algebras,<\/span>&nbsp;<em>Israel J. Math.<\/em>&nbsp;83&nbsp;(1993), no. 3, 329-342. (with Jerzy Matczuk)<\/li>\n<li><span class=\"title\">Constants of algebraic derivations,<\/span>&nbsp;<em>Comm. Algebra<\/em>&nbsp;21&nbsp;(1993), no. 6, 1857-1868.<\/li>\n<li><span class=\"title\">The Goldie dimension of some extensions of modular lattices,<\/span>&nbsp;<em>Proceedings of the International Conference on Algebra, Part 3 (Novosibirsk, 1989),&nbsp;<\/em>111-119, Contemp. Math., 131, Part 3,&nbsp;<em>Amer. Math. Soc., Providence, RI,<\/em>&nbsp;1992.<\/li>\n<li><span class=\"title\">On nilpotent derivations of semiprime rings,&nbsp;<\/span>&nbsp;<em>J. Algebra<\/em>&nbsp;149&nbsp;(1992), no. 2, 313-321.<\/li>\n<li><span class=\"title\">The Gabriel dimension is not autodual,&nbsp;<\/span>&nbsp;<em>Comm. Algebra<\/em>&nbsp;18&nbsp;(1990), no. 8, 2587-2594.<\/li>\n<li><span class=\"title\">Relations between some dimensions of modular lattices,&nbsp;<\/span>&nbsp;<em>Comm. Algebra<\/em>&nbsp;17&nbsp;(1989), no. 7, 1723-1737. (with Jan Okninski and Edmund R. Puczylowski)<\/li>\n<li><span class=\"title\">Gabriel and Krull dimensions of modules over rings graded by finite groups,&nbsp;<\/span>&nbsp;<em>Proc. Amer. Math. Soc.<\/em>&nbsp;105&nbsp;(1989), no. 1, 17-24. (with Edmund R. Puczylowski)<\/li>\n<li><span class=\"title\">Dual Gabriel dimension of modules with derivations,<\/span>&nbsp;<em>Comm. Algebra<\/em>&nbsp;16&nbsp;(1988), no. 8, 1689-1699.<\/li>\n<li><span class=\"title\">Goldie dimension of differential operator rings,<\/span>&nbsp;<em>Comm. Algebra<\/em>&nbsp;16&nbsp;(1988), no. 4, 689-701.<\/li>\n<li><span class=\"title\">On derivations of finite index chain conditions, dimensions and radicals,&nbsp;<\/span>&nbsp;<em>Israel J. Math.<\/em>&nbsp;58&nbsp;(1987), no. 1, 54-66.<\/li>\n<li><span class=\"title\">Goldie dimension and chain conditions for modular lattices with finite group actions,<\/span>&nbsp;<em>Canad. Math. Bull.<\/em>&nbsp;29&nbsp;(1986), no. 3, 274-280. (with Edmund R. Puczylowski)<\/li>\n<li><span class=\"title\">On&nbsp;G-systems and&nbsp;G-graded rings,<\/span>&nbsp;<em>Proc. Amer. Math. Soc.<\/em>&nbsp;95&nbsp;(1985), no. 3, 348-352.<\/li>\n<li><span class=\"title\">On infinite Goldie dimension of modular lattices and modules,&nbsp;<\/span>&nbsp;<em>J. Pure Appl. Algebra<\/em>&nbsp;35&nbsp;(1985), no. 2, 151-155. (with Edmund R. Puczylowski)<\/li>\n<li><span class=\"title\">On Goldie and dual Goldie dimensions,&nbsp;&nbsp;<\/span><em>J. Pure Appl. Algebra<\/em>&nbsp;31&nbsp;(1984), no. 1-3, 47-54. (with Edmund R. Puczylowski)<\/li>\n<\/ol>\n<p>&nbsp;<\/p>\n","protected":false},"excerpt":{"rendered":"<p>Published papers: Classical radicals of invariants of algebraic skew derivations,&nbsp;&nbsp;Algebra Colloquium,&nbsp; 29(1)&nbsp;(2022), 53-66.&nbsp;https:\/\/doi.org\/10.1142\/S1005386722000050&nbsp;(with Jeffrey Bergen)<a class=\"read-more\" href=\"https:\/\/wi.pb.edu.pl\/p\/piotr-grzeszczuk\/publikacje-i-preprinty\/\" title=\"Poka\u017c artyku\u0142 Publikacje i preprinty\">wi\u0119cej<\/a><\/p>\n","protected":false},"author":14,"featured_media":0,"parent":281,"menu_order":0,"comment_status":"closed","ping_status":"closed","template":"","meta":{"inline_featured_image":false,"ngg_post_thumbnail":0,"footnotes":""},"class_list":["post-296","page","type-page","status-publish","hentry"],"acf":[],"yoast_head":"<!-- This site is optimized with the Yoast SEO plugin v26.4 - https:\/\/yoast.com\/wordpress\/plugins\/seo\/ -->\n<title>Publikacje i preprinty - Strony pracownik\u00f3w Wydzia\u0142u Informatyki Politechniki Bia\u0142ostockiej<\/title>\n<meta name=\"robots\" content=\"index, follow, max-snippet:-1, max-image-preview:large, max-video-preview:-1\" \/>\n<link rel=\"canonical\" href=\"https:\/\/wi.pb.edu.pl\/p\/piotr-grzeszczuk\/publikacje-i-preprinty\/\" \/>\n<meta property=\"og:locale\" content=\"pl_PL\" \/>\n<meta property=\"og:type\" content=\"article\" \/>\n<meta property=\"og:title\" content=\"Publikacje i preprinty - Strony pracownik\u00f3w Wydzia\u0142u Informatyki Politechniki Bia\u0142ostockiej\" \/>\n<meta property=\"og:description\" content=\"Published papers: Classical radicals of invariants of algebraic skew derivations,&nbsp;&nbsp;Algebra Colloquium,&nbsp; 29(1)&nbsp;(2022), 53-66.&nbsp;https:\/\/doi.org\/10.1142\/S1005386722000050&nbsp;(with Jeffrey Bergen)wi\u0119cej\" \/>\n<meta property=\"og:url\" content=\"https:\/\/wi.pb.edu.pl\/p\/piotr-grzeszczuk\/publikacje-i-preprinty\/\" \/>\n<meta property=\"og:site_name\" content=\"Strony pracownik\u00f3w Wydzia\u0142u Informatyki Politechniki Bia\u0142ostockiej\" \/>\n<meta name=\"twitter:card\" content=\"summary_large_image\" \/>\n<meta name=\"twitter:label1\" content=\"Szacowany czas czytania\" \/>\n\t<meta name=\"twitter:data1\" content=\"7 minut\" \/>\n<script type=\"application\/ld+json\" class=\"yoast-schema-graph\">{\"@context\":\"https:\/\/schema.org\",\"@graph\":[{\"@type\":\"WebPage\",\"@id\":\"https:\/\/wi.pb.edu.pl\/p\/piotr-grzeszczuk\/publikacje-i-preprinty\/\",\"url\":\"https:\/\/wi.pb.edu.pl\/p\/piotr-grzeszczuk\/publikacje-i-preprinty\/\",\"name\":\"Publikacje i preprinty - Strony pracownik\u00f3w Wydzia\u0142u Informatyki Politechniki Bia\u0142ostockiej\",\"isPartOf\":{\"@id\":\"https:\/\/wi.pb.edu.pl\/p\/#website\"},\"datePublished\":\"2024-07-18T07:17:41+00:00\",\"breadcrumb\":{\"@id\":\"https:\/\/wi.pb.edu.pl\/p\/piotr-grzeszczuk\/publikacje-i-preprinty\/#breadcrumb\"},\"inLanguage\":\"pl-PL\",\"potentialAction\":[{\"@type\":\"ReadAction\",\"target\":[\"https:\/\/wi.pb.edu.pl\/p\/piotr-grzeszczuk\/publikacje-i-preprinty\/\"]}]},{\"@type\":\"BreadcrumbList\",\"@id\":\"https:\/\/wi.pb.edu.pl\/p\/piotr-grzeszczuk\/publikacje-i-preprinty\/#breadcrumb\",\"itemListElement\":[{\"@type\":\"ListItem\",\"position\":1,\"name\":\"Strona g\u0142\u00f3wna\",\"item\":\"https:\/\/wi.pb.edu.pl\/p\/\"},{\"@type\":\"ListItem\",\"position\":2,\"name\":\"prof. dr hab. Piotr Grzeszczuk\",\"item\":\"https:\/\/wi.pb.edu.pl\/p\/piotr-grzeszczuk\/\"},{\"@type\":\"ListItem\",\"position\":3,\"name\":\"Publikacje i preprinty\"}]},{\"@type\":\"WebSite\",\"@id\":\"https:\/\/wi.pb.edu.pl\/p\/#website\",\"url\":\"https:\/\/wi.pb.edu.pl\/p\/\",\"name\":\"Strony pracownik\u00f3w Wydzia\u0142u Informatyki Politechniki Bia\u0142ostockiej\",\"description\":\"\",\"potentialAction\":[{\"@type\":\"SearchAction\",\"target\":{\"@type\":\"EntryPoint\",\"urlTemplate\":\"https:\/\/wi.pb.edu.pl\/p\/?s={search_term_string}\"},\"query-input\":{\"@type\":\"PropertyValueSpecification\",\"valueRequired\":true,\"valueName\":\"search_term_string\"}}],\"inLanguage\":\"pl-PL\"}]}<\/script>\n<!-- \/ Yoast SEO plugin. -->","yoast_head_json":{"title":"Publikacje i preprinty - Strony pracownik\u00f3w Wydzia\u0142u Informatyki Politechniki Bia\u0142ostockiej","robots":{"index":"index","follow":"follow","max-snippet":"max-snippet:-1","max-image-preview":"max-image-preview:large","max-video-preview":"max-video-preview:-1"},"canonical":"https:\/\/wi.pb.edu.pl\/p\/piotr-grzeszczuk\/publikacje-i-preprinty\/","og_locale":"pl_PL","og_type":"article","og_title":"Publikacje i preprinty - Strony pracownik\u00f3w Wydzia\u0142u Informatyki Politechniki Bia\u0142ostockiej","og_description":"Published papers: Classical radicals of invariants of algebraic skew derivations,&nbsp;&nbsp;Algebra Colloquium,&nbsp; 29(1)&nbsp;(2022), 53-66.&nbsp;https:\/\/doi.org\/10.1142\/S1005386722000050&nbsp;(with Jeffrey Bergen)wi\u0119cej","og_url":"https:\/\/wi.pb.edu.pl\/p\/piotr-grzeszczuk\/publikacje-i-preprinty\/","og_site_name":"Strony pracownik\u00f3w Wydzia\u0142u Informatyki Politechniki Bia\u0142ostockiej","twitter_card":"summary_large_image","twitter_misc":{"Szacowany czas czytania":"7 minut"},"schema":{"@context":"https:\/\/schema.org","@graph":[{"@type":"WebPage","@id":"https:\/\/wi.pb.edu.pl\/p\/piotr-grzeszczuk\/publikacje-i-preprinty\/","url":"https:\/\/wi.pb.edu.pl\/p\/piotr-grzeszczuk\/publikacje-i-preprinty\/","name":"Publikacje i preprinty - Strony pracownik\u00f3w Wydzia\u0142u Informatyki Politechniki Bia\u0142ostockiej","isPartOf":{"@id":"https:\/\/wi.pb.edu.pl\/p\/#website"},"datePublished":"2024-07-18T07:17:41+00:00","breadcrumb":{"@id":"https:\/\/wi.pb.edu.pl\/p\/piotr-grzeszczuk\/publikacje-i-preprinty\/#breadcrumb"},"inLanguage":"pl-PL","potentialAction":[{"@type":"ReadAction","target":["https:\/\/wi.pb.edu.pl\/p\/piotr-grzeszczuk\/publikacje-i-preprinty\/"]}]},{"@type":"BreadcrumbList","@id":"https:\/\/wi.pb.edu.pl\/p\/piotr-grzeszczuk\/publikacje-i-preprinty\/#breadcrumb","itemListElement":[{"@type":"ListItem","position":1,"name":"Strona g\u0142\u00f3wna","item":"https:\/\/wi.pb.edu.pl\/p\/"},{"@type":"ListItem","position":2,"name":"prof. dr hab. Piotr Grzeszczuk","item":"https:\/\/wi.pb.edu.pl\/p\/piotr-grzeszczuk\/"},{"@type":"ListItem","position":3,"name":"Publikacje i preprinty"}]},{"@type":"WebSite","@id":"https:\/\/wi.pb.edu.pl\/p\/#website","url":"https:\/\/wi.pb.edu.pl\/p\/","name":"Strony pracownik\u00f3w Wydzia\u0142u Informatyki Politechniki Bia\u0142ostockiej","description":"","potentialAction":[{"@type":"SearchAction","target":{"@type":"EntryPoint","urlTemplate":"https:\/\/wi.pb.edu.pl\/p\/?s={search_term_string}"},"query-input":{"@type":"PropertyValueSpecification","valueRequired":true,"valueName":"search_term_string"}}],"inLanguage":"pl-PL"}]}},"_links":{"self":[{"href":"https:\/\/wi.pb.edu.pl\/p\/wp-json\/wp\/v2\/pages\/296","targetHints":{"allow":["GET"]}}],"collection":[{"href":"https:\/\/wi.pb.edu.pl\/p\/wp-json\/wp\/v2\/pages"}],"about":[{"href":"https:\/\/wi.pb.edu.pl\/p\/wp-json\/wp\/v2\/types\/page"}],"author":[{"embeddable":true,"href":"https:\/\/wi.pb.edu.pl\/p\/wp-json\/wp\/v2\/users\/14"}],"replies":[{"embeddable":true,"href":"https:\/\/wi.pb.edu.pl\/p\/wp-json\/wp\/v2\/comments?post=296"}],"version-history":[{"count":2,"href":"https:\/\/wi.pb.edu.pl\/p\/wp-json\/wp\/v2\/pages\/296\/revisions"}],"predecessor-version":[{"id":305,"href":"https:\/\/wi.pb.edu.pl\/p\/wp-json\/wp\/v2\/pages\/296\/revisions\/305"}],"up":[{"embeddable":true,"href":"https:\/\/wi.pb.edu.pl\/p\/wp-json\/wp\/v2\/pages\/281"}],"wp:attachment":[{"href":"https:\/\/wi.pb.edu.pl\/p\/wp-json\/wp\/v2\/media?parent=296"}],"curies":[{"name":"wp","href":"https:\/\/api.w.org\/{rel}","templated":true}]}}