{"id":364,"date":"2024-07-18T10:57:53","date_gmt":"2024-07-18T08:57:53","guid":{"rendered":"https:\/\/wi.pb.edu.pl\/p\/?page_id=364"},"modified":"2024-09-17T10:29:23","modified_gmt":"2024-09-17T08:29:23","slug":"systemy-operacyjne-pracownia-specjalistyczna","status":"publish","type":"page","link":"https:\/\/wi.pb.edu.pl\/p\/wojciech-kwedlo\/dydaktyka\/systemy-operacyjne-pracownia-specjalistyczna\/","title":{"rendered":"Systemy operacyjne &#8211; pracownia specjalistyczna"},"content":{"rendered":"<div class=\"table-responsive\">\n<table class=\"table table-no-bordered\" style=\"width: auto\">\n<tbody>\n<tr>\n<td>\n<h2 align=\"center\">Plan zaj\u0119\u0107 \u2013 propozycja<\/h2>\n<h2 align=\"center\">rok akademicki 2007\/2008 \u2013 semestr letni<\/h2>\n<\/td>\n<\/tr>\n<tr>\n<td>1.Wprowadzenie do narz\u0119dzi programisty (g\u0142\u00f3wnie make i gcc)<\/td>\n<\/tr>\n<tr>\n<td>2.<a href=\"https:\/\/wi.pb.edu.pl\/p\/wp-content\/uploads\/sites\/3\/2024\/07\/Kopiowanie.pdf\">Demonstracja API funkcji systemowych Linuksa &#8211; kopiowanie plik\u00f3w.<\/a><\/td>\n<\/tr>\n<tr>\n<td>3.Projekt I (API funkcji systemowych) wyb\u00f3r temat\u00f3w &#8211;<a title=\"Systemy operacyjne \u2013 Projekt pierwszy\" href=\"https:\/\/wi.pb.edu.pl\/p\/wojciech-kwedlo\/dydaktyka\/systemy-operacyjne-pracownia-specjalistyczna\/systemy-operacyjne-projekt-pierwszy\/\">przyk\u0142adowe tematy projektu<\/a><\/td>\n<\/tr>\n<tr>\n<td>4.Realizacja projektu I<\/td>\n<\/tr>\n<tr>\n<td>5.Realizacja projektu I +[wI]<\/td>\n<\/tr>\n<tr>\n<td>6.Realizacja projektu I +[wIIa]<\/td>\n<\/tr>\n<tr>\n<td>7.<a title=\"Threads\" href=\"https:\/\/wi.pb.edu.pl\/p\/wojciech-kwedlo\/dydaktyka\/systemy-operacyjne-pracownia-specjalistyczna\/threads\/\">Programowanie przy pomocy POSIX threads<\/a>(w\u0142a\u015bciwo\u015bci w\u0105tk\u00f3w, operacje create join, zmienne volatile).<\/td>\n<\/tr>\n<tr>\n<td>8.<a title=\"Problem pi\u0119ciu filozof\u00f3w\" href=\"https:\/\/wi.pb.edu.pl\/p\/wojciech-kwedlo\/dydaktyka\/systemy-operacyjne-pracownia-specjalistyczna\/problem-pieciu-filozofow\/\">Problem pi\u0119ciu filozof\u00f3w<\/a>.+ Wydanie Projektu nr II<\/td>\n<\/tr>\n<tr>\n<td>9.Problem pi\u0119ciu filozof\u00f3w c.d.+Odbi\u00f3r projektu nr I<\/td>\n<\/tr>\n<tr>\n<td>10.<a title=\"Systemy operacyjne \u2013 projekt drugi\" href=\"https:\/\/wi.pb.edu.pl\/p\/wojciech-kwedlo\/dydaktyka\/systemy-operacyjne-pracownia-specjalistyczna\/systemy-operacyjne-projekt-drugi\/\">Projekt II<\/a><\/td>\n<\/tr>\n<tr>\n<td>11.Projekt II +[wIIa]<\/td>\n<\/tr>\n<tr>\n<td>12.Projekt II<\/td>\n<\/tr>\n<tr>\n<td>13.Projekt II +[wIIb]<\/td>\n<\/tr>\n<tr>\n<td>14.Projekt II<\/td>\n<\/tr>\n<tr>\n<td>15.Odbi\u00f3r projektu nr II + zaliczenie<\/td>\n<\/tr>\n<tr>\n<td>Za\u0142o\u017cenia odno\u015bnie wiedzy student\u00f3w:<br \/>\n&#8211; znajomo\u015b\u0107 j\u0119zyka programowania C<br \/>\n&#8211; znajomo\u015b\u0107 systemu Linux (na poziomie u\u017cytkownika &#8211; podstawowe polecenia i pos\u0142ugiwanie si\u0119 pow\u0142ok\u0105)Projekt I- program wykorzystuj\u0105cy interfejs wywo\u0142a\u0144 systemowych systemu Linux<\/p>\n<p>Zakres wej\u015bci\u00f3wek wIa oraz wIb:tworzenie proces\u00f3w (fork\/exec*\/wait*), zmienna errno, interfejs systemu plik\u00f3w (read\/write\/open\/mmap\/close), generowanie logow (openlog\/syslog). potoki i przekierowanie wyj\u015bcia lub wej\u015bcia procesu potomnego (dup2\/pipe), sygna\u0142y zgodne ze standardem POSIX (sigaction\/sigprocmask\/pause\/alarm\/kill + operacja na zbiorach sygna\u0142\u00f3w).<br \/>\nO podziale materia\u0142u pomi\u0119dzy wej\u015bci\u00f3wki decyduje prowadz\u0105cy<\/p>\n<p>Projekt II- programowanie w\u0105tk\u00f3w wsp\u00f3\u0142bie\u017cnych przy pomocy POSIX threads.<\/p>\n<p>Punktacja:wIa+wIb: 16 punkt\u00f3w, Projekt I: 34 punkt\u00f3w, wIIa+wIIb: 16 punkt\u00f3w, Projekt II: 34 punkt\u00f3w<\/td>\n<\/tr>\n<\/tbody>\n<\/table>\n<\/div>\n","protected":false},"excerpt":{"rendered":"<p>Plan zaj\u0119\u0107 \u2013 propozycja rok akademicki 2007\/2008 \u2013 semestr letni 1.Wprowadzenie do narz\u0119dzi programisty (g\u0142\u00f3wnie<a class=\"read-more\" href=\"https:\/\/wi.pb.edu.pl\/p\/wojciech-kwedlo\/dydaktyka\/systemy-operacyjne-pracownia-specjalistyczna\/\" title=\"Poka\u017c artyku\u0142 Systemy operacyjne &#8211; pracownia specjalistyczna\">wi\u0119cej<\/a><\/p>\n","protected":false},"author":14,"featured_media":0,"parent":323,"menu_order":0,"comment_status":"closed","ping_status":"closed","template":"","meta":{"inline_featured_image":false,"ngg_post_thumbnail":0,"footnotes":""},"class_list":["post-364","page","type-page","status-publish","hentry"],"acf":[],"yoast_head":"<!-- This site is optimized with the Yoast SEO plugin v26.4 - https:\/\/yoast.com\/wordpress\/plugins\/seo\/ -->\n<title>Systemy operacyjne - pracownia specjalistyczna - Strony pracownik\u00f3w Wydzia\u0142u Informatyki Politechniki Bia\u0142ostockiej<\/title>\n<meta name=\"robots\" content=\"index, follow, max-snippet:-1, max-image-preview:large, max-video-preview:-1\" \/>\n<link rel=\"canonical\" href=\"https:\/\/wi.pb.edu.pl\/p\/wojciech-kwedlo\/dydaktyka\/systemy-operacyjne-pracownia-specjalistyczna\/\" \/>\n<meta property=\"og:locale\" content=\"pl_PL\" \/>\n<meta property=\"og:type\" content=\"article\" \/>\n<meta property=\"og:title\" content=\"Systemy operacyjne - pracownia specjalistyczna - Strony pracownik\u00f3w Wydzia\u0142u Informatyki Politechniki Bia\u0142ostockiej\" \/>\n<meta property=\"og:description\" content=\"Plan zaj\u0119\u0107 \u2013 propozycja rok akademicki 2007\/2008 \u2013 semestr letni 1.Wprowadzenie do narz\u0119dzi programisty (g\u0142\u00f3wniewi\u0119cej\" \/>\n<meta property=\"og:url\" content=\"https:\/\/wi.pb.edu.pl\/p\/wojciech-kwedlo\/dydaktyka\/systemy-operacyjne-pracownia-specjalistyczna\/\" \/>\n<meta property=\"og:site_name\" content=\"Strony pracownik\u00f3w Wydzia\u0142u Informatyki Politechniki Bia\u0142ostockiej\" \/>\n<meta property=\"article:modified_time\" content=\"2024-09-17T08:29:23+00:00\" \/>\n<meta name=\"twitter:card\" content=\"summary_large_image\" \/>\n<meta name=\"twitter:label1\" content=\"Szacowany czas czytania\" \/>\n\t<meta name=\"twitter:data1\" content=\"2 minuty\" \/>\n<script type=\"application\/ld+json\" class=\"yoast-schema-graph\">{\"@context\":\"https:\/\/schema.org\",\"@graph\":[{\"@type\":\"WebPage\",\"@id\":\"https:\/\/wi.pb.edu.pl\/p\/wojciech-kwedlo\/dydaktyka\/systemy-operacyjne-pracownia-specjalistyczna\/\",\"url\":\"https:\/\/wi.pb.edu.pl\/p\/wojciech-kwedlo\/dydaktyka\/systemy-operacyjne-pracownia-specjalistyczna\/\",\"name\":\"Systemy operacyjne - pracownia specjalistyczna - Strony pracownik\u00f3w Wydzia\u0142u Informatyki Politechniki Bia\u0142ostockiej\",\"isPartOf\":{\"@id\":\"https:\/\/wi.pb.edu.pl\/p\/#website\"},\"datePublished\":\"2024-07-18T08:57:53+00:00\",\"dateModified\":\"2024-09-17T08:29:23+00:00\",\"breadcrumb\":{\"@id\":\"https:\/\/wi.pb.edu.pl\/p\/wojciech-kwedlo\/dydaktyka\/systemy-operacyjne-pracownia-specjalistyczna\/#breadcrumb\"},\"inLanguage\":\"pl-PL\",\"potentialAction\":[{\"@type\":\"ReadAction\",\"target\":[\"https:\/\/wi.pb.edu.pl\/p\/wojciech-kwedlo\/dydaktyka\/systemy-operacyjne-pracownia-specjalistyczna\/\"]}]},{\"@type\":\"BreadcrumbList\",\"@id\":\"https:\/\/wi.pb.edu.pl\/p\/wojciech-kwedlo\/dydaktyka\/systemy-operacyjne-pracownia-specjalistyczna\/#breadcrumb\",\"itemListElement\":[{\"@type\":\"ListItem\",\"position\":1,\"name\":\"Strona g\u0142\u00f3wna\",\"item\":\"https:\/\/wi.pb.edu.pl\/p\/\"},{\"@type\":\"ListItem\",\"position\":2,\"name\":\"dr hab. in\u017c. Wojciech Kwedlo\",\"item\":\"https:\/\/wi.pb.edu.pl\/p\/wojciech-kwedlo\/\"},{\"@type\":\"ListItem\",\"position\":3,\"name\":\"Dydaktyka\",\"item\":\"https:\/\/wi.pb.edu.pl\/p\/wojciech-kwedlo\/dydaktyka\/\"},{\"@type\":\"ListItem\",\"position\":4,\"name\":\"Systemy operacyjne &#8211; pracownia specjalistyczna\"}]},{\"@type\":\"WebSite\",\"@id\":\"https:\/\/wi.pb.edu.pl\/p\/#website\",\"url\":\"https:\/\/wi.pb.edu.pl\/p\/\",\"name\":\"Strony pracownik\u00f3w Wydzia\u0142u Informatyki Politechniki Bia\u0142ostockiej\",\"description\":\"\",\"potentialAction\":[{\"@type\":\"SearchAction\",\"target\":{\"@type\":\"EntryPoint\",\"urlTemplate\":\"https:\/\/wi.pb.edu.pl\/p\/?s={search_term_string}\"},\"query-input\":{\"@type\":\"PropertyValueSpecification\",\"valueRequired\":true,\"valueName\":\"search_term_string\"}}],\"inLanguage\":\"pl-PL\"}]}<\/script>\n<!-- \/ Yoast SEO plugin. -->","yoast_head_json":{"title":"Systemy operacyjne - pracownia specjalistyczna - Strony pracownik\u00f3w Wydzia\u0142u Informatyki Politechniki Bia\u0142ostockiej","robots":{"index":"index","follow":"follow","max-snippet":"max-snippet:-1","max-image-preview":"max-image-preview:large","max-video-preview":"max-video-preview:-1"},"canonical":"https:\/\/wi.pb.edu.pl\/p\/wojciech-kwedlo\/dydaktyka\/systemy-operacyjne-pracownia-specjalistyczna\/","og_locale":"pl_PL","og_type":"article","og_title":"Systemy operacyjne - pracownia specjalistyczna - Strony pracownik\u00f3w Wydzia\u0142u Informatyki Politechniki Bia\u0142ostockiej","og_description":"Plan zaj\u0119\u0107 \u2013 propozycja rok akademicki 2007\/2008 \u2013 semestr letni 1.Wprowadzenie do narz\u0119dzi programisty (g\u0142\u00f3wniewi\u0119cej","og_url":"https:\/\/wi.pb.edu.pl\/p\/wojciech-kwedlo\/dydaktyka\/systemy-operacyjne-pracownia-specjalistyczna\/","og_site_name":"Strony pracownik\u00f3w Wydzia\u0142u Informatyki Politechniki Bia\u0142ostockiej","article_modified_time":"2024-09-17T08:29:23+00:00","twitter_card":"summary_large_image","twitter_misc":{"Szacowany czas czytania":"2 minuty"},"schema":{"@context":"https:\/\/schema.org","@graph":[{"@type":"WebPage","@id":"https:\/\/wi.pb.edu.pl\/p\/wojciech-kwedlo\/dydaktyka\/systemy-operacyjne-pracownia-specjalistyczna\/","url":"https:\/\/wi.pb.edu.pl\/p\/wojciech-kwedlo\/dydaktyka\/systemy-operacyjne-pracownia-specjalistyczna\/","name":"Systemy operacyjne - pracownia specjalistyczna - Strony pracownik\u00f3w Wydzia\u0142u Informatyki Politechniki Bia\u0142ostockiej","isPartOf":{"@id":"https:\/\/wi.pb.edu.pl\/p\/#website"},"datePublished":"2024-07-18T08:57:53+00:00","dateModified":"2024-09-17T08:29:23+00:00","breadcrumb":{"@id":"https:\/\/wi.pb.edu.pl\/p\/wojciech-kwedlo\/dydaktyka\/systemy-operacyjne-pracownia-specjalistyczna\/#breadcrumb"},"inLanguage":"pl-PL","potentialAction":[{"@type":"ReadAction","target":["https:\/\/wi.pb.edu.pl\/p\/wojciech-kwedlo\/dydaktyka\/systemy-operacyjne-pracownia-specjalistyczna\/"]}]},{"@type":"BreadcrumbList","@id":"https:\/\/wi.pb.edu.pl\/p\/wojciech-kwedlo\/dydaktyka\/systemy-operacyjne-pracownia-specjalistyczna\/#breadcrumb","itemListElement":[{"@type":"ListItem","position":1,"name":"Strona g\u0142\u00f3wna","item":"https:\/\/wi.pb.edu.pl\/p\/"},{"@type":"ListItem","position":2,"name":"dr hab. in\u017c. Wojciech Kwedlo","item":"https:\/\/wi.pb.edu.pl\/p\/wojciech-kwedlo\/"},{"@type":"ListItem","position":3,"name":"Dydaktyka","item":"https:\/\/wi.pb.edu.pl\/p\/wojciech-kwedlo\/dydaktyka\/"},{"@type":"ListItem","position":4,"name":"Systemy operacyjne &#8211; pracownia specjalistyczna"}]},{"@type":"WebSite","@id":"https:\/\/wi.pb.edu.pl\/p\/#website","url":"https:\/\/wi.pb.edu.pl\/p\/","name":"Strony pracownik\u00f3w Wydzia\u0142u Informatyki Politechniki Bia\u0142ostockiej","description":"","potentialAction":[{"@type":"SearchAction","target":{"@type":"EntryPoint","urlTemplate":"https:\/\/wi.pb.edu.pl\/p\/?s={search_term_string}"},"query-input":{"@type":"PropertyValueSpecification","valueRequired":true,"valueName":"search_term_string"}}],"inLanguage":"pl-PL"}]}},"_links":{"self":[{"href":"https:\/\/wi.pb.edu.pl\/p\/wp-json\/wp\/v2\/pages\/364","targetHints":{"allow":["GET"]}}],"collection":[{"href":"https:\/\/wi.pb.edu.pl\/p\/wp-json\/wp\/v2\/pages"}],"about":[{"href":"https:\/\/wi.pb.edu.pl\/p\/wp-json\/wp\/v2\/types\/page"}],"author":[{"embeddable":true,"href":"https:\/\/wi.pb.edu.pl\/p\/wp-json\/wp\/v2\/users\/14"}],"replies":[{"embeddable":true,"href":"https:\/\/wi.pb.edu.pl\/p\/wp-json\/wp\/v2\/comments?post=364"}],"version-history":[{"count":11,"href":"https:\/\/wi.pb.edu.pl\/p\/wp-json\/wp\/v2\/pages\/364\/revisions"}],"predecessor-version":[{"id":1879,"href":"https:\/\/wi.pb.edu.pl\/p\/wp-json\/wp\/v2\/pages\/364\/revisions\/1879"}],"up":[{"embeddable":true,"href":"https:\/\/wi.pb.edu.pl\/p\/wp-json\/wp\/v2\/pages\/323"}],"wp:attachment":[{"href":"https:\/\/wi.pb.edu.pl\/p\/wp-json\/wp\/v2\/media?parent=364"}],"curies":[{"name":"wp","href":"https:\/\/api.w.org\/{rel}","templated":true}]}}