{"id":90,"date":"2024-07-16T10:13:10","date_gmt":"2024-07-16T08:13:10","guid":{"rendered":"https:\/\/wi.pb.edu.pl\/p\/?page_id=90"},"modified":"2024-10-04T08:58:15","modified_gmt":"2024-10-04T06:58:15","slug":"marek-j-druzdzel","status":"publish","type":"page","link":"https:\/\/wi.pb.edu.pl\/p\/marek-j-druzdzel\/","title":{"rendered":"dr hab. in\u017c. Marek J. Dru\u017cdzel"},"content":{"rendered":"<p><img loading=\"lazy\" decoding=\"async\" class=\"size-full wp-image-91 alignleft\" src=\"https:\/\/wi.pb.edu.pl\/p\/wp-content\/uploads\/sites\/3\/2024\/07\/m-druzdzel-e1721116990122.jpg\" alt=\"\" width=\"150\" height=\"150\"><br \/>\nProfessor PB <a href=\"http:\/\/wi.pb.edu.pl\">Faculty of Computer Science<\/a> <a href=\"http:\/\/pb.edu.pl\">Bialystok Technical University<\/a><\/p>\n<div style=\"clear: both\">\n<h4>Education:<\/h4>\n<ul>\n<li>Habilitation, 2009,&nbsp;<a href=\"https:\/\/www.pan.pl\/\">Polish Academy of Sciences<\/a>,&nbsp;<a href=\"http:\/\/www.ipipan.eu\/\">Institute of Computer Science<\/a>.<\/li>\n<li>Ph.D., 1992,&nbsp;<a href=\"http:\/\/www.cmu.edu\/\">Carnegie Mellon University<\/a>,&nbsp;<a href=\"http:\/\/www.epp.cmu.edu\/\">Engineering and Public Policy<\/a><\/li>\n<li>M.S., 1987,&nbsp;<a href=\"http:\/\/www.tudelft.nl\/\">Delft University of Technology<\/a>,&nbsp;<a href=\"http:\/\/ce.et.tudelft.nl\/\">Computer Engineering<\/a><\/li>\n<li>M.S., 1985,&nbsp;<a href=\"http:\/\/www.tudelft.nl\/\">Delft University of Technology<\/a>,&nbsp;<a href=\"http:\/\/www.ewi.tudelft.nl\/\">Technical Mathematics and Informatics<\/a><\/li>\n<\/ul>\n<h4>Research interests:<\/h4>\n<p>Decision making under uncertainty, decision-theoretic methods in intelligent systems, user interfaces to decision support systems<br \/>\n<a href=\"https:\/\/wi.pb.edu.pl\/p\/wp-content\/uploads\/sites\/3\/2024\/07\/MDrudzelCV.pdf\">Curriculum Vitae (PDF)<\/a><\/p>\n<h4>Mailing address :<\/h4>\n<p>Faculty of Computer Science<br \/>\nBialystok University of Technology<br \/>\nWiejska 45A, 15-351 Bialystok<br \/>\nPoland<\/p>\n<h4>Electronic address:<\/h4>\n<p><i class=\"fal fa-phone\"><\/i> +48-85-746-9100<br \/>\nFAX : +48-85-746-9057<br \/>\n<i class=\"fal fa-envelope\"><\/i> <a href=\"#\" rel=\"nofollow\"  onclick=\"this.href='mailto:' + 'm.druzdzel' + '@' + 'pb.edu.pl'\">m.druzdzel [at] pb.edu.pl<\/a>\n<\/div>\n<p><a title=\"Zaj\u0119cia\" href=\"https:\/\/wi.pb.edu.pl\/p\/katedra-oprogramowania\/dr-hab-inz-marek-j-druzdzel\/zajecia\/\">Teaching (in Polish)<\/a><br \/>\n<a title=\"Publikacje\" href=\"https:\/\/wi.pb.edu.pl\/p\/katedra-oprogramowania\/dr-hab-inz-marek-j-druzdzel\/publikacje\/\">Publications<\/a><br \/>\n<a href=\"http:\/\/dsl.sis.pitt.edu\/\">Decision Systems Laboratory (my research group)<\/a><br \/>\n<a href=\"https:\/\/www.bayesfusion.com\/\">Downloading GeNIe and SMILE (free for academic research and teaching use)<\/a><\/p>\n","protected":false},"excerpt":{"rendered":"<p>Professor PB Faculty of Computer Science Bialystok Technical University Education: Habilitation, 2009,&nbsp;Polish Academy of Sciences,&nbsp;Institute<a class=\"read-more\" href=\"https:\/\/wi.pb.edu.pl\/p\/marek-j-druzdzel\/\" title=\"Poka\u017c artyku\u0142 dr hab. in\u017c. Marek J. Dru\u017cdzel\">wi\u0119cej<\/a><\/p>\n","protected":false},"author":18,"featured_media":0,"parent":0,"menu_order":0,"comment_status":"closed","ping_status":"closed","template":"","meta":{"inline_featured_image":false,"ngg_post_thumbnail":0,"footnotes":""},"class_list":["post-90","page","type-page","status-publish","hentry"],"acf":[],"yoast_head":"<!-- This site is optimized with the Yoast SEO plugin v26.4 - https:\/\/yoast.com\/wordpress\/plugins\/seo\/ -->\n<title>dr hab. in\u017c. Marek J. Dru\u017cdzel - Strony pracownik\u00f3w Wydzia\u0142u Informatyki Politechniki Bia\u0142ostockiej<\/title>\n<meta name=\"robots\" content=\"index, follow, max-snippet:-1, max-image-preview:large, max-video-preview:-1\" \/>\n<link rel=\"canonical\" href=\"https:\/\/wi.pb.edu.pl\/p\/marek-j-druzdzel\/\" \/>\n<meta property=\"og:locale\" content=\"pl_PL\" \/>\n<meta property=\"og:type\" content=\"article\" \/>\n<meta property=\"og:title\" content=\"dr hab. in\u017c. Marek J. Dru\u017cdzel - Strony pracownik\u00f3w Wydzia\u0142u Informatyki Politechniki Bia\u0142ostockiej\" \/>\n<meta property=\"og:description\" content=\"Professor PB Faculty of Computer Science Bialystok Technical University Education: Habilitation, 2009,&nbsp;Polish Academy of Sciences,&nbsp;Institutewi\u0119cej\" \/>\n<meta property=\"og:url\" content=\"https:\/\/wi.pb.edu.pl\/p\/marek-j-druzdzel\/\" \/>\n<meta property=\"og:site_name\" content=\"Strony pracownik\u00f3w Wydzia\u0142u Informatyki Politechniki Bia\u0142ostockiej\" \/>\n<meta property=\"article:modified_time\" content=\"2024-10-04T06:58:15+00:00\" \/>\n<meta property=\"og:image\" content=\"https:\/\/wi.pb.edu.pl\/p\/wp-content\/uploads\/sites\/3\/2024\/07\/m-druzdzel-e1721116990122.jpg\" \/>\n<meta name=\"twitter:card\" content=\"summary_large_image\" \/>\n<meta name=\"twitter:label1\" content=\"Szacowany czas czytania\" \/>\n\t<meta name=\"twitter:data1\" content=\"1 minuta\" \/>\n<script type=\"application\/ld+json\" class=\"yoast-schema-graph\">{\"@context\":\"https:\/\/schema.org\",\"@graph\":[{\"@type\":\"WebPage\",\"@id\":\"https:\/\/wi.pb.edu.pl\/p\/marek-j-druzdzel\/\",\"url\":\"https:\/\/wi.pb.edu.pl\/p\/marek-j-druzdzel\/\",\"name\":\"dr hab. in\u017c. Marek J. Dru\u017cdzel - Strony pracownik\u00f3w Wydzia\u0142u Informatyki Politechniki Bia\u0142ostockiej\",\"isPartOf\":{\"@id\":\"https:\/\/wi.pb.edu.pl\/p\/#website\"},\"primaryImageOfPage\":{\"@id\":\"https:\/\/wi.pb.edu.pl\/p\/marek-j-druzdzel\/#primaryimage\"},\"image\":{\"@id\":\"https:\/\/wi.pb.edu.pl\/p\/marek-j-druzdzel\/#primaryimage\"},\"thumbnailUrl\":\"https:\/\/wi.pb.edu.pl\/p\/wp-content\/uploads\/sites\/3\/2024\/07\/m-druzdzel-e1721116990122.jpg\",\"datePublished\":\"2024-07-16T08:13:10+00:00\",\"dateModified\":\"2024-10-04T06:58:15+00:00\",\"breadcrumb\":{\"@id\":\"https:\/\/wi.pb.edu.pl\/p\/marek-j-druzdzel\/#breadcrumb\"},\"inLanguage\":\"pl-PL\",\"potentialAction\":[{\"@type\":\"ReadAction\",\"target\":[\"https:\/\/wi.pb.edu.pl\/p\/marek-j-druzdzel\/\"]}]},{\"@type\":\"ImageObject\",\"inLanguage\":\"pl-PL\",\"@id\":\"https:\/\/wi.pb.edu.pl\/p\/marek-j-druzdzel\/#primaryimage\",\"url\":\"https:\/\/wi.pb.edu.pl\/p\/wp-content\/uploads\/sites\/3\/2024\/07\/m-druzdzel-e1721116990122.jpg\",\"contentUrl\":\"https:\/\/wi.pb.edu.pl\/p\/wp-content\/uploads\/sites\/3\/2024\/07\/m-druzdzel-e1721116990122.jpg\",\"width\":150,\"height\":150},{\"@type\":\"BreadcrumbList\",\"@id\":\"https:\/\/wi.pb.edu.pl\/p\/marek-j-druzdzel\/#breadcrumb\",\"itemListElement\":[{\"@type\":\"ListItem\",\"position\":1,\"name\":\"Strona g\u0142\u00f3wna\",\"item\":\"https:\/\/wi.pb.edu.pl\/p\/\"},{\"@type\":\"ListItem\",\"position\":2,\"name\":\"dr hab. in\u017c. Marek J. Dru\u017cdzel\"}]},{\"@type\":\"WebSite\",\"@id\":\"https:\/\/wi.pb.edu.pl\/p\/#website\",\"url\":\"https:\/\/wi.pb.edu.pl\/p\/\",\"name\":\"Strony pracownik\u00f3w Wydzia\u0142u Informatyki Politechniki Bia\u0142ostockiej\",\"description\":\"\",\"potentialAction\":[{\"@type\":\"SearchAction\",\"target\":{\"@type\":\"EntryPoint\",\"urlTemplate\":\"https:\/\/wi.pb.edu.pl\/p\/?s={search_term_string}\"},\"query-input\":{\"@type\":\"PropertyValueSpecification\",\"valueRequired\":true,\"valueName\":\"search_term_string\"}}],\"inLanguage\":\"pl-PL\"}]}<\/script>\n<!-- \/ Yoast SEO plugin. -->","yoast_head_json":{"title":"dr hab. in\u017c. Marek J. Dru\u017cdzel - Strony pracownik\u00f3w Wydzia\u0142u Informatyki Politechniki Bia\u0142ostockiej","robots":{"index":"index","follow":"follow","max-snippet":"max-snippet:-1","max-image-preview":"max-image-preview:large","max-video-preview":"max-video-preview:-1"},"canonical":"https:\/\/wi.pb.edu.pl\/p\/marek-j-druzdzel\/","og_locale":"pl_PL","og_type":"article","og_title":"dr hab. in\u017c. Marek J. Dru\u017cdzel - Strony pracownik\u00f3w Wydzia\u0142u Informatyki Politechniki Bia\u0142ostockiej","og_description":"Professor PB Faculty of Computer Science Bialystok Technical University Education: Habilitation, 2009,&nbsp;Polish Academy of Sciences,&nbsp;Institutewi\u0119cej","og_url":"https:\/\/wi.pb.edu.pl\/p\/marek-j-druzdzel\/","og_site_name":"Strony pracownik\u00f3w Wydzia\u0142u Informatyki Politechniki Bia\u0142ostockiej","article_modified_time":"2024-10-04T06:58:15+00:00","og_image":[{"url":"https:\/\/wi.pb.edu.pl\/p\/wp-content\/uploads\/sites\/3\/2024\/07\/m-druzdzel-e1721116990122.jpg","type":"","width":"","height":""}],"twitter_card":"summary_large_image","twitter_misc":{"Szacowany czas czytania":"1 minuta"},"schema":{"@context":"https:\/\/schema.org","@graph":[{"@type":"WebPage","@id":"https:\/\/wi.pb.edu.pl\/p\/marek-j-druzdzel\/","url":"https:\/\/wi.pb.edu.pl\/p\/marek-j-druzdzel\/","name":"dr hab. in\u017c. Marek J. Dru\u017cdzel - Strony pracownik\u00f3w Wydzia\u0142u Informatyki Politechniki Bia\u0142ostockiej","isPartOf":{"@id":"https:\/\/wi.pb.edu.pl\/p\/#website"},"primaryImageOfPage":{"@id":"https:\/\/wi.pb.edu.pl\/p\/marek-j-druzdzel\/#primaryimage"},"image":{"@id":"https:\/\/wi.pb.edu.pl\/p\/marek-j-druzdzel\/#primaryimage"},"thumbnailUrl":"https:\/\/wi.pb.edu.pl\/p\/wp-content\/uploads\/sites\/3\/2024\/07\/m-druzdzel-e1721116990122.jpg","datePublished":"2024-07-16T08:13:10+00:00","dateModified":"2024-10-04T06:58:15+00:00","breadcrumb":{"@id":"https:\/\/wi.pb.edu.pl\/p\/marek-j-druzdzel\/#breadcrumb"},"inLanguage":"pl-PL","potentialAction":[{"@type":"ReadAction","target":["https:\/\/wi.pb.edu.pl\/p\/marek-j-druzdzel\/"]}]},{"@type":"ImageObject","inLanguage":"pl-PL","@id":"https:\/\/wi.pb.edu.pl\/p\/marek-j-druzdzel\/#primaryimage","url":"https:\/\/wi.pb.edu.pl\/p\/wp-content\/uploads\/sites\/3\/2024\/07\/m-druzdzel-e1721116990122.jpg","contentUrl":"https:\/\/wi.pb.edu.pl\/p\/wp-content\/uploads\/sites\/3\/2024\/07\/m-druzdzel-e1721116990122.jpg","width":150,"height":150},{"@type":"BreadcrumbList","@id":"https:\/\/wi.pb.edu.pl\/p\/marek-j-druzdzel\/#breadcrumb","itemListElement":[{"@type":"ListItem","position":1,"name":"Strona g\u0142\u00f3wna","item":"https:\/\/wi.pb.edu.pl\/p\/"},{"@type":"ListItem","position":2,"name":"dr hab. in\u017c. Marek J. Dru\u017cdzel"}]},{"@type":"WebSite","@id":"https:\/\/wi.pb.edu.pl\/p\/#website","url":"https:\/\/wi.pb.edu.pl\/p\/","name":"Strony pracownik\u00f3w Wydzia\u0142u Informatyki Politechniki Bia\u0142ostockiej","description":"","potentialAction":[{"@type":"SearchAction","target":{"@type":"EntryPoint","urlTemplate":"https:\/\/wi.pb.edu.pl\/p\/?s={search_term_string}"},"query-input":{"@type":"PropertyValueSpecification","valueRequired":true,"valueName":"search_term_string"}}],"inLanguage":"pl-PL"}]}},"_links":{"self":[{"href":"https:\/\/wi.pb.edu.pl\/p\/wp-json\/wp\/v2\/pages\/90","targetHints":{"allow":["GET"]}}],"collection":[{"href":"https:\/\/wi.pb.edu.pl\/p\/wp-json\/wp\/v2\/pages"}],"about":[{"href":"https:\/\/wi.pb.edu.pl\/p\/wp-json\/wp\/v2\/types\/page"}],"author":[{"embeddable":true,"href":"https:\/\/wi.pb.edu.pl\/p\/wp-json\/wp\/v2\/users\/18"}],"replies":[{"embeddable":true,"href":"https:\/\/wi.pb.edu.pl\/p\/wp-json\/wp\/v2\/comments?post=90"}],"version-history":[{"count":9,"href":"https:\/\/wi.pb.edu.pl\/p\/wp-json\/wp\/v2\/pages\/90\/revisions"}],"predecessor-version":[{"id":136,"href":"https:\/\/wi.pb.edu.pl\/p\/wp-json\/wp\/v2\/pages\/90\/revisions\/136"}],"wp:attachment":[{"href":"https:\/\/wi.pb.edu.pl\/p\/wp-json\/wp\/v2\/media?parent=90"}],"curies":[{"name":"wp","href":"https:\/\/api.w.org\/{rel}","templated":true}]}}