{"id":912,"date":"2024-07-22T09:07:40","date_gmt":"2024-07-22T07:07:40","guid":{"rendered":"https:\/\/wi.pb.edu.pl\/p\/?page_id=912"},"modified":"2024-07-22T09:07:40","modified_gmt":"2024-07-22T07:07:40","slug":"propozycje-tematow-prac-inzynierskich-zima-2015","status":"publish","type":"page","link":"https:\/\/wi.pb.edu.pl\/p\/marek-tabedzki\/propozycje-tematow-prac-inzynierskich-zima-2015\/","title":{"rendered":"Propozycje temat\u00f3w prac in\u017cynierskich (zima 2015)"},"content":{"rendered":"<h2>&nbsp;<\/h2>\n<h4>Projekt i implementacja gry komputerowej<\/h4>\n<div>Celem pracy jest stworzenie prostej gry komputerowej. Mo\u017ce by\u0107 to gra logiczna (np. typu Sokoban lub Bejeweled), zr\u0119czno\u015bciowa (np. typu Super Mario, Gauntlet, scrolling shooter), przygodowa (np. typu escape the room lub Legend of Zelda), RPG (np. typu roguelike czy Diablo), sportowa (np. wy\u015bcigi), mo\u017ce strategiczna lub ekonomiczna (np. handlowa) lub te\u017c przeniesienie na komputer istniej\u0105cej gry planszowej. Ustalenie szczeg\u00f3\u0142\u00f3w b\u0119dzie nale\u017ce\u0107 do dyplomanta. Ten temat mo\u017ce by\u0107 wybrany przez kilka (4-5) os\u00f3b, ka\u017cda realizuj\u0105ca swoj\u0105 w\u0142asn\u0105 gr\u0119. Zainteresowanych szczeg\u00f3\u0142ami zapraszam na konsultacje.&nbsp;(limit miejsc wyczerpany)<\/div>\n<h4>Program do p\u00f3\u0142automatycznego tworzenia abstrakcyjnych obraz\u00f3w<\/h4>\n<div>Celem pracy jest stworzenie aplikacji, kt\u00f3ra pozwala na szybkie tworzenie abstrakcyjnych grafik. U\u017cytkownik programu wybiera kolory, podaje parametry, by\u0107 mo\u017ce wskazuje pewne obszary czy wyznacza podstawowe linie i poci\u0105gni\u0119cia p\u0119dzla, za\u015b program uzupe\u0142nia to w automatyczny spos\u00f3b tworz\u0105c ca\u0142\u0105 grafik\u0119, np. losowo wype\u0142niaj\u0105c powtarzaj\u0105cym si\u0119 wzorem. Ustalenie szczeg\u00f3\u0142\u00f3w dzia\u0142ania nale\u017cy do dyplomanta.<\/div>\n<h4>Platforma do wizualizacji i symulacji ruchu t\u0142umu<\/h4>\n<div>Celem pracy jest stworzenie aplikacji pozwalaj\u0105cej na symulacj\u0119 i wizualizacj\u0119 ruchu t\u0142umu w ograniczonej, dwuwymiarowej przestrzeni (np. pi\u0119tro budynku). Odpowiednie algorytmy i modele zostan\u0105 wskazane przez promotora. Do dyplomanta nale\u017ce\u0107 b\u0119dzie przygotowanie aplikacji pozwalaj\u0105cej \u015bledzi\u0107 ruch w czasie rzeczywistym, manipulowa\u0107 parametrami, wp\u0142ywa\u0107 na \u015brodowisko (uk\u0142ad pomieszcze\u0144) i obserwowa\u0107 wp\u0142yw tych zmian na wynik symulacji.<\/div>\n<h4>Narz\u0119dzie do testowania i projektowania algorytm\u00f3w szkieletyzacji<\/h4>\n<div>Celem pracy jest stworzenie aplikacji, kt\u00f3ra pozwoli na zaprojektowanie operator\u00f3w morfologicznych wykonuj\u0105cych operacj\u0119 \u015bcieniania obraz\u00f3w binarnych. Operacja taka jest wykonywana w sk\u0142adaj\u0105cym si\u0119 z krok\u00f3w procesie iteracyjnym, w kt\u00f3rym usuwane s\u0105 piksele obrazu spe\u0142niaj\u0105ce okre\u015blone (przy pomocy maski) kryterium. Aplikacja ma pozwala\u0107 na projektowanie i testowanie takich masek. Wiedza dziedzinowa zostanie przekazana dyplomantowi przez promotora.<\/div>\n<h4>Program do szybkiego tworzenia diagram\u00f3w i schemat\u00f3w<\/h4>\n<div>Celem pracy jest stworzenie aplikacji pozwalaj\u0105cej na proste i szybkie tworzenie schematycznych rysunk\u00f3w, diagram\u00f3w, wykres\u00f3w, etc. Ma ona by\u0107 w stanie zast\u0105pi\u0107 tablic\u0119 na wyk\u0142adzie, pokazie, czy w trakcie burzy m\u00f3zg\u00f3w. Powinna ona dawa\u0107 podstawowe mo\u017cliwo\u015bci programu graficznego, dostarczaj\u0105c dodatkowo narz\u0119dzi do wygodnego rysowania bardziej z\u0142o\u017conych kszta\u0142t\u00f3w (np. diagram\u00f3w klas). Ustalenie szczeg\u00f3\u0142\u00f3w nale\u017ce\u0107 b\u0119dzie do dyplomanta.&nbsp;(temat zarezerwowany)<\/div>\n<p>Osoby zainteresowane szczeg\u00f3\u0142ami zapraszam na konsultacje.<\/p>\n","protected":false},"excerpt":{"rendered":"<p>&nbsp; Projekt i implementacja gry komputerowej Celem pracy jest stworzenie prostej gry komputerowej. Mo\u017ce by\u0107<a class=\"read-more\" href=\"https:\/\/wi.pb.edu.pl\/p\/marek-tabedzki\/propozycje-tematow-prac-inzynierskich-zima-2015\/\" title=\"Poka\u017c artyku\u0142 Propozycje temat\u00f3w prac in\u017cynierskich (zima 2015)\">wi\u0119cej<\/a><\/p>\n","protected":false},"author":14,"featured_media":0,"parent":910,"menu_order":0,"comment_status":"closed","ping_status":"closed","template":"","meta":{"inline_featured_image":false,"ngg_post_thumbnail":0,"footnotes":""},"class_list":["post-912","page","type-page","status-publish","hentry"],"acf":[],"yoast_head":"<!-- This site is optimized with the Yoast SEO plugin v26.4 - https:\/\/yoast.com\/wordpress\/plugins\/seo\/ -->\n<title>Propozycje temat\u00f3w prac in\u017cynierskich (zima 2015) - Strony pracownik\u00f3w Wydzia\u0142u Informatyki Politechniki Bia\u0142ostockiej<\/title>\n<meta name=\"robots\" content=\"index, follow, max-snippet:-1, max-image-preview:large, max-video-preview:-1\" \/>\n<link rel=\"canonical\" href=\"https:\/\/wi.pb.edu.pl\/p\/marek-tabedzki\/propozycje-tematow-prac-inzynierskich-zima-2015\/\" \/>\n<meta property=\"og:locale\" content=\"pl_PL\" \/>\n<meta property=\"og:type\" content=\"article\" \/>\n<meta property=\"og:title\" content=\"Propozycje temat\u00f3w prac in\u017cynierskich (zima 2015) - Strony pracownik\u00f3w Wydzia\u0142u Informatyki Politechniki Bia\u0142ostockiej\" \/>\n<meta property=\"og:description\" content=\"&nbsp; Projekt i implementacja gry komputerowej Celem pracy jest stworzenie prostej gry komputerowej. Mo\u017ce by\u0107wi\u0119cej\" \/>\n<meta property=\"og:url\" content=\"https:\/\/wi.pb.edu.pl\/p\/marek-tabedzki\/propozycje-tematow-prac-inzynierskich-zima-2015\/\" \/>\n<meta property=\"og:site_name\" content=\"Strony pracownik\u00f3w Wydzia\u0142u Informatyki Politechniki Bia\u0142ostockiej\" \/>\n<meta name=\"twitter:card\" content=\"summary_large_image\" \/>\n<meta name=\"twitter:label1\" content=\"Szacowany czas czytania\" \/>\n\t<meta name=\"twitter:data1\" content=\"3 minuty\" \/>\n<script type=\"application\/ld+json\" class=\"yoast-schema-graph\">{\"@context\":\"https:\/\/schema.org\",\"@graph\":[{\"@type\":\"WebPage\",\"@id\":\"https:\/\/wi.pb.edu.pl\/p\/marek-tabedzki\/propozycje-tematow-prac-inzynierskich-zima-2015\/\",\"url\":\"https:\/\/wi.pb.edu.pl\/p\/marek-tabedzki\/propozycje-tematow-prac-inzynierskich-zima-2015\/\",\"name\":\"Propozycje temat\u00f3w prac in\u017cynierskich (zima 2015) - Strony pracownik\u00f3w Wydzia\u0142u Informatyki Politechniki Bia\u0142ostockiej\",\"isPartOf\":{\"@id\":\"https:\/\/wi.pb.edu.pl\/p\/#website\"},\"datePublished\":\"2024-07-22T07:07:40+00:00\",\"breadcrumb\":{\"@id\":\"https:\/\/wi.pb.edu.pl\/p\/marek-tabedzki\/propozycje-tematow-prac-inzynierskich-zima-2015\/#breadcrumb\"},\"inLanguage\":\"pl-PL\",\"potentialAction\":[{\"@type\":\"ReadAction\",\"target\":[\"https:\/\/wi.pb.edu.pl\/p\/marek-tabedzki\/propozycje-tematow-prac-inzynierskich-zima-2015\/\"]}]},{\"@type\":\"BreadcrumbList\",\"@id\":\"https:\/\/wi.pb.edu.pl\/p\/marek-tabedzki\/propozycje-tematow-prac-inzynierskich-zima-2015\/#breadcrumb\",\"itemListElement\":[{\"@type\":\"ListItem\",\"position\":1,\"name\":\"Strona g\u0142\u00f3wna\",\"item\":\"https:\/\/wi.pb.edu.pl\/p\/\"},{\"@type\":\"ListItem\",\"position\":2,\"name\":\"dr in\u017c. Marek Tab\u0119dzki\",\"item\":\"https:\/\/wi.pb.edu.pl\/p\/marek-tabedzki\/\"},{\"@type\":\"ListItem\",\"position\":3,\"name\":\"Propozycje temat\u00f3w prac in\u017cynierskich (zima 2015)\"}]},{\"@type\":\"WebSite\",\"@id\":\"https:\/\/wi.pb.edu.pl\/p\/#website\",\"url\":\"https:\/\/wi.pb.edu.pl\/p\/\",\"name\":\"Strony pracownik\u00f3w Wydzia\u0142u Informatyki Politechniki Bia\u0142ostockiej\",\"description\":\"\",\"potentialAction\":[{\"@type\":\"SearchAction\",\"target\":{\"@type\":\"EntryPoint\",\"urlTemplate\":\"https:\/\/wi.pb.edu.pl\/p\/?s={search_term_string}\"},\"query-input\":{\"@type\":\"PropertyValueSpecification\",\"valueRequired\":true,\"valueName\":\"search_term_string\"}}],\"inLanguage\":\"pl-PL\"}]}<\/script>\n<!-- \/ Yoast SEO plugin. -->","yoast_head_json":{"title":"Propozycje temat\u00f3w prac in\u017cynierskich (zima 2015) - Strony pracownik\u00f3w Wydzia\u0142u Informatyki Politechniki Bia\u0142ostockiej","robots":{"index":"index","follow":"follow","max-snippet":"max-snippet:-1","max-image-preview":"max-image-preview:large","max-video-preview":"max-video-preview:-1"},"canonical":"https:\/\/wi.pb.edu.pl\/p\/marek-tabedzki\/propozycje-tematow-prac-inzynierskich-zima-2015\/","og_locale":"pl_PL","og_type":"article","og_title":"Propozycje temat\u00f3w prac in\u017cynierskich (zima 2015) - Strony pracownik\u00f3w Wydzia\u0142u Informatyki Politechniki Bia\u0142ostockiej","og_description":"&nbsp; Projekt i implementacja gry komputerowej Celem pracy jest stworzenie prostej gry komputerowej. Mo\u017ce by\u0107wi\u0119cej","og_url":"https:\/\/wi.pb.edu.pl\/p\/marek-tabedzki\/propozycje-tematow-prac-inzynierskich-zima-2015\/","og_site_name":"Strony pracownik\u00f3w Wydzia\u0142u Informatyki Politechniki Bia\u0142ostockiej","twitter_card":"summary_large_image","twitter_misc":{"Szacowany czas czytania":"3 minuty"},"schema":{"@context":"https:\/\/schema.org","@graph":[{"@type":"WebPage","@id":"https:\/\/wi.pb.edu.pl\/p\/marek-tabedzki\/propozycje-tematow-prac-inzynierskich-zima-2015\/","url":"https:\/\/wi.pb.edu.pl\/p\/marek-tabedzki\/propozycje-tematow-prac-inzynierskich-zima-2015\/","name":"Propozycje temat\u00f3w prac in\u017cynierskich (zima 2015) - Strony pracownik\u00f3w Wydzia\u0142u Informatyki Politechniki Bia\u0142ostockiej","isPartOf":{"@id":"https:\/\/wi.pb.edu.pl\/p\/#website"},"datePublished":"2024-07-22T07:07:40+00:00","breadcrumb":{"@id":"https:\/\/wi.pb.edu.pl\/p\/marek-tabedzki\/propozycje-tematow-prac-inzynierskich-zima-2015\/#breadcrumb"},"inLanguage":"pl-PL","potentialAction":[{"@type":"ReadAction","target":["https:\/\/wi.pb.edu.pl\/p\/marek-tabedzki\/propozycje-tematow-prac-inzynierskich-zima-2015\/"]}]},{"@type":"BreadcrumbList","@id":"https:\/\/wi.pb.edu.pl\/p\/marek-tabedzki\/propozycje-tematow-prac-inzynierskich-zima-2015\/#breadcrumb","itemListElement":[{"@type":"ListItem","position":1,"name":"Strona g\u0142\u00f3wna","item":"https:\/\/wi.pb.edu.pl\/p\/"},{"@type":"ListItem","position":2,"name":"dr in\u017c. Marek Tab\u0119dzki","item":"https:\/\/wi.pb.edu.pl\/p\/marek-tabedzki\/"},{"@type":"ListItem","position":3,"name":"Propozycje temat\u00f3w prac in\u017cynierskich (zima 2015)"}]},{"@type":"WebSite","@id":"https:\/\/wi.pb.edu.pl\/p\/#website","url":"https:\/\/wi.pb.edu.pl\/p\/","name":"Strony pracownik\u00f3w Wydzia\u0142u Informatyki Politechniki Bia\u0142ostockiej","description":"","potentialAction":[{"@type":"SearchAction","target":{"@type":"EntryPoint","urlTemplate":"https:\/\/wi.pb.edu.pl\/p\/?s={search_term_string}"},"query-input":{"@type":"PropertyValueSpecification","valueRequired":true,"valueName":"search_term_string"}}],"inLanguage":"pl-PL"}]}},"_links":{"self":[{"href":"https:\/\/wi.pb.edu.pl\/p\/wp-json\/wp\/v2\/pages\/912","targetHints":{"allow":["GET"]}}],"collection":[{"href":"https:\/\/wi.pb.edu.pl\/p\/wp-json\/wp\/v2\/pages"}],"about":[{"href":"https:\/\/wi.pb.edu.pl\/p\/wp-json\/wp\/v2\/types\/page"}],"author":[{"embeddable":true,"href":"https:\/\/wi.pb.edu.pl\/p\/wp-json\/wp\/v2\/users\/14"}],"replies":[{"embeddable":true,"href":"https:\/\/wi.pb.edu.pl\/p\/wp-json\/wp\/v2\/comments?post=912"}],"version-history":[{"count":1,"href":"https:\/\/wi.pb.edu.pl\/p\/wp-json\/wp\/v2\/pages\/912\/revisions"}],"predecessor-version":[{"id":913,"href":"https:\/\/wi.pb.edu.pl\/p\/wp-json\/wp\/v2\/pages\/912\/revisions\/913"}],"up":[{"embeddable":true,"href":"https:\/\/wi.pb.edu.pl\/p\/wp-json\/wp\/v2\/pages\/910"}],"wp:attachment":[{"href":"https:\/\/wi.pb.edu.pl\/p\/wp-json\/wp\/v2\/media?parent=912"}],"curies":[{"name":"wp","href":"https:\/\/api.w.org\/{rel}","templated":true}]}}