{"id":969,"date":"2024-07-22T09:31:18","date_gmt":"2024-07-22T07:31:18","guid":{"rendered":"https:\/\/wi.pb.edu.pl\/p\/?page_id=969"},"modified":"2024-09-16T13:18:03","modified_gmt":"2024-09-16T11:18:03","slug":"teodora-dimitrova-grekow","status":"publish","type":"page","link":"https:\/\/wi.pb.edu.pl\/p\/teodora-dimitrova-grekow\/","title":{"rendered":"dr in\u017c. Teodora Dimitrova-Grekow"},"content":{"rendered":"<p><img loading=\"lazy\" decoding=\"async\" class=\"size-thumbnail wp-image-970 alignleft\" src=\"https:\/\/wi.pb.edu.pl\/p\/wp-content\/uploads\/sites\/3\/2024\/07\/TDGrekow-150x150.jpg\" alt=\"\" width=\"150\" height=\"150\"><\/p>\n<div id=\"middle\">\n<div id=\"left\">\n<p><b>Dr in\u017c. Teodora DIMITROVA-GREKOW<\/b><\/p>\n<p>15-085 Bia\u0142ystok, ul.Wiejska 45A<br \/>\npok\u00f3j 133\/05<br \/>\nTel. +85-746-91-60<br \/>\ne-mail:&nbsp;<i>t.grekow[at]pb.edu.pl<\/i><\/p>\n<hr>\n<p><a href=\"https:\/\/degra.wi.pb.edu.pl\/rozklady\/rozklad.php?id=11&amp;page=nau&amp;submit=\">Rozk\u0142ad zaj\u0119\u0107<\/a><\/p>\n<p>DYDAKTYKA \/materia\u0142y do pobrania\/<\/p>\n<\/div>\n<\/div>\n<p><a href=\"https:\/\/cez2.wi.pb.edu.pl\/moodle\/\">Wszelkie materia\u0142y dydaktyczne<br \/>\n<\/a><\/p>\n<p><img decoding=\"async\" src=\"https:\/\/wi.pb.edu.pl\/p\/wp-content\/uploads\/sites\/3\/2024\/07\/en.jpg\" width=\"4%\" align=\"left\">&nbsp;&nbsp;&nbsp;ERASMUS:&nbsp;<a href=\"https:\/\/cez2.wi.pb.edu.pl\/moodle\/\">Informatics in Robotics<br \/>\n<\/a><br \/>\nKo\u0142o naukowe&nbsp;<a href=\"http:\/\/msi.pb.edu.pl\/\">Mobilne Systemy Inteligentne MSI<\/a><\/p>\n<p>EastROBO&nbsp;<a href=\"http:\/\/eastrobo.pl\/\">International Robot Tournament EastROBO<\/a><\/p>\n","protected":false},"excerpt":{"rendered":"<p>Dr in\u017c. Teodora DIMITROVA-GREKOW 15-085 Bia\u0142ystok, ul.Wiejska 45A pok\u00f3j 133\/05 Tel. +85-746-91-60 e-mail:&nbsp;t.grekow[at]pb.edu.pl Rozk\u0142ad zaj\u0119\u0107<a class=\"read-more\" href=\"https:\/\/wi.pb.edu.pl\/p\/teodora-dimitrova-grekow\/\" title=\"Poka\u017c artyku\u0142 dr in\u017c. Teodora Dimitrova-Grekow\">wi\u0119cej<\/a><\/p>\n","protected":false},"author":14,"featured_media":0,"parent":0,"menu_order":0,"comment_status":"closed","ping_status":"closed","template":"","meta":{"inline_featured_image":false,"ngg_post_thumbnail":0,"footnotes":""},"class_list":["post-969","page","type-page","status-publish","hentry"],"acf":[],"yoast_head":"<!-- This site is optimized with the Yoast SEO plugin v26.4 - https:\/\/yoast.com\/wordpress\/plugins\/seo\/ -->\n<title>dr in\u017c. Teodora Dimitrova-Grekow - Strony pracownik\u00f3w Wydzia\u0142u Informatyki Politechniki Bia\u0142ostockiej<\/title>\n<meta name=\"robots\" content=\"index, follow, max-snippet:-1, max-image-preview:large, max-video-preview:-1\" \/>\n<link rel=\"canonical\" href=\"https:\/\/wi.pb.edu.pl\/p\/teodora-dimitrova-grekow\/\" \/>\n<meta property=\"og:locale\" content=\"pl_PL\" \/>\n<meta property=\"og:type\" content=\"article\" \/>\n<meta property=\"og:title\" content=\"dr in\u017c. Teodora Dimitrova-Grekow - Strony pracownik\u00f3w Wydzia\u0142u Informatyki Politechniki Bia\u0142ostockiej\" \/>\n<meta property=\"og:description\" content=\"Dr in\u017c. Teodora DIMITROVA-GREKOW 15-085 Bia\u0142ystok, ul.Wiejska 45A pok\u00f3j 133\/05 Tel. +85-746-91-60 e-mail:&nbsp;t.grekow[at]pb.edu.pl Rozk\u0142ad zaj\u0119\u0107wi\u0119cej\" \/>\n<meta property=\"og:url\" content=\"https:\/\/wi.pb.edu.pl\/p\/teodora-dimitrova-grekow\/\" \/>\n<meta property=\"og:site_name\" content=\"Strony pracownik\u00f3w Wydzia\u0142u Informatyki Politechniki Bia\u0142ostockiej\" \/>\n<meta property=\"article:modified_time\" content=\"2024-09-16T11:18:03+00:00\" \/>\n<meta property=\"og:image\" content=\"https:\/\/wi.pb.edu.pl\/p\/wp-content\/uploads\/sites\/3\/2024\/07\/TDGrekow-150x150.jpg\" \/>\n<meta name=\"twitter:card\" content=\"summary_large_image\" \/>\n<meta name=\"twitter:label1\" content=\"Szacowany czas czytania\" \/>\n\t<meta name=\"twitter:data1\" content=\"1 minuta\" \/>\n<script type=\"application\/ld+json\" class=\"yoast-schema-graph\">{\"@context\":\"https:\/\/schema.org\",\"@graph\":[{\"@type\":\"WebPage\",\"@id\":\"https:\/\/wi.pb.edu.pl\/p\/teodora-dimitrova-grekow\/\",\"url\":\"https:\/\/wi.pb.edu.pl\/p\/teodora-dimitrova-grekow\/\",\"name\":\"dr in\u017c. Teodora Dimitrova-Grekow - Strony pracownik\u00f3w Wydzia\u0142u Informatyki Politechniki Bia\u0142ostockiej\",\"isPartOf\":{\"@id\":\"https:\/\/wi.pb.edu.pl\/p\/#website\"},\"primaryImageOfPage\":{\"@id\":\"https:\/\/wi.pb.edu.pl\/p\/teodora-dimitrova-grekow\/#primaryimage\"},\"image\":{\"@id\":\"https:\/\/wi.pb.edu.pl\/p\/teodora-dimitrova-grekow\/#primaryimage\"},\"thumbnailUrl\":\"https:\/\/wi.pb.edu.pl\/p\/wp-content\/uploads\/sites\/3\/2024\/07\/TDGrekow-150x150.jpg\",\"datePublished\":\"2024-07-22T07:31:18+00:00\",\"dateModified\":\"2024-09-16T11:18:03+00:00\",\"breadcrumb\":{\"@id\":\"https:\/\/wi.pb.edu.pl\/p\/teodora-dimitrova-grekow\/#breadcrumb\"},\"inLanguage\":\"pl-PL\",\"potentialAction\":[{\"@type\":\"ReadAction\",\"target\":[\"https:\/\/wi.pb.edu.pl\/p\/teodora-dimitrova-grekow\/\"]}]},{\"@type\":\"ImageObject\",\"inLanguage\":\"pl-PL\",\"@id\":\"https:\/\/wi.pb.edu.pl\/p\/teodora-dimitrova-grekow\/#primaryimage\",\"url\":\"https:\/\/wi.pb.edu.pl\/p\/wp-content\/uploads\/sites\/3\/2024\/07\/TDGrekow.jpg\",\"contentUrl\":\"https:\/\/wi.pb.edu.pl\/p\/wp-content\/uploads\/sites\/3\/2024\/07\/TDGrekow.jpg\",\"width\":410,\"height\":308},{\"@type\":\"BreadcrumbList\",\"@id\":\"https:\/\/wi.pb.edu.pl\/p\/teodora-dimitrova-grekow\/#breadcrumb\",\"itemListElement\":[{\"@type\":\"ListItem\",\"position\":1,\"name\":\"Strona g\u0142\u00f3wna\",\"item\":\"https:\/\/wi.pb.edu.pl\/p\/\"},{\"@type\":\"ListItem\",\"position\":2,\"name\":\"dr in\u017c. Teodora Dimitrova-Grekow\"}]},{\"@type\":\"WebSite\",\"@id\":\"https:\/\/wi.pb.edu.pl\/p\/#website\",\"url\":\"https:\/\/wi.pb.edu.pl\/p\/\",\"name\":\"Strony pracownik\u00f3w Wydzia\u0142u Informatyki Politechniki Bia\u0142ostockiej\",\"description\":\"\",\"potentialAction\":[{\"@type\":\"SearchAction\",\"target\":{\"@type\":\"EntryPoint\",\"urlTemplate\":\"https:\/\/wi.pb.edu.pl\/p\/?s={search_term_string}\"},\"query-input\":{\"@type\":\"PropertyValueSpecification\",\"valueRequired\":true,\"valueName\":\"search_term_string\"}}],\"inLanguage\":\"pl-PL\"}]}<\/script>\n<!-- \/ Yoast SEO plugin. -->","yoast_head_json":{"title":"dr in\u017c. Teodora Dimitrova-Grekow - Strony pracownik\u00f3w Wydzia\u0142u Informatyki Politechniki Bia\u0142ostockiej","robots":{"index":"index","follow":"follow","max-snippet":"max-snippet:-1","max-image-preview":"max-image-preview:large","max-video-preview":"max-video-preview:-1"},"canonical":"https:\/\/wi.pb.edu.pl\/p\/teodora-dimitrova-grekow\/","og_locale":"pl_PL","og_type":"article","og_title":"dr in\u017c. Teodora Dimitrova-Grekow - Strony pracownik\u00f3w Wydzia\u0142u Informatyki Politechniki Bia\u0142ostockiej","og_description":"Dr in\u017c. Teodora DIMITROVA-GREKOW 15-085 Bia\u0142ystok, ul.Wiejska 45A pok\u00f3j 133\/05 Tel. +85-746-91-60 e-mail:&nbsp;t.grekow[at]pb.edu.pl Rozk\u0142ad zaj\u0119\u0107wi\u0119cej","og_url":"https:\/\/wi.pb.edu.pl\/p\/teodora-dimitrova-grekow\/","og_site_name":"Strony pracownik\u00f3w Wydzia\u0142u Informatyki Politechniki Bia\u0142ostockiej","article_modified_time":"2024-09-16T11:18:03+00:00","og_image":[{"url":"https:\/\/wi.pb.edu.pl\/p\/wp-content\/uploads\/sites\/3\/2024\/07\/TDGrekow-150x150.jpg","type":"","width":"","height":""}],"twitter_card":"summary_large_image","twitter_misc":{"Szacowany czas czytania":"1 minuta"},"schema":{"@context":"https:\/\/schema.org","@graph":[{"@type":"WebPage","@id":"https:\/\/wi.pb.edu.pl\/p\/teodora-dimitrova-grekow\/","url":"https:\/\/wi.pb.edu.pl\/p\/teodora-dimitrova-grekow\/","name":"dr in\u017c. Teodora Dimitrova-Grekow - Strony pracownik\u00f3w Wydzia\u0142u Informatyki Politechniki Bia\u0142ostockiej","isPartOf":{"@id":"https:\/\/wi.pb.edu.pl\/p\/#website"},"primaryImageOfPage":{"@id":"https:\/\/wi.pb.edu.pl\/p\/teodora-dimitrova-grekow\/#primaryimage"},"image":{"@id":"https:\/\/wi.pb.edu.pl\/p\/teodora-dimitrova-grekow\/#primaryimage"},"thumbnailUrl":"https:\/\/wi.pb.edu.pl\/p\/wp-content\/uploads\/sites\/3\/2024\/07\/TDGrekow-150x150.jpg","datePublished":"2024-07-22T07:31:18+00:00","dateModified":"2024-09-16T11:18:03+00:00","breadcrumb":{"@id":"https:\/\/wi.pb.edu.pl\/p\/teodora-dimitrova-grekow\/#breadcrumb"},"inLanguage":"pl-PL","potentialAction":[{"@type":"ReadAction","target":["https:\/\/wi.pb.edu.pl\/p\/teodora-dimitrova-grekow\/"]}]},{"@type":"ImageObject","inLanguage":"pl-PL","@id":"https:\/\/wi.pb.edu.pl\/p\/teodora-dimitrova-grekow\/#primaryimage","url":"https:\/\/wi.pb.edu.pl\/p\/wp-content\/uploads\/sites\/3\/2024\/07\/TDGrekow.jpg","contentUrl":"https:\/\/wi.pb.edu.pl\/p\/wp-content\/uploads\/sites\/3\/2024\/07\/TDGrekow.jpg","width":410,"height":308},{"@type":"BreadcrumbList","@id":"https:\/\/wi.pb.edu.pl\/p\/teodora-dimitrova-grekow\/#breadcrumb","itemListElement":[{"@type":"ListItem","position":1,"name":"Strona g\u0142\u00f3wna","item":"https:\/\/wi.pb.edu.pl\/p\/"},{"@type":"ListItem","position":2,"name":"dr in\u017c. Teodora Dimitrova-Grekow"}]},{"@type":"WebSite","@id":"https:\/\/wi.pb.edu.pl\/p\/#website","url":"https:\/\/wi.pb.edu.pl\/p\/","name":"Strony pracownik\u00f3w Wydzia\u0142u Informatyki Politechniki Bia\u0142ostockiej","description":"","potentialAction":[{"@type":"SearchAction","target":{"@type":"EntryPoint","urlTemplate":"https:\/\/wi.pb.edu.pl\/p\/?s={search_term_string}"},"query-input":{"@type":"PropertyValueSpecification","valueRequired":true,"valueName":"search_term_string"}}],"inLanguage":"pl-PL"}]}},"_links":{"self":[{"href":"https:\/\/wi.pb.edu.pl\/p\/wp-json\/wp\/v2\/pages\/969","targetHints":{"allow":["GET"]}}],"collection":[{"href":"https:\/\/wi.pb.edu.pl\/p\/wp-json\/wp\/v2\/pages"}],"about":[{"href":"https:\/\/wi.pb.edu.pl\/p\/wp-json\/wp\/v2\/types\/page"}],"author":[{"embeddable":true,"href":"https:\/\/wi.pb.edu.pl\/p\/wp-json\/wp\/v2\/users\/14"}],"replies":[{"embeddable":true,"href":"https:\/\/wi.pb.edu.pl\/p\/wp-json\/wp\/v2\/comments?post=969"}],"version-history":[{"count":5,"href":"https:\/\/wi.pb.edu.pl\/p\/wp-json\/wp\/v2\/pages\/969\/revisions"}],"predecessor-version":[{"id":976,"href":"https:\/\/wi.pb.edu.pl\/p\/wp-json\/wp\/v2\/pages\/969\/revisions\/976"}],"wp:attachment":[{"href":"https:\/\/wi.pb.edu.pl\/p\/wp-json\/wp\/v2\/media?parent=969"}],"curies":[{"name":"wp","href":"https:\/\/api.w.org\/{rel}","templated":true}]}}